{"id":944,"date":"2011-05-28T21:55:01","date_gmt":"2011-05-28T21:55:01","guid":{"rendered":"http:\/\/www.pagodethienminh.fr\/?page_id=944"},"modified":"2013-03-13T15:01:45","modified_gmt":"2013-03-13T15:01:45","slug":"2-nghi-th%e1%bb%a9c-t%e1%bb%a5ng-ni%e1%bb%87m","status":"publish","type":"page","link":"https:\/\/www.pagodethienminh.fr\/?page_id=944","title":{"rendered":"Nghi th\u1ee9c t\u1ee5ng ni\u1ec7m &#8211; C\u00e9r\u00e9monie"},"content":{"rendered":"<p style=\"text-align: center;\"><strong>NGHI TH\u1ee8C<\/strong><br \/>\n<strong> C\u00daNG H\u01af\u01a0NG T\u00c1N PH\u1eacT<\/strong><\/p>\n<p style=\"text-align: left; padding-left: 30px;\"><strong><\/strong>Nguy\u1ec7n d\u00eam l\u00f2ng th\u00e0nh k\u00ednh,<br \/>\nG\u1edfi theo \u0111\u00e1m m\u00e2y h\u01b0\u01a1ng,<br \/>\nPh\u01b0\u1edfng ph\u1ea5t kh\u1eafp m\u01b0\u1eddi ph\u01b0\u01a1ng,<br \/>\nC\u00fang d\u01b0\u1eddng ng\u00f4i Tam B\u1ea3\u1ecd<br \/>\nTh\u1ec1 tr\u1ecdn \u0111\u1eddi gi\u1eef \u0111\u1ea1o,<br \/>\nTheo t\u1ef1 t\u00e1nh l\u00e0m l\u00e0nh,<br \/>\nC\u00f9ng ph\u00e1p gi\u1edbi ch\u00fang sinh,<br \/>\nC\u1ea7u Ph\u1eadt t\u1eeb gia h\u1ed9,<br \/>\nT\u00e2m b\u1ed3 \u0111\u1ec1 ki\u00ean c\u1ed1<br \/>\nXa b\u1ec3 kh\u1ed5 ngu\u1ed3n m\u00ea,<br \/>\nCh\u00f3ng quay v\u1ec1 b\u1edd gi\u00e1c.<\/p>\n<p style=\"text-align: center;\"><strong>T\u00c1N PH\u1eacT<\/strong><\/p>\n<p style=\"padding-left: 30px;\">\u00d0\u1ea5ng Ph\u00e1p V\u01b0\u01a1ng v\u00f4 th\u01b0\u1ee3ng,<br \/>\nBa c\u00f5i ch\u1eb3ng ai b\u1eb1ng,<br \/>\nTh\u1ea7y d\u1ea1y kh\u1eafp Tr\u1eddi, Ng\u01b0\u1eddi,<br \/>\nCha l\u00e0nh chung b\u1ed1n lo\u00e0i,<br \/>\nQuy y tr\u00f2n m\u1ed9t ni\u1ec7m,<br \/>\nD\u1ee9t s\u1ea1ch nghi\u1ec7p ba k\u1ef3,<br \/>\nX\u01b0ng d\u01b0\u01a1ng c\u00f9ng t\u00e1n th\u00e1n,<br \/>\n\u1ee8c ki\u1ebfp kh\u00f4ng c\u00f9ng t\u1eadn.<\/p>\n<p style=\"text-align: center;\"><strong>L\u1edcI K\u1ef2 NGUY\u1ec6N<\/strong><\/p>\n<p style=\"text-align: justify;\"><strong><\/strong>H\u00f4m nay ng\u00e0y &#8230; th\u00e1ng &#8230; n\u0103m &#8230; \u0111\u1ec7 t\u1eed k\u00ednh th\u00e0nh nguy\u1ec7n Th\u01b0\u1eddng Tr\u00fa Tam B\u1ea3o trong m\u01b0\u1eddi ph\u01b0\u01a1ng, \u00d0\u1ee9c B\u1ed5n S\u01b0 Th\u00edch Ca M\u00e2u Ni Ph\u1eadt, t\u1eeb bi gia h\u1ed9 ch\u00fang \u0111\u1ec7 t\u1eed, B\u1ed3 \u00d0\u1ec1 t\u00e2m ki\u00ean c\u1ed1, t\u1ef1 gi\u00e1c gi\u00e1c tha, gi\u00e1c h\u1ea1nh vi\u00ean m\u00e3n c\u00f9ng ch\u00fang sanh trong ph\u00e1p gi\u1edbi, m\u1ed9t th\u1eddi \u0111\u1ed3ng ch\u1ee9ng c\u00f4 th\u01b0\u1ee3ng ch\u00e1nh \u0111\u1eb3ng ch\u00e1nh gi\u00e1c.<\/p>\n<p style=\"text-align: center;\"><strong>QU\u00c1N T\u01af\u1edeNG<\/strong><\/p>\n<p style=\"padding-left: 30px;\">Ph\u1eadt, ch\u00fang sinh<br \/>\nT\u00e1nh th\u01b0\u1eddng r\u1ed7ng l\u1eb7ng,<br \/>\n\u00d0\u1ea1o c\u1ea3m th\u00f4m kh\u00f4ng th\u1ec3 ngh\u0129 b\u00e0n.<br \/>\nL\u01b0\u1edbi \u0111\u1ebf ch\u00e2u v\u00ed \u0111\u1ea1o tr\u00e0ng,<br \/>\nM\u01b0\u1eddi ph\u01b0\u01a1ng Ph\u1eadt b\u1ea3o,<br \/>\nH\u00e0o quang s\u00e1ng ng\u1eddi.<br \/>\nTr\u01b0\u1edbc b\u1ea3o t\u1ea1o th\u00e2n con \u1ea3nh hi\u1ec7n,<br \/>\nC\u00fai \u0111\u1ea7u xin th\u1ec7 nguy\u1ec7n quy y.<\/p>\n<p style=\"padding-left: 30px; text-align: center;\"><strong>CH\u00cd T\u00c2M \u00d0\u1ea2NH L\u1ec4:<\/strong><\/p>\n<p style=\"padding-left: 30px; text-align: justify;\"><em><strong>Nam M\u00f4 t\u1eadn h\u01b0 kh\u00f4ng bi\u1ebfn ph\u00e1p gi\u1edbi h\u00f3a hi\u1ec7n ni lai th\u1eadp ph\u01b0\u01a1ng chu Ph\u1eadt, t\u00f4n Ph\u00e1p, Hi\u1ec1n Th\u00e1nh T\u0103ng th\u01b0\u1eddng tr\u1ee5 Tam B\u1ea3o.<\/strong><\/em><br \/>\n<em><strong> Nam M\u00f4 T\u00e0 B\u00e0 Gi\u00e1o Ch\u1ee7 B\u1ed5n S\u01b0 Th\u00edch Ca M\u00e2u Ni Ph\u1eadt, \u00d0\u01b0\u01a1ng Lai H\u1ea1 Sinh Di L\u1eb7c T\u00f4n Ph\u1eadt, \u00d0\u1ea1i Tr\u00ed V\u0103n Th\u00f9 S\u01b0 L\u1ee3i B\u1ed3 T\u00e1t, H\u1ed9 Ph\u00e1p Ch\u01b0 T\u00f4n B\u1ed3 T\u00e1t, Linh S\u01a1n H\u1ed9i Th\u01b0\u1ee3ng Ph\u1eadt B\u1ed3 T\u00e1t.<\/strong><\/em><br \/>\n<em><strong> Nam M\u00f4 T\u00e2y Ph\u01b0\u01a1ng C\u1ef1c L\u1ea1c Th\u1ebf Gi\u1edbi \u00d0\u1ea1i T\u1eeb \u00d0\u1ea1i Bi A Di \u00d0\u00e0 Ph\u1eadt, \u00d0\u1ea1i Bi Qu\u00e1n Th\u1ebf \u00c2m B\u1ed3 T\u00e1t, \u00d0\u1ea1i Th\u1ebf Ch\u00ed B\u1ed3 T\u00e1t, \u00d0\u1ea1i Nguy\u1ec7n \u00d0\u1ecba T\u1ea1ng V\u01b0\u01a1ng B\u1ed3 T\u00e1t, Thanh T\u1ecbnh \u00d0\u1ea1i H\u1ea3i Ch\u00fang B\u1ed3 T\u00e1t<\/strong><\/em>.<\/p>\n<p style=\"text-align: center;\"><strong>S\u00c1M H\u1ed0I PH\u00c1T NGUY\u00caN<\/strong><\/p>\n<p style=\"padding-left: 30px;\">\u00d0\u1ec7 t\u1eed k\u00ednh l\u1ea1y<br \/>\n\u00d0\u1ee9c Ph\u1eadt Th\u00edch Ca<br \/>\nPh\u1eadt A Di \u00d0\u00e0<br \/>\nTh\u1eadp ph\u01b0ong ch\u01b0 Ph\u1eadt<br \/>\nV\u00f4 l\u01b0\u1ee3ng Ph\u1eadt Ph\u00e1p,<br \/>\nC\u00f9ng Th\u00e1nh Hi\u1ec1n T\u0103ng.<br \/>\n\u00d0\u1ec7 t\u1eed l\u00e2u \u0111\u1eddi l\u00e2u ki\u1ebfp<br \/>\nNghi\u1ec7p ch\u01b0\u1edbng n\u1eb7ng n\u1ec1,<br \/>\nTham gi\u1eadn ki\u00eau c\u0103ng<br \/>\nSi m\u00ea l\u1ea7m l\u1ea1c.<br \/>\nNg\u00e0y nay nh\u1edd Ph\u1eadt,<br \/>\nBi\u1ebft s\u1ef1 l\u1ed7i l\u1ea7m,<br \/>\nTh\u00e0nh t\u00e2m s\u00e1m h\u1ed1i,<br \/>\nTh\u1ec1 tr\u00e1nh \u0111i\u1ec1u d\u1eef,<br \/>\nNguy\u1ec7n l\u00e0m vi\u1ec7c l\u00e0nh,<br \/>\nNg\u1eeda tr\u00f4ng \u01a1n Ph\u1eadt,<br \/>\nT\u1eeb be gia h\u1ed9<br \/>\nTh\u00e2n kh\u00f4ng t\u1eadt b\u1ec7nh,<br \/>\nT\u00e2m kh\u00f4ng phi\u1ec1n n\u00e3o,<br \/>\nH\u1eb1ng ng\u00e0y an vui tu t\u1eadp,<br \/>\nPh\u00e9p Ph\u1eadt nhi\u1ec7m m\u1ea7u,<br \/>\n\u00d0\u1ec3 mau ra kh\u1ecfi l\u00e2u h\u1ed3i,<br \/>\nMinh t\u00e2m ki\u1ebfn t\u00e1nh,<br \/>\nTr\u00ed tu\u1ec7 s\u00e1ng su\u1ed1t,<br \/>\nTh\u1ea7n th\u00f4ng t\u1ef1 t\u1ea1i,<br \/>\n\u00d0\u1eb7ng c\u1ee9u \u0111\u1ed9<br \/>\nC\u00e1c b\u1eadc t\u00f4n tr\u01b0\u1edfng,<br \/>\nCha em anh em,<br \/>\nTh\u00e2n b\u1eb1ng quy\u1ebfn thu\u1ed9c,<br \/>\nC\u00f9ng t\u1ea5t c\u1ea3 ch\u00fang sinh,<br \/>\n\u00d0\u1ed3ng tr\u1ecdn th\u00e0nh Ph\u1eadt \u0111\u1ea1o.<\/p>\n<p style=\"text-align: center;\"><strong>NI\u1ec6M DANH HI\u00caU PH\u1eacT<\/strong><\/p>\n<p>Nam M\u00f4 B\u1ed5n S\u01b0 Th\u00edch Ca M\u00e2u Ni Ph\u1eadt (3 l\u1ea7n)<br \/>\nNam M\u00f4 A Di \u00d0\u00e0 Ph\u1eadt (3 l\u1ea7n)<br \/>\nNam M\u00f4 \u00d0\u01b0\u01a1ng Lai H\u1ea1 Sinh Di L\u1eb7c T\u00f4n Ph\u1eadt (3 l\u1ea7n)<br \/>\nNam M\u00f4 \u00d0\u1ea1i Tr\u00ed V\u0103n Th\u00f9 S\u01b0 L\u1ee3i B\u1ed3 T\u00e1t (3 l\u1ea7n)<br \/>\nNam M\u00f4 \u00d0\u1ea1i Bi Qu\u00e1n Th\u1ebf \u00c2m B\u1ed3 T\u00e1t (3 l\u1ea7n)<br \/>\nNam M\u00f4 Linh S\u01a1n H\u1ed9i Th\u01b0\u1ee3ng Ph\u1eadt B\u1ed3 T\u00e1t (3 l\u1ea7n)<\/p>\n<p style=\"text-align: center;\"><strong>B\u1ed0N L\u1edcI NGUY\u1ec6N<\/strong><\/p>\n<p style=\"padding-left: 30px;\"><strong><\/strong>Ch\u00fang sinh kh\u00f4ng s\u1ed1 l\u01b0\u1ee3ng,<br \/>\nTh\u1ec1 nguy\u1ec7n \u0111\u1ec1u \u0111\u1ed9 kh\u1eafp.<br \/>\nPhi\u1ec1n n\u00e3o kh\u00f4ng c\u00f9ng t\u1eadn,<br \/>\nTh\u1ec1 nguy\u1ec7n \u0111\u1ec1u d\u1ee9t s\u1ea1ch.<br \/>\nPh\u00e1t m\u00f4n kh\u00f4ng k\u1ec3 xi\u1ebft,<br \/>\nTh\u1ec1 nguy\u1ec7n \u0111\u1ec1u tu h\u1ecdc.<br \/>\nPh\u1eadt \u0111\u1ea1o kh\u00f4ng g\u00ec h\u01a1n,<br \/>\nTh\u1ec1 nguy\u1ec7n \u0111\u01b0\u1ee3c vi\u00ean th\u00e0nh.<\/p>\n<p style=\"text-align: center;\"><strong>V\u00c3NG SINH QUY\u1ebeT \u00d0\u1ecaNH CH\u01a0N NG\u00d4N<\/strong><\/p>\n<p>Nam m\u00f4 a di \u0111\u00e0 b\u00e0 d\u1ea1. \u00d0\u00e1 tha d\u00e0 \u0111a d\u1ea1. \u00d0\u00e1 \u0111\u1ecba d\u1ea1 tha. A di r\u1ecb \u0111\u00f4 b\u00e0 t\u1ef3. A di r\u1ecb \u0111\u00e1 t\u1ea5t \u0111\u00e0m b\u00e0 t\u1ef3. A di r\u1ecb \u0111\u00e1 t\u00ec ca lan \u0111\u1ebf. A di r\u1ecb \u0111\u00e1 t\u00ec ca lan \u0111\u00e1. D\u00e0 di n\u1ecb d\u00e0 d\u00e0 na. Ch\u1ec9 \u0111a ca l\u1ec7 ta b\u00e0 ha.<\/p>\n<p style=\"text-align: center;\"><strong>QUY Y V\u00c0 \u00d0\u1ea2NH L\u1ec4<\/strong><\/p>\n<p>T\u1ef1 quy-y Ph\u1eadt, xin nguy\u1ec7n ch\u00fang sinh, th\u1ec3 theo \u0111\u1ea1o c\u1ea3, ph\u00e1t l\u00f2ng v\u00f4 th\u01b0\u1ee3ng.<br \/>\nT\u1ef1 quy-y Ph\u00e1p, xin nguy\u1ec7n ch\u00fang sinh, th\u1ea5u r\u00f5 kinh t\u1ea1ng, tr\u00ed tu\u1ec7 nh\u01b0 bi\u1ec3n.<br \/>\nT\u1ef1 quy-y T\u0103ng, xin nguy\u1ec7n ch\u00fang sinh, th\u1ed1ng l\u00fd \u0111\u1ea1i ch\u00fang, h\u1ebft th\u1ea3y kh\u00f4ng ng\u1ea1i.<\/p>\n<p style=\"text-align: center;\"><strong>H\u1ed2I H\u01af\u1edaNG<\/strong><\/p>\n<p style=\"text-align: left; padding-left: 30px;\"><strong><\/strong>Nguy\u1ec7n \u0111em c\u00f4ng \u0111\u1ee9c n\u00e0y<br \/>\nH\u01b0\u1edbng v\u1ec1 kh\u1eafp t\u1ea5t c\u1ea3,<br \/>\n\u00d0\u1ec3 t\u1eed v\u00e0 ch\u00fang sanh,<br \/>\n\u00d0\u1ec1u tr\u1ecdn th\u00e0nh Ph\u1eadt \u00d0\u1ea1o.<\/p>\n<p style=\"text-align: center;\"><strong>TR\u1ea6M H\u01af\u01a0NG \u00d0\u1ed0T<\/strong><\/p>\n<p style=\"padding-left: 30px;\"><strong><\/strong>Tr\u1ea7m h\u01b0\u01a1ng \u0111\u1ed1t<br \/>\nX\u00f4ng ng\u00e1t m\u01b0\u1eddi ph\u01b0\u01a1ng.<br \/>\nNguy\u1ec7n nguy\u1ec7n k\u00ednh<br \/>\n\u00d0\u1ee9c nghi\u00eam t\u1eeb v\u00f4 l\u01b0\u1ee3ng,<br \/>\nC\u1ea7u c\u1ea7u xin ch\u1ee9ng t\u00e2m th\u00e0nh ch\u00fang con,<br \/>\nV\u1eadn v\u1eadn kh\u00f3i k\u1ebft m\u00e2y l\u00e0nh c\u00fang d\u01b0\u1eddng,<br \/>\n\u00d0\u1ea1o nhi\u1ec7m m\u1ea7u,<br \/>\n\u00d0\u00e3 loan truy\u1ec1n n\u01a1i c\u00f9ng n\u01a1i.<br \/>\nNh\u1edd ch\u00e2n l\u00fd<br \/>\nCh\u00fang sinh \u0111\u1ec1u tho\u00e1t lu\u00e2n h\u1ed3i.<br \/>\n\u00d0\u1ed3ng quy k\u00ednh qu\u1ef3 d\u01b0\u1edbi \u0111\u00e0i sen,<br \/>\nD\u00e2ng hoa th\u01a1m tinh khi\u1ebft<br \/>\nMau th\u1eafm t\u01b0\u01a1i c\u00e0nh.<br \/>\n\u00d0\u00e0i quanh minh<br \/>\nXem huy ho\u00e0ng trang nghi\u00eam.<br \/>\n\u01a0n m\u01b0\u1eddi ph\u01b0\u01a1ng \u00d0i\u1ec1u Ng\u1ef1<br \/>\nH\u00e0o quang an l\u00e0nh.<br \/>\nNh\u00ecn \u0111\u1ea1o uy\u1ec3n chuy\u1ec3n<br \/>\nSoi kh\u1eafp c\u00f9ng qu\u1ea7n sinh,<br \/>\nPh\u1eadt \u0111\u1ea1o \u0111\u1ed3ng c\u00f9ng nhau<br \/>\nTu tinh t\u1ea5n mau vi\u00ean th\u00e0nh.<br \/>\nNam M\u00f4 B\u1ed5n S\u01b0 Th\u00edch M\u00e2u Ni Ph\u1eadt.<br \/>\nNam M\u00f4 B\u1ed5n S\u01b0 Th\u00edch M\u00e2u Ni Ph\u1eadt.<\/p>\n<p style=\"text-align: center;\"><strong>BA \u00d0I\u1ec0U LU\u1eacT C\u1ee6A NG\u00c0NH OANH V\u0168<\/strong><\/p>\n<p style=\"padding-left: 30px;\">1. Em t\u01b0\u1edfng nh\u1edb Ph\u1eadt.<br \/>\n2. Em k\u00ednh m\u1ebfn cha m\u1eb9 v\u00e0 thu\u1eadn th\u1ea3o v\u1edbi anh ch\u1ecb em.<br \/>\n3. Em th\u01b0\u01a1ng ng\u01b0\u1eddi v\u00e0 v\u1eadt.<\/p>\n<p style=\"text-align: center;\"><strong>N\u0102M \u00d0I\u1ec0U LU\u1eacT C\u1ee6A NG\u00c0NH THANH THI\u1ebeU<\/strong><\/p>\n<p style=\"padding-left: 30px;\">1. Ph\u1eadt t\u1eed quy-y Ph\u1eadt Ph\u00e1t T\u0103ng v\u00e0 gi\u1eef gi\u1edbi \u0111\u00e3 ph\u00e1t nguy\u1ec7n.<br \/>\n2. Ph\u1eadt t\u1eed m\u1edf r\u1ed9ng l\u00f2ng th\u01b0\u01a1ng, t\u00f4n tr\u1ecdng s\u1ef1 s\u1ed1ng.<br \/>\n3. Ph\u1eadt t\u1eed trau d\u1ed3i tr\u00ed tu\u1ec7, t\u00f4n tr\u1ecdng s\u1ef1 th\u1eadt.<br \/>\n4. Ph\u1eadt t\u1eed trong s\u1ea1ch t\u1eeb th\u1ec3 ch\u1ea5t \u0111\u1ebfn tinh th\u1ea7n, t\u1eeb l\u1eddi n\u00f3i \u0111\u1ebfn vi\u1ec7c l\u00e0m.<br \/>\n5. Ph\u1eadt t\u1eed s\u1ed1ng h\u1ef7 x\u1ea3 \u0111\u1ec3 d\u0169ng ti\u1ebfn tr\u00ean \u0111\u01b0\u1eddng \u0111\u1ea1o.<\/p>\n<p style=\"text-align: center;\"><strong><em>SEN TR\u1eaeNG<\/em><\/strong><br \/>\n<strong><em> (B\u00e0i ca ch\u00ednh th\u1ee9c c\u1ee7a T\u1ed5 ch\u1ee9c Gia \u0110\u00ecnh Ph\u1eadt T\u1eed Vi\u1ec7t Nam)<\/em><\/strong><\/p>\n<p style=\"padding-left: 30px;\">K\u00eca xem \u0111o\u00e1 sen tr\u1eafng th\u01a1m<br \/>\nNgh\u00ecn h\u00e0o quang chi\u1ebfu s\u00e1ng tr\u00ean b\u00f9n<br \/>\nH\u00ecnh dung B\u1ed5n s\u01b0 ch\u00fang ta<br \/>\nL\u00f2ng t\u1eeb bi tr\u00ed gi\u00e1c v\u00f4 c\u00f9ng<br \/>\n\u0110\u1ed3ng th\u1ec1 nguy\u1ec7n m\u1ed9t d\u1ea1 theo Ph\u1eadt<br \/>\nNguy\u1ec7n s\u1eeda m\u00ecnh ng\u00e0y th\u00eam tinh khi\u1ebft<br \/>\n\u0110\u1ebfn bao gi\u1edd \u0111\u01b0\u1ee3c t\u00e0y sen ng\u00e1t<br \/>\nTo\u1ea3 h\u01b0\u01a1ng th\u01a1m t\u1eeb bi t\u1eadn c\u00f9ng.<\/p>\n","protected":false},"excerpt":{"rendered":"<p>NGHI TH\u1ee8C C\u00daNG H\u01af\u01a0NG T\u00c1N PH\u1eacT Nguy\u1ec7n d\u00eam l\u00f2ng th\u00e0nh k\u00ednh, G\u1edfi theo \u0111\u00e1m m\u00e2y h\u01b0\u01a1ng, Ph\u01b0\u1edfng ph\u1ea5t kh\u1eafp m\u01b0\u1eddi ph\u01b0\u01a1ng, C\u00fang d\u01b0\u1eddng ng\u00f4i Tam \u2026 <a class=\"continue-reading-link\" href=\"https:\/\/www.pagodethienminh.fr\/?page_id=944\">Continue \u00e0 lire <span class=\"meta-nav\">&rarr; <\/span><\/a><\/p>\n","protected":false},"author":1,"featured_media":0,"parent":2804,"menu_order":3,"comment_status":"closed","ping_status":"closed","template":"template-onecolumn.php","meta":{"_mc_calendar":[],"footnotes":""},"class_list":["post-944","page","type-page","status-publish","hentry"],"_links":{"self":[{"href":"https:\/\/www.pagodethienminh.fr\/index.php?rest_route=\/wp\/v2\/pages\/944","targetHints":{"allow":["GET"]}}],"collection":[{"href":"https:\/\/www.pagodethienminh.fr\/index.php?rest_route=\/wp\/v2\/pages"}],"about":[{"href":"https:\/\/www.pagodethienminh.fr\/index.php?rest_route=\/wp\/v2\/types\/page"}],"author":[{"embeddable":true,"href":"https:\/\/www.pagodethienminh.fr\/index.php?rest_route=\/wp\/v2\/users\/1"}],"replies":[{"embeddable":true,"href":"https:\/\/www.pagodethienminh.fr\/index.php?rest_route=%2Fwp%2Fv2%2Fcomments&post=944"}],"version-history":[{"count":6,"href":"https:\/\/www.pagodethienminh.fr\/index.php?rest_route=\/wp\/v2\/pages\/944\/revisions"}],"predecessor-version":[{"id":3246,"href":"https:\/\/www.pagodethienminh.fr\/index.php?rest_route=\/wp\/v2\/pages\/944\/revisions\/3246"}],"up":[{"embeddable":true,"href":"https:\/\/www.pagodethienminh.fr\/index.php?rest_route=\/wp\/v2\/pages\/2804"}],"wp:attachment":[{"href":"https:\/\/www.pagodethienminh.fr\/index.php?rest_route=%2Fwp%2Fv2%2Fmedia&parent=944"}],"curies":[{"name":"wp","href":"https:\/\/api.w.org\/{rel}","templated":true}]}}