{"id":759,"date":"2011-05-14T11:04:27","date_gmt":"2011-05-14T11:04:27","guid":{"rendered":"http:\/\/www.pagodethienminh.fr\/?page_id=759"},"modified":"2013-03-13T14:57:23","modified_gmt":"2013-03-13T14:57:23","slug":"6-jour-de-la-fete-de-vesak","status":"publish","type":"page","link":"https:\/\/www.pagodethienminh.fr\/?page_id=759","title":{"rendered":"6.Jour de la F\u00eate de V\u00e9sak"},"content":{"rendered":"<p style=\"text-align: justify;\">Jour de la  F\u00eate de V\u00e9sak, jour de l&#8217;Anniversaire du Bouddha de la compassion, les bouddhistes l&#8217;honorent comme une tradition nationale depuis plus de 2500 ans.<\/p>\n<p style=\"text-align: justify;\">Bouddha f\u00fbt un \u00eatre unique, une personne dot\u00e9e de connaissances spirituelles profondes, de paroles persuasives et convaincantes. Toutes ses actions et ses pri\u00e8res \u00e9taient pratiqu\u00e9es avec ferveur et rigueur. Il \u00e9tait une personne d\u00e9termin\u00e9e dans la r\u00e9alisation des objectifs, constamment remplis de tol\u00e9rance et de compassion. Ses multiples talents faisaient de lui un \u00eatre de confiance \u00e0 l\u2019\u00e9gard des animaux et des hommes. Se d\u00e9gageait de lui une s\u00e9r\u00e9nit\u00e9 \u00ab\u00a0absolue\u00a0\u00bb, un comportement rempli de b\u00e9n\u00e9fices spirituelles. L&#8217;exemple de sa personne sur la pratique des actions charitables et compatissantes envers autrui, ouvrait une autre voie de pens\u00e9e et de r\u00e9flexion, celle de propager le bonheur \u00e0 soi et aux autres.<\/p>\n<p style=\"text-align: justify;\">A partir de ces deux qualit\u00e9s de pratique, on le respectait et le consid\u00e9rait comme un des personnages d\u2019un niveau spirituel hors norme. Au cours de son chemin de vie d\u2019enseignant, il pr\u00eacha et expliqua le pouvoir des vertus \u00ab\u00a0transcendantes\u00a0\u00bb de l\u2019\u00eatre. A aucun moment de sa vie d\u2019Etre \u00e9veill\u00e9, les principes sur les cons\u00e9quences des vertus \u00e9taient remis en cause. Tout \u00eatre qui a suivi son enseignement et pratiqu\u00e9 ses paroles, a pu reconna\u00eetre en Bouddha une personne dot\u00e9e d\u2019une perfection spirituelle et d\u2019une Grande Sagesse int\u00e9rieure.<\/p>\n<p style=\"text-align: justify;\">Bouddha f\u00fbt un \u00eatre unique et exemplaire, celui qui a permis, celui qui permet et permettra aux \u00eatres d\u2019avancer de l\u2019obscurit\u00e9 vers la lumi\u00e8re, de l\u2019ignorance vers la compr\u00e9hension. Plusieurs voies de pratique furent \u00e9nonc\u00e9es\u00a0:<\/p>\n<address style=\"text-align: justify; padding-left: 30px;\"><strong><em>Celle de la R\u00e9flexion Int\u00e9rieure, <\/em><\/strong><\/address>\n<address style=\"text-align: justify; padding-left: 30px;\"><strong><em>Celle de la Prise de Conscience,<\/em><\/strong><\/address>\n<address style=\"text-align: justify; padding-left: 30px;\"><strong><em>Celle du Pardon et de la Compassion<\/em><\/strong><\/address>\n<address style=\"text-align: justify; padding-left: 30px;\"><strong><em>Celle de l\u2019Amour Universel envers les \u00eatres vivants<\/em><\/strong><\/address>\n<p style=\"text-align: justify;\">Dans l\u2019histoire de l\u2019Homme, Bouddha est l\u2019unique enseignant qui a r\u00e9pandu des connaissances adapt\u00e9es \u00e0 tout milieu social, \u00e0 tout \u00e2ge et \u00e0 tout \u00eatre aussi diff\u00e9rent soit-il. Durant 45 ans, il a parcouru tout lieu pour apporter sa lumi\u00e8re et ses vertus pour le b\u00e9n\u00e9fice de tous les \u00eatres. Son objectif est de guider tous les \u00eatres vers la sortie du cycle des Existences et de se lib\u00e9rer des souffrances terrestres.<\/p>\n<p style=\"text-align: justify;\">Jusqu\u2019au dernier souffle de sa vie, avant de rejoindre le Nirvana et\u00a0en laissant derri\u00e8re lui un vaste oc\u00e9an de souffrances, Bouddha donna \u00e0 ses disciplines les plus proches, un enseignement \u00ab\u00a0complet\u00a0\u00bb et en m\u00eame temps un rappel sur tous les points importants. Sur ses derni\u00e8res paroles et recommandations, ses disciples \u00e9crivirent les dits du Bouddha et partirent dans les 4 directions pour enseigner le Bouddhisme dans un esprit de pers\u00e9v\u00e9rance et de sagesse.<\/p>\n<p style=\"text-align: justify;\">Le cycle des Renaissances est la source m\u00eame des souffrances des \u00eatres. Bouddha a montr\u00e9 et enseign\u00e9 les Quatre Nobles V\u00e9rit\u00e9s, la voie menant \u00e0 la destruction des souffrances :<\/p>\n<ol style=\"text-align: justify;\">\n<li><strong><em>En prenant conscience de l\u2019existence de la souffrance<\/em><\/strong><\/li>\n<li><strong><em>En connaissant sa ou ses causes<\/em><\/strong><\/li>\n<li><strong><em>En acceptant sa destruction <\/em><\/strong><\/li>\n<li><strong><em>En connaissant le chemin menant \u00e0 sa destruction<\/em><\/strong><\/li>\n<\/ol>\n<p style=\"text-align: justify;\">Ensuite, Bouddha a enseign\u00e9 le principe du d\u00e9tachement mat\u00e9riel, le chemin de destruction de la souffrance sur l\u2019attachement.<\/p>\n<p style=\"text-align: justify;\">Pour garder un pays dans un \u00e9tat stable et paisible, chaque individu doit fournir un effort sur le d\u00e9tachement mat\u00e9riel et sur la pers\u00e9v\u00e9rance spirituelle. Dans la soci\u00e9t\u00e9 actuelle, si on n\u00e9glige le spirituel pour s\u2019attacher au mat\u00e9riel, on se retrouvera encore dans la roue des existences.<\/p>\n<p style=\"text-align: justify;\">Parmi les grands personnages de notre temps, <strong><em>Pandit Nehru<\/em><\/strong> qualifie souvent Bouddha comme une personne tr\u00e8s importante de l\u2019Inde. De m\u00eame que le philosophe <strong><em>S. Radha Khrisman<\/em><\/strong>, un grand dirigeant des religions en Inde, exprime son grand respect envers Bouddha par ces paroles\u00a0:\u00a0 \u00ab\u00a0L\u00e0 o\u00f9 vous avez v\u00e9cu, j\u2019ai remarqu\u00e9 que vous incarniez l\u2019exemple d\u2019un <strong><em>Etre parfait<\/em><\/strong> de l\u2019Inde. Par votre venue en ce monde, tous les \u00eatres de l\u2019Histoire s\u2019impr\u00e8gnent et sont baign\u00e9s dans votre Grande Sagesse. Parmi les grands th\u00e8mes philosophiques de l\u2019histoire, votre philosophie passe par un raisonnement pur, v\u00e9ritable, logique et sans contradiction. Vous \u00eates incontestablement la r\u00e9f\u00e9rence sur la compr\u00e9hension de l\u2019existence de l\u2019Homme.\u00a0\u00bb<\/p>\n<p style=\"text-align: justify;\">Pour r\u00e9pandre son enseignement, Bouddha avait instaur\u00e9 des r\u00e8gles et une discipline int\u00e9rieure lors de la cr\u00e9ation de la communaut\u00e9 des moines\u00a0: <strong><em>La Sangha<\/em><\/strong>. La prise de conscience que tout \u00eatre est diff\u00e9rent par son comportement, par son niveau de r\u00e9flexion, de compr\u00e9hension et par son mode de vie social, Bouddha dans sa compassion et son amour d\u2019autrui acceptait sans distinction dans <strong><em>la Sangha<\/em><\/strong> toute personne qui voulait s\u2019y int\u00e9grer. De jour en jour comme le nombre de disciples de Bouddha augmentait rapidement, pour que chacun puisse s\u2019adapter \u00e0 son enseignement, il regroupait les personnes de la Sangha en fonction de leur niveau spirituel de Sagesse. De plus la cr\u00e9ation d\u2019une communaut\u00e9 f\u00e9minine de moines avait permis \u00e0 tous d\u2019atteindre la voie de l\u2019Eveil. D\u2019apr\u00e8s le philosophe <strong><em>Zetland<\/em><\/strong>, cette d\u00e9marche sur la voie du milieu a servi au cours du temps de <strong><em>mod\u00e8le de mode de vie<\/em><\/strong> pour les autres pays. Ainsi pour la 1<sup>\u00e8re<\/sup> fois dans l\u2019histoire, Bouddha a fond\u00e9 une communaut\u00e9 de <strong><em>la Sangha<\/em><\/strong><strong><em> <\/em><\/strong>compos\u00e9e de femmes. Bouddha \u00e9tait aussi la 1<sup>\u00e8re<\/sup> personne qui a aboli le syst\u00e8me de l\u2019esclavage en donnant un enseignement sur la compassion et la pr\u00e9cieuse existence de l\u2019Homme.<\/p>\n<p style=\"text-align: justify;\">Durant plus de 2500 ans sur le chemin du Bouddhisme, aucune goutte de sang n\u2019a \u00e9t\u00e9 vers\u00e9e au cours de la propagation des enseignements. Et aucune autre connaissance aussi vertueuse soit-elle ne pouvait ni changer ni contraindre la logique de la philosophie de Bouddha. Il est reconnu comme la 1<sup>\u00e8re<\/sup> personne qui a enseign\u00e9 et transmis son exp\u00e9rience et sa compr\u00e9hension sur l\u2019existence humaine par la sagesse de l\u2019esprit et la tol\u00e9rance spirituelle.<\/p>\n<p style=\"text-align: justify;\">Par sa rigueur de raisonnement et son efficacit\u00e9 dans sa r\u00e9flexion, Bouddha expliqua clairement et logiquement les bases du bouddhisme afin que chacun puisse s\u2019adapter et comprendre sa d\u00e9marche de r\u00e9alisation.<\/p>\n<p style=\"text-align: justify;\">Le bouddhisme a cotis\u00e9 et contribu\u00e9 \u00e9norm\u00e9ment \u00e0 l\u2019\u00e9volution comportementale et spirituelle dans beaucoup de pays. Tout \u00e9tat d\u00e9pourvu de Sagesse et ayant subi la loi de l\u2019impermanence, arrivera \u00e0 un moment donn\u00e9 \u00e0 son extinction compl\u00e8te. Tandis qu\u2019un \u00e9tat baign\u00e9 dans la Sagesse de Bouddha, \u00e9voluera vers un oc\u00e9an d\u2019amour et de compassion.<\/p>\n","protected":false},"excerpt":{"rendered":"<p>Jour de la F\u00eate de V\u00e9sak, jour de l&#8217;Anniversaire du Bouddha de la compassion, les bouddhistes l&#8217;honorent comme une tradition nationale depuis plus de 2500 \u2026 <a class=\"continue-reading-link\" href=\"https:\/\/www.pagodethienminh.fr\/?page_id=759\">Continue \u00e0 lire <span class=\"meta-nav\">&rarr; <\/span><\/a><\/p>\n","protected":false},"author":1,"featured_media":0,"parent":69,"menu_order":0,"comment_status":"closed","ping_status":"closed","template":"template-onecolumn.php","meta":{"_mc_calendar":[],"footnotes":""},"class_list":["post-759","page","type-page","status-publish","hentry"],"_links":{"self":[{"href":"https:\/\/www.pagodethienminh.fr\/index.php?rest_route=\/wp\/v2\/pages\/759","targetHints":{"allow":["GET"]}}],"collection":[{"href":"https:\/\/www.pagodethienminh.fr\/index.php?rest_route=\/wp\/v2\/pages"}],"about":[{"href":"https:\/\/www.pagodethienminh.fr\/index.php?rest_route=\/wp\/v2\/types\/page"}],"author":[{"embeddable":true,"href":"https:\/\/www.pagodethienminh.fr\/index.php?rest_route=\/wp\/v2\/users\/1"}],"replies":[{"embeddable":true,"href":"https:\/\/www.pagodethienminh.fr\/index.php?rest_route=%2Fwp%2Fv2%2Fcomments&post=759"}],"version-history":[{"count":4,"href":"https:\/\/www.pagodethienminh.fr\/index.php?rest_route=\/wp\/v2\/pages\/759\/revisions"}],"predecessor-version":[{"id":3225,"href":"https:\/\/www.pagodethienminh.fr\/index.php?rest_route=\/wp\/v2\/pages\/759\/revisions\/3225"}],"up":[{"embeddable":true,"href":"https:\/\/www.pagodethienminh.fr\/index.php?rest_route=\/wp\/v2\/pages\/69"}],"wp:attachment":[{"href":"https:\/\/www.pagodethienminh.fr\/index.php?rest_route=%2Fwp%2Fv2%2Fmedia&parent=759"}],"curies":[{"name":"wp","href":"https:\/\/api.w.org\/{rel}","templated":true}]}}