{"id":688,"date":"2011-05-09T12:17:17","date_gmt":"2011-05-09T12:17:17","guid":{"rendered":"http:\/\/www.pagodethienminh.fr\/?page_id=688"},"modified":"2013-03-14T15:03:47","modified_gmt":"2013-03-14T15:03:47","slug":"3ao-h%e1%ba%a1nh-nguy%e1%bb%87n-ph%e1%ba%adt-a-di-da","status":"publish","type":"page","link":"https:\/\/www.pagodethienminh.fr\/?page_id=688","title":{"rendered":"H\u1ea1nh Nguy\u1ec7n Ph\u1eadt A Di \u0110\u00e0"},"content":{"rendered":"<div style=\"text-align: center;\"><span style=\"font-family: Tahoma;\"><span style=\"color: #0000ff; font-family: 'Times New Roman'; font-size: x-large;\"><strong><span style=\"color: #0000ff; font-size: x-large;\">H\u1ea1nh Nguy\u1ec7n c\u1ee7a Ph\u1eadt A Di \u0110\u00e0<\/span><\/strong><\/span><\/span><\/div>\n<div style=\"text-align: center;\"><span style=\"font-family: Tahoma;\"><span style=\"color: #ff6600; font-family: 'Times New Roman';\"><strong>Th\u00edch Nguy\u00ean Li\u00ean<\/strong><\/span><\/span><\/div>\n<p style=\"text-align: center;\"><span style=\"font-family: 'Times New Roman';\"><a href=\"https:\/\/www.pagodethienminh.fr\/wp-content\/uploads\/2011\/11\/phatadida.jpg\"><img loading=\"lazy\" decoding=\"async\" class=\" wp-image-1441 aligncenter\" alt=\"phat  a di da\" src=\"https:\/\/www.pagodethienminh.fr\/wp-content\/uploads\/2011\/11\/phatadida.jpg\" width=\"480\" height=\"360\" srcset=\"https:\/\/www.pagodethienminh.fr\/wp-content\/uploads\/2011\/11\/phatadida.jpg 800w, https:\/\/www.pagodethienminh.fr\/wp-content\/uploads\/2011\/11\/phatadida-150x112.jpg 150w, https:\/\/www.pagodethienminh.fr\/wp-content\/uploads\/2011\/11\/phatadida-300x225.jpg 300w\" sizes=\"auto, (max-width: 480px) 100vw, 480px\" \/><\/a><\/span><\/p>\n<p style=\"text-align: justify;\">Theo l\u1eddi d\u1ea1y c\u1ee7a Ph\u1eadt\u00a0 Th\u00edch Ca, \u0110\u1ee9c Ph\u1eadt A Di\u00a0 \u0110\u00e0 \u0111\u00e3 th\u00e0nh Ph\u1eadt c\u00e1ch \u0111\u00e2y m\u01b0\u1eddi \u1ee9c ki\u1ebfp; hi\u1ec7n l\u00e0 gi\u00e1o ch\u1ee7 c\u00f5i C\u1ef1c l\u1ea1c ph\u00eda T\u00e2y th\u1ebf gi\u1edbi Ta b\u00e0. Ng\u00e0i c\u00f3 h\u1ea1nh nguy\u1ec7n r\u1ed9ng l\u1edbn l\u00e0 ti\u1ebfp \u0111\u1ed9 t\u1ea5t c\u1ea3 ch\u00fang sanh trong m\u01b0\u1eddi ph\u01b0\u01a1ng ph\u00e1p gi\u1edbi, n\u1ebfu ng\u01b0\u1eddi n\u00e0o c\u00f3 l\u00f2ng \u01b0a th\u00edch mu\u1ed1n \u0111\u01b0\u1ee3c sanh v\u1ec1 th\u1ebf gi\u1edbi c\u1ee7a Ng\u00e0i.<\/p>\n<p style=\"text-align: justify;\">A Di \u0110\u00e0, ti\u1ebfng Ph\u1ea1n l\u00e0 Amitaba, theo kinh Ph\u1eadt Thuy\u1ebft A Di \u0110\u00e0 (La Th\u1eadp d\u1ecbch) th\u00ec: \u201c\u0110\u1ee9c Ph\u1eadt kia c\u00f3 \u00e1nh s\u00e1ng v\u00f4 l\u01b0\u1ee3ng, n\u00ean g\u1ecdi l\u00e0 Ph\u1eadt A Di \u0110\u00e0\u201d. C\u00f2n theo kinh A Di \u0110\u00e0 v\u00e0 kinh X\u01b0ng T\u00e1n T\u1ecbnh \u0110\u1ed9 Ph\u1eadt Nhi\u1ebfp Tho th\u00ec danh x\u01b0ng A Di \u0110\u00e0 c\u00f3 ba ngh\u0129a l\u00e0 V\u00f4 l\u01b0\u1ee3ng quang, V\u00f4 l\u01b0\u1ee3ng th\u1ecd v\u00e0 V\u00f4 l\u01b0\u1ee3ng c\u00f4ng \u0111\u1ee9c.<\/p>\n<p style=\"text-align: justify;\">V\u00f4 l\u01b0\u1ee3ng quang ngh\u0129a l\u00e0 \u0110\u1ee9c Ph\u1eadt A Di \u0110\u00e0 c\u00f3 \u00e1nh s\u00e1ng v\u00f4 l\u01b0\u1ee3ng, chi\u1ebfu soi kh\u1eafp m\u01b0\u1eddi ph\u01b0\u01a1ng ph\u00e1p gi\u1edbi. \u00c1nh s\u00e1ng v\u00f4 l\u01b0\u1ee3ng bi\u1ec3u th\u1ecb Ph\u1eadt A Di \u0110\u00e0 c\u00f3 tr\u00ed tu\u1ec7 v\u00f4 l\u01b0\u1ee3ng. V\u00f4 l\u01b0\u1ee3ng th\u1ecd l\u00e0 \u0110\u1ee9c Ph\u1eadt A Di \u0110\u00e0 c\u00f3 th\u1ecd m\u1ea1ng l\u00e2u d\u00e0i kh\u00f4ng th\u1ec3 t\u00ednh k\u1ec3. Th\u1ecd m\u1ea1ng l\u00e2u d\u00e0i bi\u1ec3u th\u1ecb c\u00f4ng n\u0103ng thi\u1ec1n \u0111\u1ecbnh c\u1ee7a Ph\u1eadt A Di \u0110\u00e0 l\u00e0 v\u00f4 t\u1eadn. V\u00f4 l\u01b0\u1ee3ng c\u00f4ng \u0111\u1ee9c l\u00e0 Ph\u1eadt A Di \u0110\u00e0 c\u00f3 c\u00f4ng \u0111\u1ee9c v\u00f4 c\u00f9ng v\u00f4 t\u1eadn. C\u00f4ng \u0111\u1ee9c v\u00f4 l\u01b0\u1ee3ng bi\u1ec3u th\u1ecb Ph\u1eadt A Di \u0110\u00e0 c\u00f3 gi\u1edbi \u0111\u1ee9c v\u00f4 bi\u00ean. T\u00f3m th\u00e2u, danh x\u01b0ng A Di \u0110\u00e0 c\u00f3 \u00fd ngh\u0129a v\u00f4 l\u01b0\u1ee3ng gi\u1edbi, \u0111\u1ecbnh v\u00e0 tu\u1ec7. M\u00e0 gi\u1edbi, \u0111\u1ecbnh, tu\u1ec7 l\u00e0 ph\u00e1p m\u00f4n tu h\u00e0nh c\u0103n b\u1ea3n c\u1ee7a \u0111\u1ea1o Ph\u1eadt. Ba \u0111\u1eddi ch\u01b0 Ph\u1eadt trong qua kh\u1ee9 do \u0111\u00e2y m\u00e0 th\u00e0nh t\u1ef1u; ch\u01b0 v\u1ecb B\u1ed3 t\u00e1t c\u0169ng n\u01b0\u01a1ng v\u00e0o ph\u00e1p m\u00f4n n\u00e0y \u0111\u1ec3 \u0111\u1eafc qu\u1ea3 V\u00f4 th\u01b0\u1ee3ng B\u1ed3 \u0111\u1ec1 v\u00e0 t\u1ea5t c\u1ea3 ch\u00fang sanh n\u1ebfu ai mu\u1ed1n si\u00eau ph\u00e0m nh\u1eadp th\u00e1nh th\u00ec kh\u00f4ng th\u1ec3 r\u1eddi b\u1ecf ph\u00e1p m\u00f4n n\u00e0y.<\/p>\n<p style=\"text-align: justify;\">V\u1ec1 nh\u00e2n \u0111\u1ecba tu h\u00e0nh c\u1ee7a \u0110\u1ee9c Ph\u1eadt A Di \u0110\u00e0, theo kinh Di\u1ec7u Ph\u00e1p Li\u00ean Hoa, ti\u1ec1n ki\u1ebfp qu\u00e1 kh\u1ee9 \u0110\u1ee9c Ph\u1eadt A Di \u0110\u00e0 l\u00e0 con th\u1ee9 ch\u00edn trong m\u01b0\u1eddi s\u00e1u ng\u01b0\u1eddi con c\u1ee7a \u0110\u1ee9c \u0110\u1ea1i Th\u00f4ng Tr\u00ed Th\u1eafng Nh\u01b0 Lai. Sau khi \u0110\u1ee9c \u0110\u1ea1i Th\u00f4ng Tr\u00ed Th\u1eafng Nh\u01b0 Lai x\u1ea3 t\u1ee5c xu\u1ea5t gia tu h\u00e0nh th\u00e0nh Ph\u1eadt, m\u01b0\u1eddi s\u00e1u v\u1ecb v\u01b0\u01a1ng t\u1eed c\u0169ng ph\u00e1t t\u00e2m xu\u1ea5t gia l\u00e0m Sa di trong ph\u00e1p h\u1ed9i c\u1ee7a Ph\u1eadt.<\/p>\n<p style=\"text-align: justify;\">Sau khi Ph\u1eadt \u0110\u1ea1i Th\u00f4ng Tr\u00ed Th\u1eafng nh\u1eadp Ni\u1ebft b\u00e0n; m\u01b0\u1eddi s\u00e1u v\u1ecb Sa di thay Ph\u1eadt ti\u1ebfp t\u1ee5c gi\u1ea3ng kinh Ph\u00e1p Hoa, nh\u1edd c\u00f4ng \u0111\u1ee9c gi\u1ea3ng kinh n\u00e0y m\u00e0 m\u01b0\u1eddi s\u00e1u v\u1ecb v\u01b0\u01a1ng t\u1eed \u0111\u1ec1u th\u00e0nh Ph\u1eadt. Trong \u0111\u00f3 v\u1ecb v\u01b0\u01a1ng t\u1eed th\u1ee9 ch\u00edn th\u00e0nh Ph\u1eadt, hi\u1ec7u l\u00e0 A Di \u0110\u00e0 \u1edf c\u1ea3nh gi\u1edbi C\u1ef1c l\u1ea1c.<\/p>\n<p style=\"text-align: justify;\">Theo kinh Xu\u1ea5t Sanh B\u1ed3 T\u00e1t, v\u1ec1 th\u01b0\u1edf qu\u00e1 kh\u1ee9 c\u00f3 v\u1ecb Th\u00e1i t\u1eed t\u00ean l\u00e0 B\u1ea5t T\u01b0 Ngh\u00ec Th\u1eafng C\u00f4ng \u0110\u1ee9c, nh\u1edd nghe kinh Ph\u00e1p B\u1ed5n \u0110\u00e0 La Ni c\u1ee7a \u0110\u1ee9c Ph\u1eadt B\u1ea3o C\u00f4ng \u0110\u1ee9c Tinh T\u00fa Ki\u1ebfp V\u01b0\u01a1ng m\u00e0 x\u1ea3 t\u1ee5c xu\u1ea5t gia, tinh t\u1ea5n tu h\u00e0nh.<\/p>\n<p style=\"text-align: justify;\">Sau khi xu\u1ea5t gia, Ng\u00e0i \u0111\u00e3 h\u00f3a \u0111\u1ed9 \u0111\u01b0\u1ee3c m\u01b0\u1eddi mu\u00f4n \u1ee9c na-do-tha ch\u00fang sanh ph\u00e1t t\u00e2m b\u1ed3 \u0111\u1ec1, tr\u1ee5 b\u1eadc b\u1ea5t th\u1ed1i chuy\u1ec3n. Th\u00e1i t\u1eed Th\u1eafng C\u00f4ng \u0110\u1ee9c ch\u00ednh l\u00e0 ti\u1ec1n th\u00e2n c\u1ee7a \u0110\u1ee9c Ph\u1eadt A Di \u0110\u00e0.<\/p>\n<p style=\"text-align: justify;\">L\u1ea1i theo kinh Qu\u00e1n Ph\u1eadt Tam Mu\u1ed9i H\u1ea3i, \u0111\u1eddi qu\u00e1 kh\u1ee9 Ng\u00e0i l\u00e0m m\u1ed9t v\u1ecb T\u1ef3 kheo, nh\u1edd c\u00f4ng \u0111\u1ee9c si\u00eang n\u0103ng k\u00ednh l\u1ec5 v\u00e0 qu\u00e1n t\u01b0\u1edfng t\u01b0\u1edbng l\u00f4ng m\u00e0y tr\u1eafng c\u1ee7a \u0110\u1ee9c Ph\u1eadt Kh\u00f4ng V\u01b0\u01a1ng, n\u00ean \u0111\u01b0\u1ee3c Ph\u1eadt Kh\u00f4ng V\u01b0\u01a1ng th\u1ecd k\u00fd th\u00e0nh Ph\u1eadt hi\u1ec7u l\u00e0 A Di \u0110\u00e0.<\/p>\n<p style=\"text-align: justify;\">Theo kinh Bi Hoa, qu\u00e1 kh\u1ee9 h\u1eb1ng h\u00e0 ki\u1ebfp v\u1ec1 tr\u01b0\u1edbc, Ng\u00e0i l\u00e0 v\u1ecb Chuy\u1ec3n lu\u00e2n th\u00e1nh v\u01b0\u01a1ng t\u00ean V\u00f4 Tr\u00e1nh Ni\u1ec7m. V\u1ecb Chuy\u1ec3n lu\u00e2n th\u00e1nh v\u01b0\u01a1ng n\u00e0y c\u00f3 m\u1ed9t v\u1ecb \u0111\u1ea1i th\u1ea7n t\u00ean B\u1ea3o H\u1ea3i, r\u1ea5t gi\u00e0u l\u00f2ng t\u00edn ng\u01b0\u1ee1ng Ph\u1eadt ph\u00e1p. M\u1ed9t h\u00f4m vua hay tin \u0110\u1ee9c Ph\u1eadt B\u1ea3o T\u1ea1ng \u0111\u1ebfn thuy\u1ebft ph\u00e1p t\u1ea1i v\u01b0\u1eddn Di\u00eam ph\u00f9 \u1edf g\u1ea7n b\u00ean th\u00e0nh, vua c\u00f9ng \u0111\u1ea1i th\u1ea7n B\u1ea3o H\u1ea3i \u0111\u1ebfn nghe v\u00e0 sanh t\u00e2m hoan h\u1ef7. Vua ph\u00e1t t\u00e2m th\u1ec9nh Ph\u1eadt v\u00e0 \u0111\u1ea1i ch\u00fang v\u00e0o v\u01b0\u01a1ng cung c\u00fang d\u01b0\u1eddng tr\u1ecdn ba th\u00e1ng \u0111\u1ec3 c\u1ea7u ph\u01b0\u1edbc b\u00e1o.<\/p>\n<p style=\"text-align: justify;\">\u0110\u1ee9c Ph\u1eadt khuy\u00ean nh\u00e0 vua n\u00ean ph\u00e1t t\u00e2m b\u1ed3 \u0111\u1ec1 \u0111\u1ec3 c\u1ea7u \u0111\u1ea1o V\u00f4 th\u01b0\u1ee3ng Ch\u00e1nh \u0111\u1eb3ng Ch\u00e1nh gi\u00e1c. Khi \u0111\u00f3 \u0110\u1ee9c Ph\u1eadt B\u1ea3o T\u1ea1ng li\u1ec1n ph\u00f3ng h\u00e0o quang s\u00e1ng ng\u1eddi, soi kh\u1eafp c\u1ea3 th\u1ebf gi\u1edbi c\u1ee7a ch\u01b0 Ph\u1eadt m\u01b0\u1eddi ph\u01b0\u01a1ng, cho ch\u00fang h\u1ed9i \u0111\u1ed3ng th\u1ea5y. \u0110\u1ea1i th\u1ea7n B\u1ea3o H\u1ea3i li\u1ec1n th\u01b0a v\u1edbi vua V\u00f4 Tr\u00e1nh Ni\u1ec7m: \u201cNay b\u1ec7 h\u1ea1 nh\u1edd oai th\u1ea7n c\u1ee7a Ph\u1eadt, \u0111\u01b0\u1ee3c th\u1ea5y c\u00e1c th\u1ebf gi\u1edbi, v\u1eady b\u1ec7 h\u1ea1 mu\u1ed1n c\u1ea7u th\u1ebf gi\u1edbi n\u00e0o\u201d.<\/p>\n<p style=\"text-align: justify;\">Vua \u0111\u1ea3nh l\u1ec5 Ph\u1eadt qu\u1ef3 g\u1ed1i ch\u1eafp tay ph\u00e1t \u0111\u1ea1i nguy\u1ec7n, c\u1ea7u xin sau khi tu h\u00e0nh th\u00e0nh Ph\u1eadt, qu\u1ed1c \u0111\u1ed9 v\u00e0 nh\u00e2n d\u00e2n c\u1ee7a Ng\u00e0i, \u0111\u1ec1u \u0111\u01b0\u1ee3c trang nghi\u00eam thanh t\u1ecbnh. Do nh\u00e2n duy\u00ean \u1ea5y, sau Ng\u00e0i th\u00e0nh Ph\u1eadt hi\u1ec7u l\u00e0 A Di \u0110\u00e0 \u1edf c\u00f5i T\u00e2y ph\u01b0\u01a1ng C\u1ef1c l\u1ea1c.<\/p>\n<p style=\"text-align: justify;\">C\u00f2n theo kinh V\u00f4 L\u01b0\u1ee3ng Th\u1ecd, \u0111\u1eddi qu\u00e1 kh\u1ee9 l\u00e2u xa c\u00e1ch \u0111\u00e2y h\u01a1n m\u01b0\u1eddi ki\u1ebfp, c\u00f3 m\u1ed9t n\u01b0\u1edbc t\u00ean l\u00e0 Di\u1ec7u H\u1ef7, vua cha l\u00e0 Nguy\u1ec7t Th\u01b0\u1ee3ng Lu\u00e2n V\u01b0\u01a1ng, m\u1eb9 l\u00e0 Th\u00f9 Th\u1eafng Di\u1ec7u Nhan sanh ra \u0111\u01b0\u1ee3c ba ng\u01b0\u1eddi con. Ng\u01b0\u1eddi con tr\u01b0\u1edfng l\u00e0 Nh\u1eadt Nguy\u1ec7t Minh, ng\u01b0\u1eddi con th\u1ee9 hai l\u00e0 Ki\u1ec1u Thi Ca, ng\u01b0\u1eddi con th\u1ee9 ba l\u00e0 Nh\u1eadt \u0110\u1ebf Ch\u00fang.<\/p>\n<p style=\"text-align: justify;\">Khi \u1ea5y c\u00f3 \u0110\u1ee9c Ph\u1eadt ra \u0111\u1eddi hi\u1ec7u l\u00e0 Th\u1ebf T\u1ef1 T\u1ea1i V\u01b0\u01a1ng Nh\u01b0 Lai. Th\u00e1i t\u1eed Ki\u1ec1u Thi Ca b\u1ecf ng\u00f4i ph\u00fa qu\u00fd theo Ph\u1eadt xu\u1ea5t gia, th\u1ecd gi\u1edbi T\u1ef3 kheo, \u0111\u01b0\u1ee3c Ph\u1eadt cho hi\u1ec7u l\u00e0 Ph\u00e1p T\u1ea1ng. T\u1ef3 kheo Ph\u00e1p T\u1ea1ng \u0111\u1ed1i tr\u01b0\u1edbc Ph\u1eadt ph\u00e1t b\u1ed1n m\u01b0\u01a1i t\u00e1m \u0111\u1ea1i nguy\u1ec7n r\u1ed9ng l\u1edbn, \u0111\u1ed9 kh\u1eafp m\u01b0\u1eddi ph\u01b0\u01a1ng ch\u00fang sanh. Ng\u00e0i nguy\u1ec7n r\u1eb1ng n\u1ebfu c\u00f3 m\u1ed9t nguy\u1ec7n n\u00e0o kh\u00f4ng vi\u00ean m\u00e3n, th\u00ec th\u1ec1 ch\u1eb3ng th\u00e0nh Ch\u00e1nh gi\u00e1c. Khi \u1ea5y ch\u01b0 thi\u00ean r\u1ea3i hoa, t\u00e1n th\u00e1n, qu\u1ea3 \u0111\u1ea5t rung \u0111\u1ed9ng, gi\u1eefa h\u01b0 kh\u00f4ng c\u00f3 ti\u1ebfng khen ng\u1ee3i: \u201cT\u1ef3 kheo Ph\u00e1p T\u1ea1ng quy\u1ebft \u0111\u1ecbnh sau n\u00e0y s\u1ebd th\u00e0nh Ph\u1eadt hi\u1ec7u l\u00e0 A Di \u0110\u00e0\u201d.<\/p>\n<p style=\"text-align: justify;\">V\u1ec1 h\u1ea1nh nguy\u1ec7n \u0111\u1ed9 sanh c\u1ee7a Ph\u1eadt A Di \u0110\u00e0, theo kinh V\u00f4 L\u01b0\u1ee3ng Th\u1ecd, trong khi h\u00e0nh B\u1ed3 t\u00e1t \u0111\u1ea1o l\u00e0m v\u1ecb T\u1ef3 kheo Ph\u00e1p T\u1ea1ng, Ph\u1eadt A Di \u0110\u00e0 \u0111\u00e3 th\u1ec9nh c\u1ea7u Ph\u1eadt Th\u1ebf T\u1ef1 T\u1ea1i V\u01b0\u01a1ng v\u00ec m\u00ecnh m\u00e0 th\u1ecb hi\u1ec7n hai tr\u0103m n\u0103m m\u01b0\u01a1i \u1ee9c Ph\u1eadt \u0111\u1ed9. Sau khi qu\u00e1n s\u00e1t qu\u1ed1c \u0111\u1ed9 m\u01b0\u1eddi ph\u01b0\u01a1ng ch\u01b0 Ph\u1eadt, T\u1ef3 kheo Ph\u00e1p T\u1ea1ng li\u1ec1n ch\u1ecdn l\u1ecdc nh\u1eefng \u0111i\u1ec3m \u0111\u1eb7c s\u1eafc c\u1ee7a m\u1ed7i qu\u1ed1c \u0111\u1ed9 \u0111\u1ec3 ki\u1ebfn l\u1eadp th\u1ebf gi\u1edbi C\u1ef1c l\u1ea1c. \u0110\u1ed3ng th\u1eddi T\u1ef3 kheo Ph\u00e1p T\u1ea1ng \u0111em th\u1ebf gi\u1edbi th\u00f9 th\u1eafng \u0111\u00f3 th\u01b0a v\u1edbi Ph\u1eadt. Ph\u1eadt Th\u1ebf T\u1ef1 T\u1ea1i V\u01b0\u01a1ng d\u1ea1y Ph\u00e1p T\u1ea1ng mu\u1ed1n th\u00e0nh t\u1ef1u \u0111\u01b0\u1ee3c c\u1ea3nh gi\u1edbi th\u00f9 th\u1eafng \u0111\u00f3 c\u1ea7n ph\u1ea3i ph\u00e1t \u0111\u1ea1i nguy\u1ec7n, r\u1ed9ng \u0111\u1ed9 ch\u00fang sanh. Sau khi nghe Ph\u1eadt d\u1ea1y, T\u1ef3 kheo Ph\u00e1p T\u1ea1ng li\u1ec1n \u0111\u1ed1i tr\u01b0\u1edbc Ph\u1eadt Th\u1ebf T\u1ef1 T\u1ea1i V\u01b0\u01a1ng Nh\u01b0 Lai ph\u00e1t b\u1ed1n m\u01b0\u01a1i t\u00e1m \u0111\u1ea1i nguy\u1ec7n.<\/p>\n<p style=\"text-align: justify;\">Tr\u00ean n\u1ec1n t\u1ea3ng c\u1ee7a b\u1ed1n m\u01b0\u01a1i t\u00e1m \u0111\u1ea1i nguy\u1ec7n, T\u1ef3 kheo Ph\u00e1p T\u1ea1ng x\u00e2y d\u1ef1ng qu\u1ed1c \u0111\u1ed9 c\u1ee7a m\u00ecnh b\u1eb1ng ba ph\u01b0\u01a1ng ti\u1ec7n nhi\u1ebfp ph\u00e1p h\u00e0ng \u0111\u1ea7u, \u0111\u00f3 l\u00e0 nhi\u1ebfp ph\u00e1p th\u00e2n nguy\u1ec7n, nhi\u1ebfp t\u1ecbnh \u0111\u1ed9 nguy\u1ec7n v\u00e0 nhi\u1ebfp ch\u00fang sanh nguy\u1ec7n.<\/p>\n<p style=\"text-align: justify;\">Nhi\u1ebfp ph\u00e1p th\u00e2n nguy\u1ec7n l\u00e0 nguy\u1ec7n x\u00e2y d\u1ef1ng Ph\u1eadt th\u00e2n. B\u1ed3 t\u00e1t Ph\u00e1p T\u1ea1ng ch\u1ecdn qu\u1ea3 V\u00f4 th\u01b0\u1ee3ng B\u1ed3 \u0111\u1ec1, \u0111\u1ec3 \u0111em c\u00f4ng \u0111\u1ee9c th\u00f9 th\u1eafng, th\u1ec7 nguy\u1ec7n trang nghi\u00eam th\u00e0nh t\u1ef1u Ph\u00e1p th\u00e2n ch\u01b0 Ph\u1eadt, \u00e1nh s\u00e1ng v\u00f4 l\u01b0\u1ee3ng, th\u1ecd m\u1ea1ng v\u00f4 l\u01b0\u1ee3ng v\u00e0 c\u00f4ng \u0111\u1ee9c v\u00f4 l\u01b0\u1ee3ng.<\/p>\n<p style=\"text-align: justify;\">Nhi\u1ebfp t\u1ecbnh \u0111\u1ed9 nguy\u1ec7n l\u00e0 B\u1ed3 t\u00e1t Ph\u00e1p T\u1ea1ng th\u1ec7 nguy\u1ec7n x\u00e2y d\u1ef1ng c\u00f5i Ph\u1eadt trang nghi\u00eam, t\u1ea1o thu\u1eadn duy\u00ean cho ch\u00fang sanh tu h\u00e0nh. V\u00ec th\u1ebf sau khi th\u00e0nh Ph\u1eadt, qu\u1ed1c \u0111\u1ed9 c\u1ee7a Ng\u00e0i to\u00e0n b\u1eb1ng th\u1ea5t b\u1ea3o, thanh t\u1ecbnh th\u00f9 th\u1eafng kh\u00f4ng c\u00f3 T\u1ecbnh \u0111\u1ed9 c\u1ee7a \u0110\u1ee9c Ph\u1eadt n\u00e0o c\u00f3 th\u1ec3 s\u00e1nh b\u1eb1ng.<\/p>\n<p style=\"text-align: justify;\">Nhi\u1ebfp ch\u00fang sanh nguy\u1ec7n l\u00e0 B\u1ed3 t\u00e1t Ph\u00e1p T\u1ea1ng v\u1edbi l\u00f2ng t\u1eeb bi v\u00f4 l\u01b0\u1ee3ng, nh\u1eadn th\u1ea5y t\u1ea5t c\u1ea3 ch\u00fang sanh trong m\u01b0\u1eddi ph\u01b0\u01a1ng, tuy si\u00eang n\u0103ng tu h\u1ecdc nh\u01b0ng kh\u00f3 th\u00e0nh t\u1ef1u \u0111\u1ea1o qu\u1ea3. Ng\u00e0i li\u1ec1n ki\u1ebfn t\u1ea1o th\u1ebf gi\u1edbi C\u1ef1c l\u1ea1c, n\u01a1i h\u1ed9i \u0111\u1ee7 duy\u00ean l\u00e0nh cho ch\u00fang sanh tu h\u1ecdc, \u0111\u1ed3ng th\u1eddi ph\u00e1t t\u00e2m ti\u1ebfp \u0111\u1ed9 v\u00e0 gi\u00e1o h\u00f3a t\u1ea5t c\u1ea3 ch\u00fang sanh bao g\u1ed3m c\u1ea3 ph\u00e0m phu v\u00e0 th\u00e1nh tr\u00ed.<\/p>\n<p style=\"text-align: justify;\">H\u1ea1nh nguy\u1ec7n ti\u1ebfp \u0111\u1ed9 ch\u00fang sanh c\u1ee7a \u0110\u1ee9c Ph\u1eadt A Di \u0110\u00e0 \u0111\u00e3 th\u1ec3 hi\u1ec7n r\u00f5 n\u00e9t qua th\u00e1nh t\u01b0\u1ee3ng c\u1ee7a Ng\u00e0i. Nh\u01b0 ch\u00fang ta bi\u1ebft th\u00e1nh t\u01b0\u1ee3ng c\u1ee7a Ph\u1eadt A Di \u0110\u00e0, \u0111\u1ee9ng tr\u00ean hoa sen tr\u1ee5 gi\u1eefa h\u01b0 kh\u00f4ng, b\u00ean d\u01b0\u1edbi l\u00e0 b\u1ec3 c\u1ea3 s\u00f3ng d\u1eady ch\u1eadp ch\u00f9ng; m\u1eaft Ng\u00e0i nh\u00ecn xu\u1ed1ng, tay ph\u1ea3i \u0111\u01b0a l\u00ean ngang vai, tay tr\u00e1i du\u1ed7i xu\u1ed1ng nh\u01b0 s\u1eb5n s\u00e0ng ch\u1edd \u0111\u1ee3i ti\u1ebfp c\u1ee9u nh\u1eefng ch\u00fang sanh \u0111ang l\u1eb7n h\u1ee5p bi\u1ec3n c\u1ea3 ba \u0111\u00e0o.<\/p>\n<p style=\"text-align: justify;\">Ph\u1eadt A Di \u0110\u00e0 \u0111\u1ee9ng tr\u00ean hoa sen tr\u1ee5 gi\u1eefa h\u01b0 kh\u00f4ng, hai m\u1eaft nh\u00ecn xu\u1ed1ng bi\u1ec3u th\u1ecb Ph\u1eadt lu\u00f4n lu\u00f4n h\u01b0\u1edbng v\u1ec1 ch\u00fang sanh, theo d\u00f5i ch\u00fang sanh; t\u00e2m Ph\u1eadt th\u01b0\u01a1ng y\u00eau ch\u00fang sanh ch\u1eb3ng kh\u00e1c n\u00e0o m\u1eb9 hi\u1ec1n th\u01b0\u01a1ng con \u0111\u1ecf. Tay ph\u1ea3i c\u1ee7a Ph\u1eadt \u0111\u01b0a l\u00ean bi\u1ec3u th\u1ecb \u0111\u00f3n ti\u1ebfp t\u1ee9 Th\u00e1nh, tay tr\u00e1i Ph\u1eadt du\u1ed7i xu\u1ed1ng bi\u1ec3u th\u1ecb ti\u1ebfp d\u1eabn l\u1ee5c ph\u00e0m. Ngh\u0129a l\u00e0 Ng\u00e0i lu\u00f4n s\u1eb5n s\u00e0ng \u0111\u00f3n ti\u1ebfp t\u1ee9 Th\u00e1nh, c\u1ee9u \u0111\u1ed9 l\u1ee5c ph\u00e0m, \u0111\u1ed3ng \u0111\u01b0a l\u00ean b\u1edd gi\u00e1c.<\/p>\n<p style=\"text-align: justify;\">K\u1ef7 ni\u1ec7m ng\u00e0y Kh\u00e1nh \u0111\u1ea3n \u0110\u1ee9c T\u1eeb ph\u1ee5 A Di \u0110\u00e0, ch\u00fang ta n\u00ean noi theo \u0111\u1ea1i nguy\u1ec7n c\u1ee7a Ng\u00e0i, ph\u00e1t t\u00e2m b\u1ed3 \u0111\u1ec1 r\u1ed9ng l\u1edbn, nguy\u1ec7n ph\u00e1t t\u00e2m t\u00edn s\u00e2u, nguy\u1ec7n thi\u1ebft, chuy\u00ean tr\u00ec th\u00e1nh hi\u1ec7u Ng\u00e0i. Ch\u00fang ta h\u00e3y c\u00f9ng nhau h\u01b0\u1edbng v\u1ec1 ph\u00e1p h\u1ed9i Di \u0110\u00e0 v\u0129nh h\u1eb1ng v\u00f4 t\u1eadn, h\u01b0\u1edbng v\u1ec1 th\u1ebf gi\u1edbi Li\u00ean Tr\u00ec H\u1ea3i h\u1ed9i thanh t\u1ecbnh, hoan h\u1ef7 s\u00e1ng l\u1ea1n tr\u00e0n ng\u1eadp ti\u1ebfng c\u01b0\u1eddi, c\u1ea5t l\u00ean ti\u1ebfng h\u00e1t an l\u00e0nh c\u1ee7a \u0111\u1ea1i s\u01b0 \u1ea4n Quang, v\u1ecb cao t\u0103ng ho\u1eb1ng d\u01b0\u01a1ng ph\u00e1p m\u00f4n T\u1ecbnh \u0111\u1ed9 th\u1eddi c\u1eadn \u0111\u1ea1i:<\/p>\n<p style=\"text-align: justify; padding-left: 120px;\">V\u00e3ng sanh ph\u00e1t nguy\u1ec7n \u0111i th\u00f4i<br \/>\nSu\u1ed1i non \u0111\u1ea5t kh\u00e1ch m\u1eb7c ng\u01b0\u1eddi\u00a0 qu\u1ea9n quanh<br \/>\nQu\u00ea nh\u00e0 ch\u1eb3ng ch\u1ecbu v\u1ec1 nhanh<br \/>\nH\u1ec5 v\u1ec1 \u1eaft \u0111\u01b0\u1ee3c, ai gi\u00e0nh gi\u00f3 tr\u0103ng.<\/p>\n","protected":false},"excerpt":{"rendered":"<p>H\u1ea1nh Nguy\u1ec7n c\u1ee7a Ph\u1eadt A Di \u0110\u00e0 Th\u00edch Nguy\u00ean Li\u00ean Theo l\u1eddi d\u1ea1y c\u1ee7a Ph\u1eadt\u00a0 Th\u00edch Ca, \u0110\u1ee9c Ph\u1eadt A Di\u00a0 \u0110\u00e0 \u0111\u00e3 th\u00e0nh Ph\u1eadt \u2026 <a class=\"continue-reading-link\" href=\"https:\/\/www.pagodethienminh.fr\/?page_id=688\">Continue \u00e0 lire <span class=\"meta-nav\">&rarr; <\/span><\/a><\/p>\n","protected":false},"author":1,"featured_media":0,"parent":1599,"menu_order":15,"comment_status":"closed","ping_status":"closed","template":"template-onecolumn.php","meta":{"_mc_calendar":[],"footnotes":""},"class_list":["post-688","page","type-page","status-publish","hentry"],"_links":{"self":[{"href":"https:\/\/www.pagodethienminh.fr\/index.php?rest_route=\/wp\/v2\/pages\/688","targetHints":{"allow":["GET"]}}],"collection":[{"href":"https:\/\/www.pagodethienminh.fr\/index.php?rest_route=\/wp\/v2\/pages"}],"about":[{"href":"https:\/\/www.pagodethienminh.fr\/index.php?rest_route=\/wp\/v2\/types\/page"}],"author":[{"embeddable":true,"href":"https:\/\/www.pagodethienminh.fr\/index.php?rest_route=\/wp\/v2\/users\/1"}],"replies":[{"embeddable":true,"href":"https:\/\/www.pagodethienminh.fr\/index.php?rest_route=%2Fwp%2Fv2%2Fcomments&post=688"}],"version-history":[{"count":7,"href":"https:\/\/www.pagodethienminh.fr\/index.php?rest_route=\/wp\/v2\/pages\/688\/revisions"}],"predecessor-version":[{"id":690,"href":"https:\/\/www.pagodethienminh.fr\/index.php?rest_route=\/wp\/v2\/pages\/688\/revisions\/690"}],"up":[{"embeddable":true,"href":"https:\/\/www.pagodethienminh.fr\/index.php?rest_route=\/wp\/v2\/pages\/1599"}],"wp:attachment":[{"href":"https:\/\/www.pagodethienminh.fr\/index.php?rest_route=%2Fwp%2Fv2%2Fmedia&parent=688"}],"curies":[{"name":"wp","href":"https:\/\/api.w.org\/{rel}","templated":true}]}}