{"id":6015,"date":"2017-11-21T21:37:24","date_gmt":"2017-11-21T21:37:24","guid":{"rendered":"http:\/\/www.pagodethienminh.fr\/?page_id=6015"},"modified":"2019-01-30T17:01:33","modified_gmt":"2019-01-30T17:01:33","slug":"annee-2018","status":"publish","type":"page","link":"https:\/\/www.pagodethienminh.fr\/?page_id=6015","title":{"rendered":"Ann\u00e9e 2018"},"content":{"rendered":"<p>Pour tout renseignement, contactez :<\/p>\n<ul>\n<li>par mail\u00a0:\u00a0<strong><em><a href=\"mailto:huyencao2803@yahoo.fr\">pagodethienminh@gmail.com<\/a><\/em><\/strong><\/li>\n<\/ul>\n<p style=\"text-align: center;\"><span style=\"text-decoration: underline;\">Programme sur les \u00ab\u00a0<strong>Rencontre et pratique dans le Bouddhisme<\/strong>\u00a0\u00bb (Public et sans inscription)<\/span><\/p>\n<p style=\"text-align: center;\"><em>Participation de 5\u00a0\u20ac par personne\u00a0<\/em><\/p>\n<ul>\n<li style=\"text-align: left;\"><strong>14h15 &#8211; 15h00<\/strong> : S\u00e9ance de \u00ab\u00a0<strong>Taichi &#8211; Yoga<\/strong>\u00a0\u00bb par Lucie<\/li>\n<li style=\"text-align: left;\"><strong>15h00 &#8211; 16h00 :<\/strong> S\u00e9ance de m\u00e9ditation guid\u00e9e par session de 10 minutes par Michel<\/li>\n<li style=\"text-align: left;\"><strong>16h00 &#8211; 17h15\u00a0:<\/strong>\u00a0Enseignement th\u00e9matique par Vincent<\/li>\n<li style=\"text-align: left;\"><strong>17h15 :<\/strong> Go\u00fbter convivial<\/li>\n<\/ul>\n<hr \/>\n<p><strong>Samedi 20 Janvier<\/strong><\/p>\n<ul>\n<li>\u00ab\u00a0<strong>Rencontre et pratique dans le Bouddhisme<\/strong>\u00a0\u00bb<\/li>\n<li>14h30 \u00e0 17h15 &#8211;\u00a0Participation : 5 \u20ac par personne<\/li>\n<\/ul>\n<p><strong>Samedi\u00a003 F\u00e9vrier<\/strong><\/p>\n<ul>\n<li>\u00ab\u00a0<strong>Rencontre et pratique dans le Bouddhisme<\/strong>\u00a0\u00bb<\/li>\n<li>14h15 \u00e0 17h15 &#8211;\u00a0Participation : 5 \u20ac par personne<\/li>\n<\/ul>\n<p style=\"text-align: center;\">\u00a0<strong>P\u00e9riode du Nouvel An Chinois : Ann\u00e9e du\u00a0Chien<\/strong><\/p>\n<p><strong>Jeudi\u00a015 F\u00e9vrier<\/strong>\u00a0: \u00ab\u00a0<strong>R\u00e9veillon du Jour de l&#8217;An<\/strong>\u00a0\u00bb<\/p>\n<ul>\n<li>21h30 : Accueil de la communaut\u00e9 catholique et v\u0153ux du V\u00e9n\u00e9rable<\/li>\n<li>23h30 : C\u00e9r\u00e9monie de souhaits pour la nouvelle ann\u00e9e (Soutra du Bouddha Maitreya)<\/li>\n<li>00h30 : V\u0153ux du V\u00e9n\u00e9rable et distribution de porte-bonheur par les V\u00e9n\u00e9rables<\/li>\n<\/ul>\n<p><strong>Vendredi 16\u00a0F\u00e9vrier\u00a0<\/strong>\u00a0: \u00ab\u00a0<strong>Jour de l&#8217;An<\/strong>\u00a0:\u00a0<strong>sous le signe du Chien\u00a0<\/strong>\u00bb<\/p>\n<ul>\n<li>10h00 : Danse du Dragon<\/li>\n<li>11h00 : C\u00e9r\u00e9monie de souhaits pour la nouvelle ann\u00e9e et rituels d&#8217;offrandes pour les d\u00e9funts<\/li>\n<li>12h00 : Distribution de porte-bonheur par les V\u00e9n\u00e9rables et repas v\u00e9g\u00e9tarien offert<\/li>\n<li>14h00 : C\u00e9r\u00e9monie du Bouddha de m\u00e9decine pour la nouvelle ann\u00e9e<\/li>\n<\/ul>\n<p><strong>Samedi\u00a017\u00a0F\u00e9vrier\u00a0<\/strong>: \u00ab <strong>Ouverture de la pratique du Bouddha de M\u00e9decine<\/strong><strong>\u00a0<\/strong>\u00bb<\/p>\n<ul>\n<li>09h00\u00a0: Ouverture \u00e0 la r\u00e9citation\u00a0au Sutra Bhaishajyaguru (Bouddha de M\u00e9decine)<\/li>\n<li>14h00\u00a0: R\u00e9citation du Sutra Bhaishajyaguru (Bouddha de M\u00e9decine) pendant 2 semaines<\/li>\n<\/ul>\n<p><strong>Dimanche\u00a025 F\u00e9vrier<\/strong>\u00a0: \u00ab\u00a0<strong>C\u00e9r\u00e9monie<\/strong>\u00a0<strong>de la 1\u00e8re Pleine Lune, C\u00e9r\u00e9monie de souhaits<\/strong>\u00a0\u00bb<\/p>\n<ul>\n<li>11h00 : C\u00e9r\u00e9monie de souhaits et rituels d&#8217;offrandes pour les d\u00e9funts<\/li>\n<li>12h00 : Repas v\u00e9g\u00e9tarien offert<\/li>\n<li>14h00 : Enseignement et c\u00e9r\u00e9monie de prise de refuge (inscription obligatoire)<\/li>\n<li>15h30 : Fin de la c\u00e9r\u00e9monie<\/li>\n<\/ul>\n<p><strong>Dimanche 04 Mars<\/strong>\u00a0: \u00ab\u00a0<strong>Spectacle traditionnel du Jour de l&#8217;An<\/strong>\u00a0\u00bb<br \/>\nSalle Ir\u00e8ne Joliot-Curie, 68 boulevard Ir\u00e8ne Joliot-Curie, 69200 V\u00e9nissieux<\/p>\n<ul>\n<li>10h30 : Accueil et Stand de plats vietnamiens<\/li>\n<li>13h30 : Danse du Dragon et v\u0153ux du V\u00e9n\u00e9rable<\/li>\n<li>14h15 : Spectacle de chants et de danses traditionnels pour accueillir le nouvel an.<\/li>\n<li>17h00 : Fin du spectacle<\/li>\n<\/ul>\n<p><strong>Samedi 17 Mars<\/strong><\/p>\n<ul>\n<li>\u00ab\u00a0<strong>Rencontre et pratique dans le Bouddhisme<\/strong>\u00a0\u00bb<\/li>\n<li>14h30 \u00e0 17h15 &#8211;\u00a0Participation : 5 \u20ac par personne<\/li>\n<\/ul>\n<p><strong>Samedi\u00a024 Mars<\/strong><\/p>\n<ul>\n<li>14h00 &#8211; 14h30 :\u00a0\u00a0<strong>Accueil<\/strong><\/li>\n<li>14h30 &#8211; 16h30 :\u00a0\u00a0<strong>Enseignement\u00a0(V\u00e9n\u00e9rable Thich Nhu Tuong : Soeur du Grand V\u00e9n\u00e9rable)<\/strong><\/li>\n<li>16h30 &#8211; 17h00 : Tai Chi (A confirmer)<\/li>\n<\/ul>\n<p><strong>Samedi 14 Avril<\/strong><\/p>\n<ul>\n<li>\u00ab\u00a0<strong>Rencontre et pratique dans le Bouddhisme<\/strong>\u00a0\u00bb<\/li>\n<li>14h00 \u00e0 17h15 &#8211;\u00a0Participation : 5 \u20ac par personne<\/li>\n<\/ul>\n<p><strong>Samedi 28 Avril<\/strong><\/p>\n<ul>\n<li>14h00 &#8211; 14h45 :\u00a0 Tai Chi<\/li>\n<li>14h45 &#8211; 15h00 :\u00a0 Installation dans la salle de pratique<\/li>\n<li>15h00 &#8211; 17h00 :\u00a0\u00a0<strong>Enseignement\u00a0(V\u00e9n\u00e9rable Thich Thong Tri)<\/strong><\/li>\n<li>17h00 :\u00a0 Go\u00fbter<\/li>\n<\/ul>\n<p><strong>Samedi 12 Mai<\/strong><\/p>\n<ul>\n<li>\u00ab\u00a0<strong>Rencontre et pratique dans le Bouddhisme<\/strong>\u00a0\u00bb<\/li>\n<li>14h00 \u00e0 17h15 &#8211;\u00a0Participation : 5 \u20ac par personne<\/li>\n<\/ul>\n<p><strong>Samedi 26 Mai\u00a0(Publique et sans r\u00e9servation) : 14h00 &#8211; 17h00<\/strong><\/p>\n<ul>\n<li>Accueil des participants<\/li>\n<li><strong>Enseignement traduit (V\u00e9n\u00e9rable V\u00e9n\u00e9rable Thich Nhu Tuong)<\/strong><\/li>\n<li>C\u00e9r\u00e9monie de Prise de refuge (Inscription par mail sur pagodethienminh@gmail.com avec nom de jeune fille\/pr\u00e9nom et date de naissance)<\/li>\n<li>Fin<\/li>\n<\/ul>\n<p><strong>Dimanche\u00a003\u00a0Juin:\u00a0<\/strong>\u00ab\u00a0<strong>C\u00e9l\u00e9bration de V\u00e9sak<\/strong>\u00a0\u00bb Anniversaire de naissance du Bouddha<\/p>\n<ul>\n<li>\n<address><strong>10h30<\/strong>\u00a0: Accueil<\/address>\n<\/li>\n<li>\n<address><strong>11h00<\/strong>\u00a0:\u00a0C\u00e9r\u00e9monie de V\u00e9sak (2561e)<\/address>\n<\/li>\n<li>\n<address><strong>12h00<\/strong>\u00a0: repas v\u00e9g\u00e9tarien offert (+ Stands de plats vietnamiens en vente)<\/address>\n<\/li>\n<li><strong>13h30<\/strong>\u00a0:\u00a0<strong>Enseignement bouddhiste<\/strong><\/li>\n<li><strong>14h15<\/strong>\u00a0: Spectacle en offrande \u00e0 V\u00e9sak<\/li>\n<li>\n<address><strong>17h00<\/strong>\u00a0: \u00a0Fin<\/address>\n<\/li>\n<\/ul>\n<p><strong>Samedi\u00a016 Juin<\/strong><\/p>\n<ul>\n<li>\u00ab\u00a0<strong>Rencontre et pratique dans le Bouddhisme<\/strong>\u00a0\u00bb<\/li>\n<li>14h30 \u00e0 17h15 &#8211;\u00a0Participation : 5 \u20ac par personne<\/li>\n<\/ul>\n<p><strong>Samedi 23 Juin<\/strong><\/p>\n<ul>\n<li><strong>14h00 : Tai Chi<\/strong><\/li>\n<li><strong>15h &#8211; 17h<\/strong>\u00a0: Un des th\u00e8mes sur <strong>Devenir un meilleur \u00eatre humain<\/strong>\u00a0donn\u00e9 par Lama Seunam Dorj\u00e9<\/li>\n<li><strong>Participation : 5 \u20ac par personne<\/strong><\/li>\n<\/ul>\n<p><strong>Dimanche 24 Juin<\/strong><\/p>\n<ul>\n<li>Pratique de la m\u00e9ditation donn\u00e9 par Lama Seunam Dorj\u00e9<\/li>\n<li><strong>15h &#8211; 17h<\/strong>\u00a0:\u00a0Participation : 5 \u20ac par personne<\/li>\n<\/ul>\n<p><strong>Samedi\u00a007 Juillet\u00a0<\/strong><\/p>\n<ul>\n<li>\u00ab\u00a0<strong>Rencontre et pratique dans le Bouddhisme<\/strong>\u00a0\u00bb<\/li>\n<li>14h30 \u00e0 17h15 &#8211;\u00a0Participation : 5 \u20ac par personne<\/li>\n<\/ul>\n<p><strong>Samedi\u00a001 Septembre : Th\u00e8me &#8220;Karma des renaissances&#8221;<\/strong><\/p>\n<ul>\n<li>14h30 :\u00a0\u00a0<strong>Accueil<\/strong><\/li>\n<li>15h00 &#8211; 17h00 :\u00a0\u00a0<strong>Enseignement\u00a0(Grand V\u00e9n\u00e9rable Thich Hoang Khai (Norv\u00e8ge))<\/strong><\/li>\n<li>17:00 Moment convivial<\/li>\n<\/ul>\n<p><strong>Dimanche 02 Septembre :\u00a0<\/strong><strong>C\u00e9l\u00e9bration de Vu Lan (Ullumbana)<\/strong>: Comm\u00e9moration de la F\u00eate de Reconnaissance et de Gratitude envers les Anc\u00eatres (Issue du Soutra de Vu Lan sur la Pi\u00e9t\u00e9 Filiale du Bouddha)<\/p>\n<ul>\n<li><strong>10h00 <\/strong>: Accueil et pr\u00e9paration \u00e0 l&#8217;office de Vu Lan<\/li>\n<li><strong>11h00 <\/strong>: C\u00e9r\u00e9monie officielle de Vu Lan et rituel d&#8217;offrande de nourriture devant l&#8217;autel des d\u00e9funts<\/li>\n<li><strong>12h00 <\/strong>: repas v\u00e9g\u00e9tarien offert et stands de sp\u00e9cialit\u00e9s en \u00a0vente<\/li>\n<li><strong>13h30 <\/strong>: Enseignement<\/li>\n<li><strong>14h15 <\/strong>: Spectacle traditionnel en offrande \u00e0 l&#8217;\u00e9v\u00e9nement de Vu Lan<\/li>\n<li><strong>17h00<\/strong>\u00a0: Fin de la Journ\u00e9e de Vu Lan<\/li>\n<\/ul>\n<p><strong>Samedi 15 Septembre<\/strong><\/p>\n<ul>\n<li>\u00ab\u00a0<strong>Rencontre et pratique dans le BouddhismeAurinstra\u00dfe 59, 41466 Neuss, Allemagne<\/strong>\u00a0\u00bb<\/li>\n<li>14h30 \u00e0 17h15 &#8211;\u00a0Participation : 5 \u20ac par personne<\/li>\n<\/ul>\n<p><strong>Dimanche 16 Septembre\u00a0:\u00a0<\/strong><strong>F\u00eate mi-automne ou F\u00eate des enfants<\/strong><\/p>\n<ul>\n<li><strong>10h30\u00a0<\/strong>:\u00a0Stands maquillages pour les enfants<\/li>\n<li><strong>11h00\u00a0<\/strong>: D\u00e9but des stands de sp\u00e9cialit\u00e9s vietnamiennes<\/li>\n<li><strong>13h30\u00a0<\/strong>:\u00a0Jeux collectifs pour les enfants<\/li>\n<li><strong>15h30\u00a0<\/strong>:\u00a0Danse du dragon et distribution des lampions et des bonbons<\/li>\n<li><strong>16h30<\/strong>\u00a0: Fin de la Journ\u00e9e<\/li>\n<\/ul>\n<p><strong>Samedi\u00a006 Octobre : Enseignement<\/strong><\/p>\n<ul>\n<li>13h45 :\u00a0\u00a0<strong>Accueil<\/strong><\/li>\n<li>14h00 : Tai Chi<\/li>\n<li>15h00 &#8211; 17h00 :\u00a0\u00a0<strong>Enseignement\u00a0(Grand V\u00e9n\u00e9rable Thich Tin Nghia (Etats Unis))<\/strong><\/li>\n<li>17:00 Moment convivial<\/li>\n<\/ul>\n<p><strong>Samedi 20 Octobre<\/strong><\/p>\n<ul>\n<li><strong>14h00 : Tai Chi<\/strong><\/li>\n<li><strong>15h &#8211; 17h<\/strong>\u00a0: Un des th\u00e8mes sur <strong>Devenir un meilleur \u00eatre humain<\/strong>\u00a0donn\u00e9 par Lama Seunam Dorj\u00e9<\/li>\n<li><strong>Participation : 5 \u20ac par personne<\/strong><\/li>\n<\/ul>\n<p><strong>Dimanche 21 Octobre<\/strong><\/p>\n<ul>\n<li>Pratique de la m\u00e9ditation donn\u00e9 par Lama Seunam Dorj\u00e9<\/li>\n<li><strong>15h &#8211; 17h<\/strong>\u00a0:\u00a0Participation : 5 \u20ac par personne<\/li>\n<\/ul>\n<p><strong>Samedi\u00a027 Octobre<\/strong><\/p>\n<ul>\n<li>13h45 :\u00a0\u00a0<strong>Accueil<\/strong><\/li>\n<li>14h00 : Tai Chi<\/li>\n<li>15h00 &#8211; 17h00 :\u00a0\u00a0<strong>Enseignement\u00a0(Grand V\u00e9n\u00e9rable Thich Hoang Khai (Norv\u00e8ge))<\/strong><\/li>\n<li>Participation : 5 \u20ac par personne<\/li>\n<li>17:00 Moment convivial<\/li>\n<\/ul>\n<p><strong>Samedi\u00a010 Novembre<\/strong><\/p>\n<ul>\n<li>\u00ab\u00a0<strong>Rencontre et pratique dans le Bouddhisme<\/strong>\u00a0\u00bb<\/li>\n<li>14h30 \u00e0 17h15 &#8211;\u00a0Participation : 5 \u20ac par personne<\/li>\n<\/ul>\n<p><strong>Dimanche 25 Novembre<\/strong>: <strong>\u00ab\u00a0C\u00e9r\u00e9monie\u00a0de la derni\u00e8re Pleine Lune, C\u00e9r\u00e9monie de souhaits\u00a0\u00bb<\/strong><\/p>\n<ul>\n<li>11h00 : C\u00e9r\u00e9monie de souhaits et rituels d\u2019offrandes pour les d\u00e9funts<\/li>\n<li>12h00 : Repas v\u00e9g\u00e9tarien offert<\/li>\n<li>14h00 : R\u00e9citation du Sutra de Souhaits<\/li>\n<li>15h30 : Fin de la c\u00e9r\u00e9monie<\/li>\n<\/ul>\n<p><strong>Samedi 01 D\u00e9cembre<\/strong><\/p>\n<ul>\n<li><strong>14h00 : Tai Chi<\/strong><\/li>\n<li><strong>15h &#8211; 17h<\/strong>\u00a0: Un des th\u00e8mes sur <strong>Devenir un meilleur \u00eatre humain<\/strong>\u00a0donn\u00e9 par Lama Seunam Dorj\u00e9<\/li>\n<li><strong>Participation : 5 \u20ac par personne<\/strong><\/li>\n<li><\/li>\n<\/ul>\n<p><strong>Dimanche 02 D\u00e9cembre<\/strong><\/p>\n<ul>\n<li>Pratique de la m\u00e9ditation donn\u00e9 par Lama Seunam Dorj\u00e9<\/li>\n<li><strong>15h &#8211; 17h<\/strong>\u00a0:\u00a0Participation : 5 \u20ac par personne<\/li>\n<\/ul>\n<p><strong>Samedi 15 D\u00e9cembre\u00a0<\/strong><\/p>\n<ul>\n<li>\u00ab\u00a0<strong>Rencontre et pratique dans le Bouddhisme<\/strong>\u00a0\u00bb<\/li>\n<li>14h30 \u00e0 17h15 &#8211;\u00a0Participation : 5 \u20ac par personne<\/li>\n<\/ul>\n<p><strong>Samedi\u00a022 D\u00e9cembre<\/strong><\/p>\n<ul>\n<li>13h45 :\u00a0\u00a0<strong>Accueil<\/strong><\/li>\n<li>14h00 : Tai Chi<\/li>\n<li>15h00 &#8211; 17h00 :\u00a0\u00a0<strong>Enseignement\u00a0(Grand V\u00e9n\u00e9rable Thich Trong Tri (Hollande))<\/strong><\/li>\n<li>Participation : 5 \u20ac par personne<\/li>\n<li>17:00 Moment convivial<\/li>\n<\/ul>\n","protected":false},"excerpt":{"rendered":"<p>Pour tout renseignement, contactez : par mail\u00a0:\u00a0pagodethienminh@gmail.com Programme sur les \u00ab\u00a0Rencontre et pratique dans le Bouddhisme\u00a0\u00bb (Public et sans inscription) Participation de 5\u00a0\u20ac par personne\u00a0 \u2026 <a class=\"continue-reading-link\" href=\"https:\/\/www.pagodethienminh.fr\/?page_id=6015\">Continue \u00e0 lire <span class=\"meta-nav\">&rarr; <\/span><\/a><\/p>\n","protected":false},"author":1,"featured_media":0,"parent":51,"menu_order":93,"comment_status":"closed","ping_status":"closed","template":"template-onecolumn.php","meta":{"_mc_calendar":[],"footnotes":""},"class_list":["post-6015","page","type-page","status-publish","hentry"],"_links":{"self":[{"href":"https:\/\/www.pagodethienminh.fr\/index.php?rest_route=\/wp\/v2\/pages\/6015","targetHints":{"allow":["GET"]}}],"collection":[{"href":"https:\/\/www.pagodethienminh.fr\/index.php?rest_route=\/wp\/v2\/pages"}],"about":[{"href":"https:\/\/www.pagodethienminh.fr\/index.php?rest_route=\/wp\/v2\/types\/page"}],"author":[{"embeddable":true,"href":"https:\/\/www.pagodethienminh.fr\/index.php?rest_route=\/wp\/v2\/users\/1"}],"replies":[{"embeddable":true,"href":"https:\/\/www.pagodethienminh.fr\/index.php?rest_route=%2Fwp%2Fv2%2Fcomments&post=6015"}],"version-history":[{"count":27,"href":"https:\/\/www.pagodethienminh.fr\/index.php?rest_route=\/wp\/v2\/pages\/6015\/revisions"}],"predecessor-version":[{"id":6278,"href":"https:\/\/www.pagodethienminh.fr\/index.php?rest_route=\/wp\/v2\/pages\/6015\/revisions\/6278"}],"up":[{"embeddable":true,"href":"https:\/\/www.pagodethienminh.fr\/index.php?rest_route=\/wp\/v2\/pages\/51"}],"wp:attachment":[{"href":"https:\/\/www.pagodethienminh.fr\/index.php?rest_route=%2Fwp%2Fv2%2Fmedia&parent=6015"}],"curies":[{"name":"wp","href":"https:\/\/api.w.org\/{rel}","templated":true}]}}