{"id":5372,"date":"2016-02-15T09:54:50","date_gmt":"2016-02-15T09:54:50","guid":{"rendered":"http:\/\/www.pagodethienminh.fr\/?page_id=5372"},"modified":"2016-02-15T09:54:50","modified_gmt":"2016-02-15T09:54:50","slug":"chu-hanh-trong-dao-phat","status":"publish","type":"page","link":"https:\/\/www.pagodethienminh.fr\/?page_id=5372","title":{"rendered":"Ch\u1eef h\u1ea1nh trong \u0111\u1ea1o ph\u1eadt"},"content":{"rendered":"<p class=\"td-sub-title\">\u0110i\u1ec3m gi\u1ed1ng nhau l\u00e0 g\u00ec gi\u1eefa tr\u01b0\u1eddng ph\u00e1i tu h\u00e0nh l\u1ea5y t\u00ecnh th\u01b0\u01a1ng, s\u1ef1 t\u1eeb bi,\u2026 l\u00e0m g\u1ed1c v\u1edbi tr\u01b0\u1eddng ph\u00e1i t\u1eadp luy\u1ec7n gi\u00fap t\u1eadp trung v\u00e0 ph\u00e1t huy s\u1ee9c m\u1ea1nh b\u1ea3n th\u00e2n? N\u00f3 ch\u1ec9 n\u1eb1m \u1edf m\u1ed9t ch\u1eef.<\/p>\n<div class=\"td-post-text-content\">\n<p><strong>Ch\u1eef \u201c H\u1ea1nh\u201d trong \u0111\u1ea1o Ph\u1eadt v\u00e0 \u0111\u1ea1o V\u00f5<\/strong><\/p>\n<p>\u201cH\u1ea1nh\u201d v\u1ed1n l\u00e0 bi\u1ec7t ng\u1eef t\u00f4n gi\u00e1o, ch\u00ednh x\u00e1c l\u00e0 Ph\u1eadt gi\u00e1o. Kh\u00e1i ni\u1ec7m \u1ea5y ch\u1ec9 ph\u1ea9m h\u1ea1nh c\u1ee7a ng\u01b0\u1eddi tu s\u1edf \u0111\u1eafc \u0111\u01b0\u1ee3c do c\u00f4ng phu tr\u00ec t\u1ee5ng, th\u1ef1c h\u00e0nh gi\u00e1o ph\u00e1p, s\u1ed1ng thi\u1ec7n gi\u1eef gi\u1edbi \u0111\u00fang l\u1eddi Ph\u1eadt d\u1ea1y. H\u1ea1nh l\u00e0 \u201cch\u1ea5t\u201d con nh\u00e0 Ph\u1eadt, b\u00ean trong chi\u1ebfc \u00e1o tu s\u0129, \u201cchi\u1ebfc \u00e1o kh\u00f4ng l\u00e0m n\u00ean th\u1ea7y tu\u201d \u2013 c\u00f3 h\u1ea1nh m\u1edbi \u0111\u00edch th\u1ef1c l\u00e0 ng\u01b0\u1eddi tu. D\u01b0\u1edbi m\u1eaft ng\u01b0\u1eddi c\u00f3 t\u00edn ng\u01b0\u1ee1ng, ng\u01b0\u1eddi tu c\u00f3 h\u1ea1nh b\u1ed9c l\u1ed9 c\u1ea3 ra ngo\u00e0i khi\u1ebfn ng\u01b0\u1eddi ta tr\u00e2n tr\u1ecdng, t\u00e2m ph\u1ee5c.<\/p>\n<p>Kh\u00f4ng ch\u1ec9 l\u00e0 ng\u01b0\u1eddi theo nghi\u1ec7p tu h\u00e0nh,\u00a0 ng\u01b0\u1eddi s\u1edf \u0111\u1eafc v\u00f5 thu\u1eadt ch\u00e2n ch\u00ednh v\u00e0 c\u00f3 th\u1ef1c l\u1ef1c theo ngh\u0129a tr\u1ecdn v\u1eb9n t\u1ea5t y\u1ebfu ph\u1ea3i v\u00e0 c\u1ea7n c\u00f3 h\u1ea1nh.<\/p>\n<p><a href=\"http:\/\/kynangsinhton.vn\/wp-content\/uploads\/2015\/06\/02062015-dieu-giong-nhau-giua-dao-phat-va-dao-vo1.jpg\"><img loading=\"lazy\" decoding=\"async\" class=\"lazy aligncenter wp-image-1456\" src=\"http:\/\/kynangsinhton.vn\/wp-content\/uploads\/2015\/06\/02062015-dieu-giong-nhau-giua-dao-phat-va-dao-vo1.jpg\" alt=\"02062015-dieu-giong-nhau-giua-dao-phat-va-dao-vo1\" width=\"600\" height=\"338\" data-original=\"http:\/\/kynangsinhton.vn\/wp-content\/uploads\/2015\/06\/02062015-dieu-giong-nhau-giua-dao-phat-va-dao-vo1.jpg\" \/><\/a><\/p>\n<p><strong>V\u1eady \u201ch\u1ea1nh\u201d con nh\u00e0 v\u00f5 l\u00e0 g\u00ec?<\/strong><\/p>\n<p>Thi\u1ec3n ngh\u0129, v\u00f5 thu\u1eadt ph\u01b0\u01a1ng \u0110\u00f4ng, nh\u1ea5t l\u00e0 thi\u1ec1n t\u00f4ng, h\u1ea1nh l\u00e0 quan y\u1ebfu. Ng\u01b0\u1eddi s\u1edf \u0111\u1eafc v\u00f5 thu\u1eadt ch\u00e2n ch\u00ednh v\u00e0 c\u00f3 th\u1ef1c l\u1ef1c theo ngh\u0129a tr\u1ecdn v\u1eb9n t\u1ea5t y\u1ebfu ph\u1ea3i v\u00e0 c\u1ea7n c\u00f3 h\u1ea1nh. \u0110i\u1ec1u n\u00e0y r\u1ea5t nh\u00e2n v\u0103n v\u00ec kh\u00f4ng ch\u1ec9 c\u00f3 con ng\u01b0\u1eddi m\u1edbi c\u00f3 s\u1ee9c m\u1ea1nh, nhi\u1ec1u \u2013 r\u1ea5t nhi\u1ec1u th\u1eadm ch\u00ed l\u00e0 h\u1ea7u h\u1ebft \u0111\u1ed9ng v\u1eadt, m\u1ed9t s\u1ed1 th\u1ef1c v\u1eadt \u0111\u1eb7c bi\u1ec7t c\u00f3 s\u1ee9c m\u1ea1nh, c\u00f3 kh\u1ea3 n\u0103ng t\u1ef1 v\u1ec7 v\u00e0 t\u1ea5n c\u00f4ng. Ngay c\u1ea3 b\u1ea1ch tu\u1ed9c m\u1ec1m y\u1ebfu m\u00e0 c\u0169ng c\u00f3 kh\u1ea3 n\u0103ng phun m\u1ecbt l\u00e0m m\u00f9 \u0111\u1ed1i ph\u01b0\u01a1ng, c\u00f2n c\u1ecdp b\u00e1o, c\u00e1 s\u1ea5u, r\u1eafn \u0111\u1ed9c\u2026 s\u1ee9c m\u1ea1nh m\u1edbi th\u1ef1c gh\u00ea g\u1edbm, v\u01b0\u1ee3t xa s\u1ee9c m\u1ea1nh c\u01a1 b\u1eafp con ng\u01b0\u1eddi, v\u00e0 con ng\u01b0\u1eddi t\u1eeb x\u01b0a \u0111\u00e3 h\u1ecdc nhi\u1ec1u \u0111\u00f2n th\u1ebf t\u1eeb s\u1ee9c m\u1ea1nh lo\u00e0i v\u1eadt \u0111\u1ec3 l\u00e0m phong ph\u00fa v\u00f5 h\u1ecdc c\u1ee7a m\u00ecnh.<\/p>\n<p>V\u1eady con ng\u01b0\u1eddi c\u00f3 v\u00f5 kh\u00e1c bi\u1ec7t s\u1ee9c m\u1ea1nh n\u00f3i chung nh\u01b0 th\u1ebf n\u00e0o? C\u00f3 l\u1ebd h\u1ea1nh l\u00e0 gi\u00e1 tr\u1ecb ph\u00e2n bi\u1ec7t. Gi\u00e1 tr\u1ecb n\u00e0y \u0111\u00e3 gi\u00fap con nh\u00e0 v\u00f5 kh\u00f4ng bi\u1ebfn th\u00e0nh c\u1ed7 m\u00e1y ch\u00e9m gi\u1ebft v\u00f4 tri, nh\u1eefng s\u00e1t th\u1ee7 c\u00f4ng c\u1ee5. H\u1ea1nh n\u00e2ng t\u1ea7m v\u00f5 thu\u1eadt l\u00ean th\u00e0nh m\u1ed9t th\u1ee9 v\u0103n h\u00f3a n\u1ebfu kh\u00f4ng n\u00f3i l\u00e0 v\u0103n h\u00f3a \u0111\u1ec9nh cao khi s\u1ee9c m\u1ea1nh \u0111\u01b0\u1ee3c h\u01b0\u1edbng \u0111\u1ebfn nh\u1eefng m\u1ee5c \u0111\u00edch c\u1ee5 th\u1ec3 th\u00f4ng qua ph\u01b0\u01a1ng ph\u00e1p c\u1ee5 th\u1ec3, s\u1ee9c m\u1ea1nh c\u01a1 b\u1eafp \u0111\u01b0\u1ee3c h\u01b0\u1edbng d\u1eabn b\u1edfi l\u00fd lu\u1eadn minh tri\u1ebft r\u1ea5t Ng\u01b0\u1eddi.<\/p>\n<p>\u0110\u1ec3 c\u00f3 \u0111\u00f2n th\u1ebf kh\u00fac tri\u1ebft \u0111\u00e3 kh\u00f3, s\u1edf \u0111\u1eafc h\u1ea1nh c\u00e0ng kh\u00f3 h\u01a1n, \u0111\u1ea5y l\u00e0 c\u1ea3 m\u1ed9t qu\u00e1 tr\u00ecnh r\u00e8n luy\u1ec7n gian nan l\u00e2u d\u00e0i, c\u1ea3 \u0111\u1eddi. D\u01b0\u1edbi m\u00e1i ch\u00f9a con nh\u00e0 v\u00f5 \u0111\u1ed3ng h\u00e0nh v\u1edbi gi\u00e1o ph\u00e1p, h\u1ea1nh l\u00e0 \u0111\u01b0\u01a1ng nhi\u00ean. Ngo\u00e0i \u0111\u1eddi, h\u1ea1nh c\u00f3 \u0111\u01b0\u1ee3c th\u1eadt nan gi\u1ea3i, tu ch\u1ee3 m\u00e0.<\/p>\n<p><a href=\"http:\/\/kynangsinhton.vn\/wp-content\/uploads\/2015\/06\/02062015-dieu-giong-nhau-giua-dao-phat-va-dao-vo2.jpg\"><img loading=\"lazy\" decoding=\"async\" class=\"lazy aligncenter wp-image-1457\" src=\"http:\/\/kynangsinhton.vn\/wp-content\/uploads\/2015\/06\/02062015-dieu-giong-nhau-giua-dao-phat-va-dao-vo2.jpg\" alt=\"02062015-dieu-giong-nhau-giua-dao-phat-va-dao-vo2\" width=\"600\" height=\"798\" data-original=\"http:\/\/kynangsinhton.vn\/wp-content\/uploads\/2015\/06\/02062015-dieu-giong-nhau-giua-dao-phat-va-dao-vo2.jpg\" \/><\/a><\/p>\n<p><em>Ng\u01b0\u1eddi c\u00f3 v\u00f5 m\u00e0 kh\u00f4ng c\u00f3 h\u1ea1nh tinh th\u1ea7n ch\u01a1i v\u01a1i, s\u1ee9c m\u1ea1nh kh\u00f4ng \u0111\u01b0\u1ee3c huy \u0111\u1ed9ng h\u1ebft cho cu\u1ed9c chi\u1ebfn \u0111\u1ea5u k\u00e9m t\u00ednh m\u1ee5c \u0111\u00edch..<\/em><\/p>\n<p>\u0110\u1ea1o \u0111\u1ee9c, \u0111\u1ea1o l\u00fd\u2026 c\u00f3 th\u1ec3 \u0111\u01b0\u1ee3c hi\u1ec3u n\u00f4m na \u0111\u1ea5y l\u00e0 h\u1ea1nh. Cho d\u00f9 trong ch\u00f9a hay ngo\u00e0i ch\u1ee3 \u0111\u1eddi, c\u00f3 h\u1ea1nh, s\u1ee9c m\u1ea1nh \u0111\u01b0\u1ee3c h\u01b0\u1edbng d\u1eabn v\u00e0 t\u0103ng th\u00eam. Con nh\u00e0 v\u00f5 c\u00f3 h\u1ea1nh t\u1ee9c c\u00f3 n\u1ec1n t\u1ea3ng gi\u00e1 tr\u1ecb tinh th\u1ea7n qu\u00fd gi\u00e1, t\u1ef1 tin, m\u1ea1nh m\u1ebd, d\u1ee9t kho\u00e1t, kh\u00f4ng dao \u0111\u1ed9ng\u2026.<\/p>\n<p>\u0110\u1ec3 chi\u1ebfn th\u1eafng m\u1ed9t \u0111\u1ed1i th\u1ee7 c\u00f3 h\u1ea1nh \u2013 l\u1ef1c \u0111\u1ea7y \u0111\u1ee7 kh\u00f3 b\u1ed9i ph\u1ea7n v\u00ec h\u1ecd s\u1ebd chi\u1ebfn \u0111\u1ea5u v\u1edbi h\u01a1n 100% s\u1ee9c m\u1ea1nh. Ng\u01b0\u1ee3c l\u1ea1i, ng\u01b0\u1eddi c\u00f3 v\u00f5 m\u00e0 kh\u00f4ng c\u00f3 h\u1ea1nh tinh th\u1ea7n ch\u01a1i v\u01a1i, s\u1ee9c m\u1ea1nh kh\u00f4ng \u0111\u01b0\u1ee3c huy \u0111\u1ed9ng h\u1ebft cho cu\u1ed9c chi\u1ebfn \u0111\u1ea5u k\u00e9m t\u00ednh m\u1ee5c \u0111\u00edch, h\u1ecd v\u00e0o tr\u1eadn v\u1edbi l\u1ef1c d\u01b0\u1edbi s\u1ee9c m\u00ecnh, d\u1ec5 b\u1ecb \u0111\u00e1nh b\u1ea1i h\u01a1n.<\/p>\n<p>\u0110\u1ea5y l\u00e0 n\u00f3i ki\u1ec3u ph\u00e0m phu. Trong thi\u1ec1n t\u00f4ng, kh\u00f4ng c\u00f3 h\u1ea1nh anh kh\u00f4ng th\u1ec3 thi\u1ec1n \u0111\u1ecbnh, kh\u00f4ng th\u1ec3 c\u00f3 s\u1ee9c m\u1ea1nh t\u1eeb thi\u1ec1n. H\u1ea1nh kh\u00f4ng c\u00f2n l\u00e0 \u201cs\u1ef1 khuy\u1ebfn kh\u00edch\u201d m\u00e0 l\u00e0 y\u00eau c\u1ea7u b\u1eaft bu\u1ed9c c\u1ea7n v\u00e0 \u0111\u1ee7 c\u1ee7a v\u00f5 h\u1ecdc, kh\u00f4ng c\u00f3 c\u00e1i n\u00e0y th\u00ec kh\u00f4ng c\u00f3 c\u00e1i kia.<\/p>\n<p>H\u1ecdc v\u00f5 thu\u1eadt, r\u00e8n cho c\u00f3 h\u1ea1nh, \u0111\u1ea5y l\u00e0 h\u1ecdc l\u00e0m ng\u01b0\u1eddi v\u1edbi nh\u1eefng ti\u00eau chu\u1ea9n cao nh\u1ea5t, hai trong m\u1ed9t, l\u1eddi bi\u1ebft bao nhi\u00eau\u2026<\/p>\n<p><strong>Nguy\u1ec5n Th\u00e0nh C\u00f4ng<\/strong><strong>\/ vothuat.vn<\/strong><\/p>\n<\/div>\n","protected":false},"excerpt":{"rendered":"<p>\u0110i\u1ec3m gi\u1ed1ng nhau l\u00e0 g\u00ec gi\u1eefa tr\u01b0\u1eddng ph\u00e1i tu h\u00e0nh l\u1ea5y t\u00ecnh th\u01b0\u01a1ng, s\u1ef1 t\u1eeb bi,\u2026 l\u00e0m g\u1ed1c v\u1edbi tr\u01b0\u1eddng ph\u00e1i t\u1eadp luy\u1ec7n gi\u00fap t\u1eadp \u2026 <a class=\"continue-reading-link\" href=\"https:\/\/www.pagodethienminh.fr\/?page_id=5372\">Continue \u00e0 lire <span class=\"meta-nav\">&rarr; <\/span><\/a><\/p>\n","protected":false},"author":1,"featured_media":0,"parent":1599,"menu_order":0,"comment_status":"closed","ping_status":"closed","template":"template-onecolumn.php","meta":{"_mc_calendar":[],"footnotes":""},"class_list":["post-5372","page","type-page","status-publish","hentry"],"_links":{"self":[{"href":"https:\/\/www.pagodethienminh.fr\/index.php?rest_route=\/wp\/v2\/pages\/5372","targetHints":{"allow":["GET"]}}],"collection":[{"href":"https:\/\/www.pagodethienminh.fr\/index.php?rest_route=\/wp\/v2\/pages"}],"about":[{"href":"https:\/\/www.pagodethienminh.fr\/index.php?rest_route=\/wp\/v2\/types\/page"}],"author":[{"embeddable":true,"href":"https:\/\/www.pagodethienminh.fr\/index.php?rest_route=\/wp\/v2\/users\/1"}],"replies":[{"embeddable":true,"href":"https:\/\/www.pagodethienminh.fr\/index.php?rest_route=%2Fwp%2Fv2%2Fcomments&post=5372"}],"version-history":[{"count":1,"href":"https:\/\/www.pagodethienminh.fr\/index.php?rest_route=\/wp\/v2\/pages\/5372\/revisions"}],"predecessor-version":[{"id":5374,"href":"https:\/\/www.pagodethienminh.fr\/index.php?rest_route=\/wp\/v2\/pages\/5372\/revisions\/5374"}],"up":[{"embeddable":true,"href":"https:\/\/www.pagodethienminh.fr\/index.php?rest_route=\/wp\/v2\/pages\/1599"}],"wp:attachment":[{"href":"https:\/\/www.pagodethienminh.fr\/index.php?rest_route=%2Fwp%2Fv2%2Fmedia&parent=5372"}],"curies":[{"name":"wp","href":"https:\/\/api.w.org\/{rel}","templated":true}]}}