{"id":5360,"date":"2016-02-15T09:42:57","date_gmt":"2016-02-15T09:42:57","guid":{"rendered":"http:\/\/www.pagodethienminh.fr\/?page_id=5360"},"modified":"2016-02-15T09:42:57","modified_gmt":"2016-02-15T09:42:57","slug":"tri-tue-va-su-giau-sang","status":"publish","type":"page","link":"https:\/\/www.pagodethienminh.fr\/?page_id=5360","title":{"rendered":"TR\u00cd TU\u1ec6 V\u00c0 S\u1ef0 GI\u00c0U SANG"},"content":{"rendered":"<p style=\"text-align: justify;\">Phan Minh \u0110\u1ee9c<\/p>\n<p style=\"text-align: justify;\">C\u00f3 ng\u01b0\u1eddi ch\u1ec9 th\u00edch l\u00e0m ph\u01b0\u1edbc, gieo nh\u00e2n gi\u00e0u sang sung t\u00fac ch\u1ee9 kh\u00f4ng th\u00edch gieo nh\u00e2n tr\u00ed tu\u1ec7. B\u1edfi h\u1ecd ngh\u0129 r\u1eb1ng gieo nh\u00e2n gi\u00e0u sang th\u00ec d\u1ec5 l\u00e0m h\u01a1n gieo nh\u00e2n tr\u00ed tu\u1ec7, ch\u1ec9 c\u1ea7n b\u1ecf ti\u1ec1n c\u1ee7a ra b\u1ed1 th\u00ed, l\u00e0m c\u00e1c vi\u1ec7c t\u1eeb thi\u1ec7n th\u00ec s\u1ebd \u0111\u01b0\u1ee3c ph\u01b0\u1edbc b\u00e1o v\u1ec1 t\u00e0i s\u1ea3n, c\u00f2n mu\u1ed1n c\u00f3 tr\u00ed tu\u1ec7 th\u00ec ph\u1ea3i h\u1ecdc, ph\u1ea3i tu, ph\u1ea3i trau d\u1ed3i ki\u1ebfn th\u1ee9c, si\u00eang th\u1ef1c h\u00e0nh V\u0103n, T\u01b0, Tu. Do nh\u1eadn th\u1ee9c nh\u01b0 th\u1ebf m\u00e0 ch\u1ec9 lo gieo tr\u1ed3ng ru\u1ed9ng ph\u01b0\u1edbc \u0111\u1ec3 trong hi\u1ec7n t\u1ea1i v\u00e0 t\u01b0\u01a1ng lai c\u00f3 \u0111\u01b0\u1ee3c t\u00e0i s\u1ea3n c\u1ee7a c\u1ea3i, \u0111\u1eddi s\u1ed1ng v\u1eadt ch\u1ea5t sung m\u00e3n. Quan ni\u1ec7m nh\u01b0 th\u1ebf r\u1ea5t thi\u1ebfu s\u00f3t. C\u00f3 th\u1ec3 trong \u0111\u1eddi tr\u01b0\u1edbc ho\u1eb7c nhi\u1ec1u \u0111\u1eddi tr\u01b0\u1edbc ng\u01b0\u1eddi \u0111\u00f3 \u0111\u00e3 gieo nh\u1eefng nh\u00e2n t\u1ea1o ph\u01b0\u1edbc b\u00e1o to l\u1edbn m\u00e0 \u0111\u1eddi n\u00e0y \u0111\u01b0\u1ee3c gi\u00e0u sang d\u00f9 ng\u01b0\u1eddi \u0111\u00f3 kh\u00f4ng th\u00f4ng minh, kh\u00f4ng gi\u1ecfi gi\u1eafn, kh\u00f4ng c\u00f3 tr\u00ecnh \u0111\u1ed9 h\u1ecdc v\u1ea5n, kh\u00f4ng c\u00f3 t\u00e0i n\u0103ng, b\u1ea3n l\u0129nh g\u00ec c\u1ea3, ng\u01b0\u1eddi \u1ea5y nh\u1edd g\u1eb7p c\u01a1 h\u1ed9i, d\u1ecbp may (do nh\u00e2n duy\u00ean ph\u01b0\u1edbc b\u00e1o m\u00e0 c\u00f3), ho\u1eb7c nh\u1edd th\u1eeba h\u01b0\u1edfng t\u00e0i s\u1ea3n c\u1ee7a c\u1ea3i c\u1ee7a \u00f4ng b\u00e0 cha m\u1eb9 \u0111\u1ec3 l\u1ea1i, ho\u1eb7c nh\u1edd ng\u01b0\u1eddi kh\u00e1c gi\u00fap \u0111\u1ee1 m\u00e0 \u0111\u01b0\u1ee3c gi\u00e0u sang (c\u0169ng do nh\u00e2n duy\u00ean ph\u01b0\u1edbc b\u00e1o m\u00e0 c\u00f3). Tuy nhi\u00ean, mu\u1ed1n gi\u1eef \u0111\u01b0\u1ee3c c\u01a1 ng\u01a1i, s\u1ef1 nghi\u1ec7p, mu\u1ed1n gi\u1eef \u0111\u01b0\u1ee3c t\u00e0i s\u1ea3n \u0111\u00f3 l\u00e2u b\u1ec1n th\u00ec c\u1ea7n ph\u1ea3i c\u00f3 tr\u00ed tu\u1ec7.<\/p>\n<p style=\"text-align: justify;\"><img decoding=\"async\" src=\"http:\/\/giacngo.vn\/userimages\/2015\/03\/25\/9\/1452145_593674100670495_1042632416_n.jpg\" alt=\"\" \/><\/p>\n<p style=\"text-align: justify;\">Kh\u00f4ng c\u00f3 tr\u00ed tu\u1ec7 m\u00e0 c\u00f3 \u0111\u01b0\u1ee3c ph\u01b0\u1edbc b\u00e1o l\u1edbn, tr\u01b0\u1eddng h\u1ee3p n\u00e0y kh\u00f4ng nhi\u1ec1u. Ph\u1ea7n l\u1edbn ng\u01b0\u1eddi c\u00f3 tr\u00ed tu\u1ec7 m\u1edbi c\u00f3 ph\u01b0\u1edbc b\u00e1o, b\u1edfi v\u00ec c\u00f3 tr\u00ed tu\u1ec7 m\u1edbi bi\u1ebft c\u1ea7n n\u00ean gieo nh\u00e2n n\u00e0o, c\u1ea7n c\u00f3 nh\u1eefng duy\u00ean g\u00ec h\u1ed7 tr\u1ee3 m\u1edbi c\u00f3 \u0111\u01b0\u1ee3c ph\u01b0\u1edbc b\u00e1o nh\u01b0 m\u00ecnh mong mu\u1ed1n, v\u00e0 l\u00e0m c\u00e1ch n\u00e0o \u0111\u1ec3 gi\u1eef \u0111\u01b0\u1ee3c ph\u01b0\u1edbc b\u00e1o \u0111\u00f3 l\u00e2u b\u1ec1n. Ng\u01b0\u1eddi <em>gi\u00e0u sang l\u00e2u b\u1ec1n<\/em> kh\u00f4ng ph\u1ea3i ch\u1ec9 nh\u1edd ph\u01b0\u1edbc b\u00e1o \u0111\u1eddi tr\u01b0\u1edbc hay ph\u01b0\u1edbc b\u00e1o trong qu\u00e1 kh\u1ee9 \u0111\u1eddi n\u00e0y, m\u00e0 ch\u1ee7 y\u1ebfu do ng\u01b0\u1eddi \u1ea5y c\u00f3 tr\u00ed tu\u1ec7, bi\u1ebft ti\u1ebfp t\u1ee5c gieo nh\u00e2n, gieo duy\u00ean \u0111\u1ec3 ru\u1ed9ng ph\u01b0\u1edbc ng\u00e0y c\u00e0ng sinh s\u00f4i n\u1ea3y n\u1edf, ch\u1eb3ng h\u1ea1n nh\u01b0 h\u1ecd bi\u1ebft c\u00fang d\u01b0\u1eddng, b\u1ed1 th\u00ed \u0111\u00fang ph\u00e1p \u0111\u1ec3 t\u1ea1o ph\u01b0\u1edbc, bi\u1ebft ch\u0103m ch\u1ec9 h\u1ecdc t\u1eadp c\u1ea7u ti\u1ebfn, c\u1ea7n m\u1eabn si\u00eang n\u0103ng l\u00e0m vi\u1ec7c, bi\u1ebft gi\u1eef g\u00ecn ti\u1ec1n c\u1ee7a, chi ti\u00eau h\u1ee3p l\u00fd, kh\u00f4ng ti\u00eau x\u00e0i hoang ph\u00ed, kh\u00e9o t\u00ednh to\u00e1n l\u00e0m \u0103n \u0111\u1ec3 cho \u0111\u1ed3ng ti\u1ec1n sinh l\u1ee3i, v\u00e0 l\u00e0m \u0103n h\u1ee3p ph\u00e1p \u0111\u1ec3 s\u1ef1 nghi\u1ec7p v\u1eefng b\u1ec1n v.v.. N\u1ebfu nh\u01b0 kh\u00f4ng c\u00f3 tr\u00ed tu\u1ec7 l\u00e0m sao bi\u1ebft c\u00e1ch t\u1ea1o ra ti\u1ec1n m\u1ed9t c\u00e1ch hi\u1ec7u qu\u1ea3 v\u00e0 h\u1ee3p ph\u00e1p, bi\u1ebft c\u00e1ch l\u00e0m gi\u00e0u v\u00e0 duy tr\u00ec s\u1ef1 gi\u00e0u sang \u0111\u00f3. Kh\u00f4ng c\u00f3 tr\u00ed tu\u1ec7 h\u1ecd s\u1ebd kh\u00f4ng bi\u1ebft nh\u1eefng nh\u00e2n n\u00e0o, duy\u00ean n\u00e0o n\u00ean gieo; nh\u1eefng nh\u00e2n n\u00e0o, duy\u00ean n\u00e0o kh\u00f4ng n\u00ean gieo, ng\u01b0\u1eddi \u0111\u00f3 s\u1ebd gieo nh\u00e2n ph\u00e1 s\u1ea3n, v\u00ed d\u1ee5 nh\u01b0 ti\u00eau ti\u1ec1n hoang ph\u00ed, l\u00e0m \u0103n th\u1ea5t b\u1ea1i, thua l\u1ed7 do thi\u1ebfu kinh nghi\u1ec7m, hi\u1ec3u bi\u1ebft, kh\u00f4ng c\u00f3 tr\u00ecnh \u0111\u1ed9 chuy\u00ean m\u00f4n, kh\u00f4ng c\u00f3 k\u1ebf ho\u1ea1ch, s\u00e1ch l\u01b0\u1ee3c, kh\u00f4ng n\u1eafm b\u1eaft t\u00ecnh h\u00ecnh th\u1eddi cu\u1ed9c, kh\u00f4ng n\u00e2ng cao tr\u00ecnh \u0111\u1ed9, tay ngh\u1ec1 \u0111\u1ec3 \u0111\u00e1p \u1ee9ng nhu c\u1ea7u c\u00f4ng vi\u1ec7c trong t\u00ecnh h\u00ecnh m\u1edbi\u2026 Ho\u1eb7c h\u1ecd gieo nh\u00e2n g\u00e2y \u1ea3nh h\u01b0\u1edfng, tr\u1edf ng\u1ea1i cho s\u1ef1 gi\u00e0u sang, ch\u1eb3ng h\u1ea1n nh\u01b0 c\u1edd b\u1ea1c, r\u01b0\u1ee3u ch\u00e8, h\u00fat s\u00e1ch, \u0103n ch\u01a1i tr\u00e1c t\u00e1ng, nghi\u1ec7n ng\u1eadp khi\u1ebfn cho hao t\u00e1n ti\u1ec1n c\u1ee7a, c\u01a1 th\u1ec3 b\u1ec7nh t\u1eadt v\u1eeba kh\u00f4ng th\u1ec3 l\u00e0m vi\u1ec7c l\u1ea1i ph\u1ea3i m\u1ea5t nhi\u1ec1u ti\u1ec1n cho chi ph\u00ed thu\u1ed1c men; ch\u01a1i v\u1edbi b\u1ea1n b\u00e8 x\u1ea5u n\u00ean b\u1ecb l\u1eeba g\u1ea1t, chi\u1ebfm \u0111o\u1ea1t c\u1ee7a c\u1ea3i, b\u1ecb x\u00fai gi\u1ee5c l\u00e0m b\u1eady khi\u1ebfn cho l\u00e2m c\u1ea3nh t\u1ed5n t\u00e0i, ph\u00e1 s\u1ea3n, t\u00f9 t\u1ed9i v.v..<\/p>\n<p style=\"text-align: justify;\">Ng\u01b0\u1eddi c\u00f3 ph\u01b0\u1edbc b\u00e1o m\u00e0 kh\u00f4ng c\u00f3 tr\u00ed tu\u1ec7 \u0111\u00f4i khi t\u1ef1 l\u00e0m h\u1ea1i ch\u00ednh b\u1ea3n th\u00e2n m\u00ecnh, h\u1ecd l\u00e0m cho c\u00e1i ph\u01b0\u1edbc b\u00e1o m\u00e0 h\u1ecd c\u00f3 \u0111\u01b0\u1ee3c tr\u1edf th\u00e0nh tai ho\u1ea1 m\u00e0 h\u1ecd kh\u00f4ng ng\u1edd. V\u00ed d\u1ee5 c\u00f3 nhi\u1ec1u ti\u1ec1n c\u1ee7a kh\u00f4ng c\u1ea7n ph\u1ea3i lo ngh\u0129 nhi\u1ec1u th\u01b0\u1eddng sinh t\u00e2m th\u1ee5 h\u01b0\u1edfng, ti\u00eau x\u00e0i phung ph\u00ed v\u00ec kh\u00f4ng ph\u1ea3i l\u00e0m l\u1ee5ng c\u1ef1c kh\u1ed5 t\u1ea1o ra ti\u1ec1n, d\u1ec5 d\u00e0ng c\u00f3 \u0111\u01b0\u1ee3c ti\u1ec1n c\u1ee7a n\u00ean kh\u00f4ng bi\u1ebft qu\u00fd tr\u1ecdng; C\u00f3 l\u1eafm c\u1ee7a nhi\u1ec1u ti\u1ec1n d\u1ec5 sinh nh\u1eefng th\u00f3i h\u01b0 t\u1eadt x\u1ea5u n\u1ebfu nh\u01b0 kh\u00f4ng bi\u1ebft k\u1ec1m ch\u1ebf b\u1ea3n th\u00e2n, kh\u00f4ng th\u01b0\u1eddng ki\u1ec3m \u0111i\u1ec3m m\u00ecnh, kh\u00f4ng quan t\u00e2m trau gi\u1ed3i ph\u1ea9m ch\u1ea5t \u0111\u1ea1o \u0111\u1ee9c; C\u00f3 l\u1eafm c\u1ee7a nhi\u1ec1u ti\u1ec1n th\u01b0\u1eddng d\u1ec5 sinh t\u00e2m \u1ef7 l\u1ea1i, \u00fd ch\u00ed, ngh\u1ecb l\u1ef1c c\u00f9n m\u00f2n. C\u00f2n tr\u01b0\u1eddng h\u1ee3p ng\u01b0\u1eddi k\u00e9m ph\u01b0\u1edbc b\u00e1o? Ng\u01b0\u1eddi k\u00e9m ph\u01b0\u1edbc b\u00e1o nh\u01b0ng c\u00f3 tr\u00ed tu\u1ec7 v\u1eabn c\u00f3 \u0111\u01b0\u1ee3c an vui h\u1ea1nh ph\u00fac n\u1ebfu kh\u00e9o s\u1ed1ng, kh\u00e9o tu t\u1eadp, n\u1ebfu c\u00f3 quan ni\u1ec7m s\u1ed1ng v\u00e0 l\u1ed1i s\u1ed1ng t\u00edch c\u1ef1c. Tuy nhi\u00ean, mu\u1ed1n c\u00f3 m\u1ed9t \u0111\u1eddi s\u1ed1ng l\u00fd t\u01b0\u1edfng, c\u00f3 nhi\u1ec1u c\u01a1 h\u1ed9i \u0111\u1ec3 tu t\u1eadp v\u00e0 t\u1ea1o th\u00eam nhi\u1ec1u c\u00f4ng \u0111\u1ee9c, ph\u01b0\u1edbc b\u00e1o cho m\u00ecnh, mu\u1ed1n ph\u00e1t huy b\u1ea3n th\u00e2n v\u00e0 l\u00e0m l\u1ee3i \u00edch cho nhi\u1ec1u ng\u01b0\u1eddi, l\u1ee3i \u00edch cho nh\u00e2n qu\u1ea7n x\u00e3 h\u1ed9i, cho ch\u00fang sinh th\u00ec c\u1ea7n ph\u1ea3i c\u00f3 c\u1ea3 tr\u00ed tu\u1ec7 v\u00e0 ph\u01b0\u1edbc b\u00e1o. N\u1ebfu ch\u1ec9 c\u00f3 m\u1ed9t trong hai th\u00ec kh\u1ea3 n\u0103ng b\u1ecb gi\u1edbi h\u1ea1n, \u0111\u1eddi s\u1ed1ng m\u1ea5t \u0111i nhi\u1ec1u gi\u00e1 tr\u1ecb, \u00fd ngh\u0129a. V\u00ed d\u1ee5 nh\u01b0 khi g\u1eb7p m\u1ed9t ng\u01b0\u1eddi \u0111ang \u0111\u00f3i kh\u00e1t tr\u00ean \u0111\u01b0\u1eddng \u0111i m\u00e0 ch\u00fang ta kh\u00f4ng c\u00f3 ti\u1ec1n trong t\u00fai, c\u0169ng kh\u00f4ng c\u00f3 th\u1ee9c \u0103n mang theo b\u00ean m\u00ecnh, th\u00ec ch\u00fang ta kh\u00f4ng th\u1ec3 gi\u00fap ng\u01b0\u1eddi \u0111\u00f3 v\u01b0\u1ee3t qua c\u00e1i kh\u1ed5 \u0111\u00f3i kh\u00e1t. Ch\u00fang ta c\u00f3 th\u1ec3 d\u00f9ng l\u1eddi n\u00f3i kh\u00e9o l\u00e9o \u0111\u1ec3 thuy\u1ebft ph\u1ee5c ng\u01b0\u1eddi kh\u00e1c gi\u00fap ng\u01b0\u1eddi \u0111\u00f3, ho\u1eb7c t\u1ef1 m\u00ecnh ki\u1ebfm ra ti\u1ec1n hay th\u1ee9c \u0103n \u0111\u1ec3 gi\u00fap ng\u01b0\u1eddi \u0111\u00f3, nh\u01b0ng ph\u1ea3i m\u1ea5t m\u1ed9t th\u1eddi gian. Nh\u01b0ng n\u1ebfu trong t\u00fai ch\u00fang ta c\u00f3 s\u1eb5n ti\u1ec1n th\u00ec ta c\u00f3 th\u1ec3 mua th\u1ee9c \u0103n gi\u00fap ng\u01b0\u1eddi \u0111\u00f3 no b\u1ee5ng t\u1ee9c th\u00ec. Trong l\u00fac h\u1ecd \u0111ang \u0111\u00f3i kh\u00e1t, \u0111ang c\u1ea7n th\u1ee9c \u0103n th\u1ee9c u\u1ed1ng, ch\u00fang ta kh\u00f4ng th\u1ec3 khuy\u00ean h\u1ecd h\u1ecdc t\u1eadp, tu h\u00e0nh, kh\u00f4ng th\u1ec3 khuy\u00ean h\u1ecd l\u00e0m ph\u01b0\u1edbc, b\u1ed1 th\u00ed \u0111\u1ec3 gieo nh\u00e2n gi\u00e0u sang, \u0111\u1ec3 trong t\u01b0\u01a1ng lai \u0111\u01b0\u1ee3c an l\u1ea1c h\u1ea1nh ph\u00fac. Ph\u1ea3i gi\u00fap h\u1ecd no tr\u01b0\u1edbc \u0111\u00e3, sau \u0111\u00f3 m\u1edbi khuy\u00ean h\u1ecd h\u1ecdc t\u1eadp, l\u00e0m vi\u1ec7c, khuy\u00ean h\u1ecd tu h\u00e0nh, l\u00e0m c\u00e1c vi\u1ec7c thi\u1ec7n. N\u1ebfu kh\u00f4ng c\u00f3 \u0111i\u1ec1u ki\u1ec7n v\u1ec1 v\u1eadt ch\u1ea5t, ch\u00fang ta s\u1ebd b\u1ecb h\u1ea1n ch\u1ebf khi h\u00e0nh c\u00e1c thi\u1ec7n ph\u00e1p, ch\u00fang ta kh\u00f3 th\u1ef1c h\u00e0nh \u0111\u1ea7y \u0111\u1ee7, tr\u1ecdn v\u1eb9n c\u00e1c ph\u00e1p b\u1ed1 th\u00ed g\u1ed3m c\u00f3 t\u00e0i th\u00ed, ph\u00e1p th\u00ed v\u00e0 v\u00f4 u\u00fd th\u00ed; ch\u00fang ta kh\u00f4ng th\u1ec3 c\u00fang d\u01b0\u1eddng, \u1ea5n t\u1ed1ng kinh s\u00e1ch, d\u1ef1ng ch\u00f9a, t\u1ea1o t\u01b0\u1ee3ng, x\u00e2y d\u1ef1ng c\u00e1c \u0111\u1ea1o tr\u00e0ng tu h\u1ecdc, \u1ee7ng h\u1ed9 t\u1ee9 s\u1ef1 cho T\u0103ng Ni tu h\u00e0nh, tr\u1ee3 duy\u00ean cho T\u0103ng Ni ho\u1eb1ng ph\u00e1p; ch\u00fang ta kh\u00f4ng th\u1ec3 t\u1ea1o d\u1ef1ng ho\u1eb7c \u0111\u00f3ng g\u00f3p v\u1ec1 v\u1eadt ch\u1ea5t cho c\u00e1c ch\u01b0\u01a1ng tr\u00ecnh t\u1eeb thi\u1ec7n, c\u00e1c c\u00f4ng tr\u00ecnh c\u00f4ng \u00edch, an sinh x\u00e3 h\u1ed9i. Ngay c\u1ea3 c\u00e1c b\u1eadc xu\u1ea5t gia tu h\u00e0nh l\u00e0 nh\u1eefng ng\u01b0\u1eddi c\u00f3 \u0111\u1eddi s\u1ed1ng gi\u1ea3n d\u1ecb, \u0111\u1ea1m b\u1ea1c, h\u1ea1n ch\u1ebf t\u1ed1i \u0111a c\u00e1c nhu c\u1ea7u v\u1eadt ch\u1ea5t, nh\u01b0ng n\u1ebfu qu\u00e1 k\u00e9m ph\u01b0\u1edbc (do \u0111\u1eddi tr\u01b0\u1edbc kh\u00f4ng quan t\u00e2m tu ph\u01b0\u1edbc, kh\u00f4ng qu\u1ea3ng k\u1ebft thi\u1ec7n duy\u00ean) c\u0169ng g\u1eb7p nhi\u1ec1u kh\u00f3 kh\u0103n tr\u1edf ng\u1ea1i. Ch\u1eb3ng h\u1ea1n nh\u01b0 \u1ed1m \u0111au b\u1ec7nh t\u1eadt kh\u00f4ng c\u00f3 ng\u01b0\u1eddi ch\u0103m lo, kh\u00f4ng c\u00f3 thu\u1ed1c men ch\u1eefa tr\u1ecb; thi\u1ebfu th\u1ed1n th\u1ee9c \u0103n th\u1ee9c u\u1ed1ng, y ph\u1ee5c, ch\u1ed7 \u1edf, \u0111i\u1ec1u ki\u1ec7n tu h\u00e0nh v.v..<\/p>\n<p style=\"text-align: justify;\">\u00a0<img decoding=\"async\" src=\"http:\/\/cameralabs.org\/media\/cameralabs\/images\/Tanya\/October_4\/43.jpg\" alt=\"\" \/><\/p>\n<p style=\"text-align: justify;\">Nhi\u1ec1u ng\u01b0\u1eddi c\u00f3 suy ngh\u0129 c\u1ef1c \u0111oan cho r\u1eb1ng: \u201cTu l\u00e0 tu c\u00e1i t\u00e2m ch\u1ee9 \u0111\u00e2u ph\u1ea3i tu c\u00e1i th\u00e2n, \u0111\u00e2u c\u1ea7n nh\u1eefng \u0111i\u1ec1u ki\u1ec7n v\u1eadt ch\u1ea5t\u201d. Quan ni\u1ec7m nh\u01b0 th\u1ebf l\u00e0 sai l\u1ea7m. Ng\u01b0\u1eddi tu kh\u00f4ng n\u00ean n\u00e2ng niu chi\u1ec1u chu\u1ed9ng x\u00e1c th\u00e2n, kh\u00f4ng n\u00ean tham \u0111\u1eafm x\u00e1c th\u00e2n, nh\u01b0ng c\u1ea7n ch\u0103m s\u00f3c, b\u1ea3o qu\u1ea3n x\u00e1c th\u00e2n v\u00ec n\u00f3 l\u00e0 ph\u01b0\u01a1ng ti\u1ec7n gi\u00fap ch\u00fang ta tu h\u00e0nh, th\u1ef1c hi\u1ec7n ch\u00ed nguy\u1ec7n, ho\u00e0i b\u00e3o c\u1ee7a m\u00ecnh. Th\u00e2n v\u00e0 t\u00e2m c\u00f3 m\u1ed1i li\u00ean h\u1ec7 m\u1eadt thi\u1ebft v\u1edbi nhau. N\u1ebfu k\u00e9m ph\u01b0\u1edbc, th\u00e2n th\u1ec3 \u0111au y\u1ebfu b\u1ec7nh t\u1eadt, thi\u1ebfu \u00e1o \u0111\u00f3i c\u01a1m, g\u1eb7p qu\u00e1 nhi\u1ec1u ch\u01b0\u1edbng duy\u00ean th\u00ec s\u1ef1 tu h\u00e0nh c\u0169ng g\u1eb7p nhi\u1ec1u tr\u1edf ng\u1ea1i. Khi mang th\u00e2n t\u1ee9 \u0111\u1ea1i, ng\u0169 \u1ea5m th\u00ec ch\u00fang ta \u00edt nhi\u1ec1u b\u1ecb chi ph\u1ed1i b\u1edfi n\u00f3. Ngay c\u1ea3 c\u00e1c b\u1eadc ch\u1ee9ng \u0111\u1ea1o, d\u00f9 t\u00e2m lu\u00f4n an \u1ed5n trong m\u1ecdi ho\u00e0n c\u1ea3nh, kh\u00f4ng b\u1ecb ngo\u1ea1i duy\u00ean t\u00e1c \u0111\u1ed9ng chi ph\u1ed1i, nh\u01b0ng khi c\u00f2n mang th\u00e2n t\u1ee9 \u0111\u1ea1i \u0111\u1ec3 tu h\u00e0nh cho c\u00f4ng vi\u00ean qu\u1ea3 m\u00e3n, ho\u1eb7c th\u1ef1c hi\u1ec7n bi nguy\u1ec7n \u0111\u1ed9 sinh, th\u00ec c\u00e1c Ng\u00e0i v\u1eabn ph\u1ea3i tr\u1ea3i qua c\u1ea3nh sinh, gi\u00e0, b\u1ec7nh, ch\u1ebft, v\u1eabn ph\u1ea3i \u0103n khi \u0111\u00f3i, u\u1ed1ng khi kh\u00e1t, \u0111i\u1ec1u tr\u1ecb v\u00e0 s\u1eed d\u1ee5ng thu\u1ed1c men khi \u1ed1m \u0111au b\u1ec7nh t\u1eadt, c\u01a1 th\u1ec3 c\u0169ng ph\u1ea3i ch\u1ecbu c\u1ea3nh n\u00f3ng l\u1ea1nh\u2026Nh\u01b0 \u0110\u1ee9c Ph\u1eadt l\u00e0 m\u1ed9t b\u1eadc Th\u00e1nh xu\u1ea5t th\u1ebf, nh\u01b0ng khi mang th\u00e2n t\u1ee9 \u0111\u1ea1i c\u0169ng ph\u1ea3i ch\u1ecbu c\u1ea3nh gi\u00e0 y\u1ebfu, \u1ed1m \u0111au\u2026\u0110\u1ee9c Ph\u1eadt v\u00e0 t\u0103ng \u0111o\u00e0n c\u0169ng c\u1ea7n c\u00f3 y s\u0129 K\u1ef3 B\u00e0 (J\u00ecvaka) ch\u0103m lo s\u1ee9c kho\u1ebb, kh\u00e1m b\u1ec7nh b\u1ed1c thu\u1ed1c m\u1ed7i khi \u0111au b\u1ec7nh. Khi \u0110\u1ee9c Ph\u1eadt b\u1ecb nh\u1eefng c\u01a1n \u0111au nh\u1ee9c do b\u1ec7nh ho\u00e0nh h\u00e0nh, Ng\u00e0i ph\u1ea3i nh\u1eadp \u0111\u1ecbnh \u0111\u1ec3 \u0111i\u1ec1u ph\u1ee5c. C\u00f2n ph\u00e0m phu ch\u00fang ta, tr\u00ed tu\u1ec7 k\u00e9m c\u1ecfi, c\u00f4ng phu tu h\u00e0nh ch\u01b0a \u0111\u01b0\u1ee3c bao nhi\u00eau, kh\u00f4ng ph\u1ea3i d\u1ec5 d\u00e0ng d\u00f9ng \u0111\u1ecbnh l\u1ef1c kh\u1ed1ng ch\u1ebf kh\u1ed5 th\u1ecd. V\u00ec v\u1eady kh\u00f4ng n\u00ean c\u00f3 suy ngh\u0129 c\u1ef1c \u0111oan, duy \u00fd ch\u00ed, cho r\u1eb1ng tu t\u00e2m ch\u1ee9 kh\u00f4ng tu th\u00e2n. Ngh\u0129 nh\u01b0 th\u1ebf th\u00ec ch\u1eb3ng nh\u1eefng g\u1eb7p nhi\u1ec1u tr\u1edf ng\u1ea1i trong qu\u00e1 tr\u00ecnh tu t\u1eadp m\u00e0 c\u0169ng b\u1ecb h\u1ea1n ch\u1ebf trong vi\u1ec7c l\u00e0m l\u1ee3i \u00edch ch\u00fang sinh. C\u1ea7n n\u00ean nh\u1edb c\u00e1c ph\u00e1p do duy\u00ean sinh m\u00e0 th\u00e0nh.<\/p>\n<p style=\"text-align: justify;\">M\u1ed9t ng\u01b0\u1eddi \u0111ang tr\u00ean b\u01b0\u1edbc \u0111\u01b0\u1eddng tu h\u1ecdc, n\u1ebfu b\u1ec7nh ho\u1ea1n m\u00e0 kh\u00f4ng c\u00f3 ti\u1ec1n ch\u1ea1y ch\u1eefa thu\u1ed1c men, \u0103n u\u1ed1ng kham kh\u1ed5, kh\u00f4ng \u0111i\u1ec1u \u0111\u1ed9 (khi s\u1edbm khi tr\u1ec5; khi c\u00f3 th\u1ee9c \u0103n, khi kh\u00f4ng c\u00f3 th\u1ee9c \u0103n\u2026), l\u1ea1i th\u1ee9c khuya d\u1eady s\u1edbm,\u00a0 l\u00e0m vi\u1ec7c c\u1ef1c nh\u1ecdc \u0111\u1ebfn m\u1ee9c s\u1ee9c kho\u1ebb ki\u1ec7t qu\u1ec7, tinh th\u1ea7n sa s\u00fat, th\u00e2n th\u1ec3 g\u1ea7y m\u00f2n, th\u00ec li\u1ec7u trong m\u1ed9t th\u00e2n th\u1ec3 y\u1ebfu \u0111u\u1ed1i, tinh th\u1ea7n b\u1ea1c nh\u01b0\u1ee3c nh\u01b0 th\u1ebf, ng\u01b0\u1eddi \u0111\u00f3 c\u00f3 th\u1ec3 tu t\u1eadp v\u00e0 l\u00e0m \u0111\u01b0\u1ee3c vi\u1ec7c l\u1ee3i \u00edch g\u00ec cho ng\u01b0\u1eddi kh\u00e1c? Ng\u01b0\u1ee3c l\u1ea1i, n\u1ebfu c\u00f3 ph\u01b0\u1edbc b\u00e1o m\u00e0 kh\u00f4ng c\u00f3 tr\u00ed tu\u1ec7 th\u00ec c\u0169ng b\u1ecb gi\u1edbi h\u1ea1n nhi\u1ec1u m\u1eb7t. V\u00ed d\u1ee5 l\u00fac ch\u00fang ta g\u1eb7p nh\u1eefng kh\u00f3 kh\u0103n trong \u0111\u1eddi s\u1ed1ng m\u00e0 \u0111\u00f3 l\u00e0 nh\u1eefng kh\u00f3 kh\u0103n trong c\u00f4ng vi\u1ec7c, trong giao ti\u1ebfp \u1ee9ng x\u1eed, trong quan h\u1ec7 t\u00ecnh c\u1ea3m gi\u1eefa v\u1ee3 ch\u1ed3ng, gi\u1eefa cha m\u1eb9 v\u00e0 con c\u00e1i, gi\u1eefa b\u1ea1n b\u00e8, \u0111\u1ed3ng nghi\u1ec7p v\u1edbi nhau, nh\u1eefng kh\u00f3 kh\u0103n \u0111\u00f2i h\u1ecfi ph\u1ea3i c\u00f3 ki\u1ebfn th\u1ee9c hi\u1ec3u bi\u1ebft, \u0111\u00f2i h\u1ecfi ph\u1ea3i c\u00f3 k\u1ef9 n\u0103ng l\u00e0m vi\u1ec7c, k\u1ef9 n\u0103ng x\u1eed l\u00fd t\u00ecnh hu\u1ed1ng, k\u1ef9 n\u0103ng s\u1ed1ng v.v.. th\u00ec d\u00f9 cho c\u00f3 ti\u1ec1n c\u1ee7a nhi\u1ec1u c\u0169ng kh\u00f4ng gi\u1ea3i quy\u1ebft \u0111\u01b0\u1ee3c, v\u00ec kh\u00f4ng ph\u1ea3i chuy\u1ec7n g\u00ec c\u0169ng c\u00f3 th\u1ec3 gi\u1ea3i quy\u1ebft b\u1eb1ng ti\u1ec1n b\u1ea1c. Trong \u0111\u1ea1o Ph\u1eadt th\u01b0\u1eddng khuy\u00ean ch\u00fang ta n\u00ean trang b\u1ecb cho m\u00ecnh \u0111\u1ea7y \u0111\u1ee7 tr\u00ed tu\u1ec7 v\u00e0 ph\u01b0\u1edbc b\u00e1o, \u0111\u00f3 l\u00e0 t\u01b0 l\u01b0\u01a1ng, l\u00e0 h\u00e0nh l\u00fd c\u1ea7n thi\u1ebft. C\u00e1c v\u1ecb Ph\u1eadt v\u00e0 B\u1ed3- t\u00e1t \u0111\u1ec1u c\u00f3 \u0111\u1ea7y \u0111\u1ee7 tr\u00ed tu\u1ec7 v\u00e0 ph\u01b0\u1edbc b\u00e1o, ch\u00ednh v\u00ec th\u1ebf m\u00e0 c\u00e1c v\u1ecb \u1ea5y c\u00f3 kh\u1ea3 n\u0103ng r\u1ed9ng \u0111\u1ed9 ch\u00fang sinh.<\/p>\n<p style=\"text-align: justify;\">\u0110\u1ee9c Ph\u1eadt kh\u00f4ng ch\u1ec9 khuy\u00ean c\u00e1c \u0111\u1ec7 t\u1eed ch\u0103m lo tu hu\u1ec7 (tr\u00ed tu\u1ec7), m\u00e0 c\u00f2n khuy\u00ean c\u00e1c \u0111\u1ec7 t\u1eed ch\u0103m lo tu ph\u01b0\u1edbc, \u0111\u00f3 l\u00e0 ph\u01b0\u1edbc hu\u1ec7 song tu. M\u1ed7i ng\u00e0y Ng\u00e0i \u0111i tr\u00ec b\u00ecnh ch\u00ednh l\u00e0 mu\u1ed1n t\u1ea1o nh\u00e2n duy\u00ean l\u00e0nh v\u1edbi ch\u00fang sinh, mu\u1ed1n t\u1ea1o c\u01a1 h\u1ed9i cho ch\u00fang sinh gieo tr\u1ed3ng ru\u1ed9ng ph\u01b0\u1edbc, \u0111\u1ed3ng th\u1eddi t\u00f9y duy\u00ean thuy\u1ebft ph\u00e1p h\u00f3a \u0111\u1ed9. \u0110\u1ee9c Ph\u1eadt d\u1ea1y ba m\u00f4n h\u1ecdc Gi\u1edbi, \u0110\u1ecbnh, Tu\u1ec7 (Gi\u1edbi ph\u00e1p, nh\u1eefng \u0111i\u1ec1u \u0111\u1ea1o \u0111\u1ee9c, c\u0103n b\u1ea3n ph\u1ea1m h\u1ea1nh,Th\u00e1nh h\u1ea1nh-Thi\u1ec1n \u0111\u1ecbnh-Tr\u00ed tu\u1ec7), d\u1ea1y V\u0103n, T\u01b0, Tu \u0111\u1ec3 trau gi\u1ed3i tr\u00ed tu\u1ec7, d\u1ea1y h\u00e0ng \u0111\u1ec7 t\u1eed xu\u1ea5t gia c\u0169ng nh\u01b0 t\u1ea1i gia l\u1ea5y tr\u00ed tu\u1ec7 l\u00e0m s\u1ef1 nghi\u1ec7p. B\u00ean c\u1ea1nh \u0111\u00f3 \u0110\u1ee9c Ph\u1eadt c\u0169ng d\u1ea1y nhi\u1ec1u b\u00e0i kinh gi\u00fap h\u00e0ng \u0111\u1ec7 t\u1eed tu ph\u01b0\u1edbc.<\/p>\n<p style=\"text-align: justify;\">\n<p style=\"text-align: justify;\">Trong T\u0103ng Chi B\u1ed9 kinh I, ch\u01b0\u01a1ng V, ph\u1ea9m Suman\u00e0 c\u00f3 ghi l\u1ea1i cu\u1ed9c v\u1ea5n \u0111\u00e1p gi\u1eefa \u0110\u1ee9c Ph\u1eadt v\u00e0 m\u1ed9t v\u1ecb c\u00f4ng ch\u00faa nh\u01b0 sau: V\u1ecb c\u00f4ng ch\u00faa t\u00ean Suman\u00e0 b\u1ea1ch h\u1ecfi Ph\u1eadt r\u1eb1ng, n\u1ebfu c\u00f3 hai \u0111\u1ec7 t\u1eed c\u1ee7a Ph\u1eadt c\u00f3 ni\u1ec1m tin ch\u01a1n ch\u00e1nh, thanh t\u1ecbnh (t\u00edn), c\u00f3 gi\u1edbi \u0111\u1ee9c (gi\u1edbi) v\u00e0 tr\u00ed tu\u1ec7 ngang b\u1eb1ng nhau, nh\u01b0ng m\u1ed9t ng\u01b0\u1eddi c\u00f3 h\u00e0nh h\u1ea1nh b\u1ed1 th\u00ed, m\u1ed9t ng\u01b0\u1eddi kh\u00f4ng c\u00f3 h\u00e0nh h\u1ea1nh b\u1ed1 th\u00ed. Sau khi th\u00e2n ho\u1ea1i m\u1ea1ng chung, c\u1ea3 hai v\u1ecb \u1ea5y \u0111\u01b0\u1ee3c sinh l\u00ean c\u00f5i tr\u1eddi ho\u1eb7c sinh tr\u1edf l\u1ea1i c\u00f5i ng\u01b0\u1eddi, th\u00ec gi\u1eefa hai v\u1ecb \u1ea5y c\u00f3 s\u1ef1 kh\u00e1c bi\u1ec7t g\u00ec kh\u00f4ng? \u0110\u1ee9c Ph\u1eadt \u0111\u00e3 tr\u1ea3 l\u1eddi r\u1eb1ng: C\u00f3 s\u1ef1 kh\u00e1c bi\u1ec7t. \u0110\u00f3 l\u00e0, d\u00f9 sinh l\u00ean c\u00f5i tr\u1eddi hay sinh tr\u1edf l\u1ea1i c\u00f5i ng\u01b0\u1eddi, th\u00ec ng\u01b0\u1eddi c\u00f3 tu h\u1ea1nh b\u1ed1 th\u00ed v\u1eabn v\u01b0\u1ee3t tr\u1ed9i h\u01a1n ng\u01b0\u1eddi kh\u00f4ng c\u00f3 tu h\u1ea1nh b\u1ed1 th\u00ed v\u1ec1 th\u1ecd m\u1ea1ng, nhan s\u1eafc, an l\u1ea1c h\u1ea1nh ph\u00fac, danh x\u01b0ng v\u00e0 t\u0103ng th\u01b0\u1ee3ng (t\u0103ng l\u00ean, th\u00eam h\u01a1n nh\u1eefng \u0111i\u1ec1u t\u1ed1t l\u00e0nh, nh\u1eefng ph\u01b0\u1edbc duy\u00ean; g\u1eb7p nh\u1eefng \u0111i\u1ec1u ki\u1ec7n nh\u00e2n duy\u00ean gi\u00fap cho \u0111\u1eddi s\u1ed1ng \u0111\u00e3 t\u1ed1t \u0111\u1eb9p l\u1ea1i c\u00e0ng th\u00eam t\u1ed1t \u0111\u1eb9p; g\u1eb7p nhi\u1ec1u thu\u1eadn l\u1ee3i, nhi\u1ec1u c\u01a1 h\u1ed9i, d\u1ecbp may, \u0111\u01b0\u1ee3c nhi\u1ec1u ng\u01b0\u1eddi \u1ee7ng h\u1ed9, gi\u00fap \u0111\u1ee1, qu\u00fd m\u1ebfn, \u0111em \u0111\u1ebfn cho m\u00ecnh nh\u1eefng \u0111i\u1ec1u t\u1ed1t \u0111\u1eb9p.Trong qu\u00e1 tr\u00ecnh tu t\u1eadp ng\u01b0\u1eddi n\u00e0y c\u0169ng d\u1ec5 th\u00e0nh t\u1ef1u c\u00e1c thi\u1ec7n ph\u00e1p).<\/p>\n<p style=\"text-align: justify;\">T\u00f3m l\u1ea1i, ph\u01b0\u1edbc hu\u1ec7 song tu l\u00e0 bi\u1ec7n ph\u00e1p trang nghi\u00eam t\u1ef1 th\u00e2n \u0111\u1ec3 \u0111\u1eddi s\u1ed1ng hi\u1ec7n t\u1ea1i v\u00e0 t\u01b0\u01a1ng lai \u0111\u01b0\u1ee3c nhi\u1ec1u an l\u1ea1c h\u1ea1nh ph\u00fac. Kh\u00f4ng n\u00ean c\u00f3 quan ni\u1ec7m ch\u1ec9 c\u1ea7n tu ph\u01b0\u1edbc ho\u1eb7c ch\u1ec9 c\u1ea7n tu hu\u1ec7, v\u00ec nh\u01b0 th\u1ebf l\u00e0 t\u1ef1 m\u00ecnh \u0111\u00e1nh m\u1ea5t c\u01a1 h\u1ed9i l\u00e0m cho \u0111\u1eddi s\u1ed1ng c\u00f3 \u0111\u1ea7y \u0111\u1ee7 \u00fd ngh\u0129a v\u00e0 h\u1eefu \u00edch \u0111\u1ed1i v\u1edbi t\u1ef1 th\u00e2n v\u00e0 tha nh\u00e2n, \u0111\u1ed1i v\u1edbi x\u00e3 h\u1ed9i, ch\u00fang sinh, \u0111\u00e1nh m\u1ea5t c\u01a1 h\u1ed9i t\u1ea1o ngu\u1ed3n h\u1ea1nh ph\u00fac v\u1eefng b\u1ec1n cho hi\u1ec7n t\u1ea1i v\u00e0 t\u01b0\u01a1ng lai c\u1ee7a m\u00ecnh v\u00e0 m\u1ecdi ng\u01b0\u1eddi.<\/p>\n","protected":false},"excerpt":{"rendered":"<p>Phan Minh \u0110\u1ee9c C\u00f3 ng\u01b0\u1eddi ch\u1ec9 th\u00edch l\u00e0m ph\u01b0\u1edbc, gieo nh\u00e2n gi\u00e0u sang sung t\u00fac ch\u1ee9 kh\u00f4ng th\u00edch gieo nh\u00e2n tr\u00ed tu\u1ec7. B\u1edfi h\u1ecd ngh\u0129 \u2026 <a class=\"continue-reading-link\" href=\"https:\/\/www.pagodethienminh.fr\/?page_id=5360\">Continue \u00e0 lire <span class=\"meta-nav\">&rarr; <\/span><\/a><\/p>\n","protected":false},"author":1,"featured_media":0,"parent":1599,"menu_order":0,"comment_status":"closed","ping_status":"closed","template":"template-onecolumn.php","meta":{"_mc_calendar":[],"footnotes":""},"class_list":["post-5360","page","type-page","status-publish","hentry"],"_links":{"self":[{"href":"https:\/\/www.pagodethienminh.fr\/index.php?rest_route=\/wp\/v2\/pages\/5360","targetHints":{"allow":["GET"]}}],"collection":[{"href":"https:\/\/www.pagodethienminh.fr\/index.php?rest_route=\/wp\/v2\/pages"}],"about":[{"href":"https:\/\/www.pagodethienminh.fr\/index.php?rest_route=\/wp\/v2\/types\/page"}],"author":[{"embeddable":true,"href":"https:\/\/www.pagodethienminh.fr\/index.php?rest_route=\/wp\/v2\/users\/1"}],"replies":[{"embeddable":true,"href":"https:\/\/www.pagodethienminh.fr\/index.php?rest_route=%2Fwp%2Fv2%2Fcomments&post=5360"}],"version-history":[{"count":1,"href":"https:\/\/www.pagodethienminh.fr\/index.php?rest_route=\/wp\/v2\/pages\/5360\/revisions"}],"predecessor-version":[{"id":5361,"href":"https:\/\/www.pagodethienminh.fr\/index.php?rest_route=\/wp\/v2\/pages\/5360\/revisions\/5361"}],"up":[{"embeddable":true,"href":"https:\/\/www.pagodethienminh.fr\/index.php?rest_route=\/wp\/v2\/pages\/1599"}],"wp:attachment":[{"href":"https:\/\/www.pagodethienminh.fr\/index.php?rest_route=%2Fwp%2Fv2%2Fmedia&parent=5360"}],"curies":[{"name":"wp","href":"https:\/\/api.w.org\/{rel}","templated":true}]}}