{"id":5273,"date":"2015-12-23T14:45:21","date_gmt":"2015-12-23T14:45:21","guid":{"rendered":"http:\/\/www.pagodethienminh.fr\/?page_id=5273"},"modified":"2015-12-23T14:45:21","modified_gmt":"2015-12-23T14:45:21","slug":"bao-tuong-bo-tat-quan-the-am-thien-thu-thien-nhan-bang-go-lon-nhat-nuoc","status":"publish","type":"page","link":"https:\/\/www.pagodethienminh.fr\/?page_id=5273","title":{"rendered":"B\u1ea3o t\u01b0\u1ee3ng B\u1ed3 T\u00e1t Qu\u00e1n Th\u1ebf \u00c2m thi\u00ean th\u1ee7 thi\u00ean nh\u00e3n b\u1eb1ng g\u1ed7 l\u1edbn nh\u1ea5t n\u01b0\u1edbc"},"content":{"rendered":"<div class=\"description_box\">\n<h2 id=\"detail_content\">T\u01b0\u1ee3ng th\u1ec3 hi\u1ec7n h\u00f3a th\u00e2n c\u1ee7a Quan \u00c2m v\u1edbi 11 \u0111\u1ea7u (x\u1ebfp th\u00e0nh ba t\u1ea7ng h\u00ecnh ng\u1ecdn th\u00e1p), tr\u00ean \u0111\u1ec9nh th\u00e1p c\u00f3 th\u00eam m\u1ed9t pho t\u01b0\u1ee3ng Ph\u1eadt nh\u1ecf \u0111ang ng\u1ed3i trong t\u01b0 th\u1ebf \u0111\u1ea1i \u0111\u1ecbnh. T\u01b0\u1ee3ng c\u00f3 42 tay l\u1edbn \u0111\u1ec1u \u0111\u1ec3 tr\u1ea7n v\u00e0 789 tay d\u00e0i ng\u1eafn kh\u00e1c nhau<\/h2>\n<\/div>\n<div id=\"post_body\">\n<div id=\"subDTNews_desc\">Ch\u00f9a th\u01b0\u1eddng \u0111\u01b0\u1ee3c g\u1ecdi l\u00e0 ch\u00f9a B\u00fat Th\u00e1p, x\u00e2y d\u1ef1ng v\u00e0o th\u1eddi Tr\u1ea7n, tr\u00f9ng tu v\u00e0o th\u1ebf k\u1ef7 17.<\/div>\n<div id=\"subDTNews_content\">\n<p><img loading=\"lazy\" decoding=\"async\" src=\"http:\/\/phatgiao.org.vn\/www.kyluc.vn\/Editor\/assets\/01%20chua\/but%20thap%20BN1.jpg\" alt=\"\" width=\"323\" height=\"214\" \/><\/p>\n<p>Ki\u1ec7t t\u00e1c \u0111i\u00eau kh\u1eafc c\u1ee7a ch\u00f9a l\u00e0 b\u1ea3o t\u01b0\u1ee3ng Quan \u00c2m thi\u00ean th\u1ee7 thi\u00ean nh\u00e3n \u1edf ch\u00f9a Ninh Ph\u00fac (B\u00fat Th\u00e1p) do nh\u00e0 \u0111i\u00eau kh\u1eafc h\u1ecd Tr\u01b0\u01a1ng t\u1ea1c n\u0103m 1656 (B\u00ednh Th\u00e2n), c\u00f3 chi\u1ec1u cao t\u00ednh t\u1eeb \u0111\u00e0i sen l\u00ean l\u00e0 235cm; \u0111\u1ea7u r\u1ed3ng \u0111\u1ed9i t\u00f2a sen cao 30cm; b\u1ec7 t\u01b0\u1ee3ng cao 54cm; chi\u1ec1u ngang c\u1ee7a c\u00e1nh tay xa nh\u1ea5t l\u00e0 200cm; v\u00e0nh tay ph\u1ee5 cao 370cm, \u0111\u01b0\u1eddng k\u00ednh 224cm.<\/p>\n<p><img decoding=\"async\" src=\"http:\/\/phatgiao.org.vn\/www.kyluc.vn\/Editor\/assets\/01%20chua\/But%20thap%20-%20Bac%20Ninh%20KL.jpg\" alt=\"\" \/><\/p>\n<p>\u1ea2nh V\u00f5 V\u0103n T\u01b0\u1eddng<\/p>\n<p>T\u01b0\u1ee3ng th\u1ec3 hi\u1ec7n h\u00f3a th\u00e2n c\u1ee7a Quan \u00c2m v\u1edbi 11 \u0111\u1ea7u (x\u1ebfp th\u00e0nh ba t\u1ea7ng h\u00ecnh ng\u1ecdn th\u00e1p), tr\u00ean \u0111\u1ec9nh th\u00e1p c\u00f3 th\u00eam m\u1ed9t pho t\u01b0\u1ee3ng Ph\u1eadt nh\u1ecf \u0111ang ng\u1ed3i trong t\u01b0 th\u1ebf \u0111\u1ea1i \u0111\u1ecbnh. T\u01b0\u1ee3ng c\u00f3 42 tay l\u1edbn \u0111\u1ec1u \u0111\u1ec3 tr\u1ea7n v\u00e0 789 tay d\u00e0i ng\u1eafn kh\u00e1c nhau, trong l\u00f2ng m\u1ed7i b\u00e0n tay c\u00f3 m\u1ed9t con m\u1eaft \u0111\u01b0\u1ee3c ch\u1ea1m ch\u00ecm, t\u01b0\u1ee3ng tr\u01b0ng quy\u1ec1n n\u0103ng h\u00f3a hi\u1ec7n &#8220;ngh\u00ecn tay ngh\u00ecn m\u1eaft\u201d<\/p>\n<p><img loading=\"lazy\" decoding=\"async\" src=\"http:\/\/phatgiao.org.vn\/www.kyluc.vn\/Editor\/assets\/01%20chua\/But%20thap%20Bninh%20KL.jpg\" alt=\"\" width=\"487\" height=\"344\" \/><\/p>\n<p>\u1ea2nh V\u00f5 V\u0103n T\u01b0\u1eddng<\/p>\n<p>T\u1ea1i ch\u00f9a Ninh Ph\u00fac c\u00f3 h\u1ec7 th\u1ed1ng c\u00e1c m\u1ea3ng ch\u1ea1m kh\u1eafc r\u1ea5t \u0111\u1eb9p v\u00e0 \u0111\u1ed9c \u0111\u00e1o b\u1eb1ng \u0111\u00e1 d\u1ecdc theo lan can bao quanh t\u00f2a Th\u01b0\u1ee3ng \u0111i\u1ec7n (26 b\u1ee9c), c\u1ea7u thang \u0111\u00e1 n\u1ed1i v\u1edbi t\u00f2a T\u00edch Thi\u1ec7n (12 b\u1ee9c) v\u00e0 th\u00e1p B\u00e1o Nghi\u00eam (14 b\u1ee9c). T\u1ed5ng c\u1ed9ng l\u00e0 52 b\u1ee9c c\u00f9ng m\u1ed9t ch\u1ea5t li\u1ec7u, phong c\u00e1ch t\u1eadp trung v\u1ec1 \u0111\u1ec1 t\u00e0i c\u1ecf c\u00e2y hoa l\u00e1 nh\u01b0: sen, c\u00fac, tr\u00fac, lan, t\u00f9ng, c\u00e1c lo\u1ea1i \u0111\u1ed9ng v\u1eadt nh\u01b0: ng\u1ef1a, d\u00ea, tr\u00e2u, kh\u1ec9, h\u1ed5, c\u00e1, c\u00f2 v\u00e0 nh\u1eefng linh v\u1eadt kh\u00e1c.<\/p>\n<p>Ch\u00f9a B\u00fat Th\u00e1p thu\u1ed9c\u00a0<span lang=\"VI\">x\u00e3\u00a0<\/span><span lang=\"VI\">\u0110\u00ecnh T\u1ed5, huy\u1ec7n Thu\u1eadn Th\u00e0nh, t\u1ec9nh B\u1eafc Ninh,\u00a0<\/span><span lang=\"VI\">s\u1edf h\u1eefu k\u1ef7 l\u1ee5c:\u00a0<\/span>B\u1ea3o t\u01b0\u1ee3ng B\u1ed3 T\u00e1t Qu\u00e1n Th\u1ebf \u00c2m thi\u00ean th\u1ee7 thi\u00ean nh\u00e3n b\u1eb1ng g\u1ed7 l\u1edbn nh\u1ea5t.<\/p>\n<\/div>\n<\/div>\n","protected":false},"excerpt":{"rendered":"<p>T\u01b0\u1ee3ng th\u1ec3 hi\u1ec7n h\u00f3a th\u00e2n c\u1ee7a Quan \u00c2m v\u1edbi 11 \u0111\u1ea7u (x\u1ebfp th\u00e0nh ba t\u1ea7ng h\u00ecnh ng\u1ecdn th\u00e1p), tr\u00ean \u0111\u1ec9nh th\u00e1p c\u00f3 th\u00eam m\u1ed9t pho \u2026 <a class=\"continue-reading-link\" href=\"https:\/\/www.pagodethienminh.fr\/?page_id=5273\">Continue \u00e0 lire <span class=\"meta-nav\">&rarr; <\/span><\/a><\/p>\n","protected":false},"author":1,"featured_media":0,"parent":4137,"menu_order":0,"comment_status":"closed","ping_status":"closed","template":"template-onecolumn.php","meta":{"_mc_calendar":[],"footnotes":""},"class_list":["post-5273","page","type-page","status-publish","hentry"],"_links":{"self":[{"href":"https:\/\/www.pagodethienminh.fr\/index.php?rest_route=\/wp\/v2\/pages\/5273","targetHints":{"allow":["GET"]}}],"collection":[{"href":"https:\/\/www.pagodethienminh.fr\/index.php?rest_route=\/wp\/v2\/pages"}],"about":[{"href":"https:\/\/www.pagodethienminh.fr\/index.php?rest_route=\/wp\/v2\/types\/page"}],"author":[{"embeddable":true,"href":"https:\/\/www.pagodethienminh.fr\/index.php?rest_route=\/wp\/v2\/users\/1"}],"replies":[{"embeddable":true,"href":"https:\/\/www.pagodethienminh.fr\/index.php?rest_route=%2Fwp%2Fv2%2Fcomments&post=5273"}],"version-history":[{"count":1,"href":"https:\/\/www.pagodethienminh.fr\/index.php?rest_route=\/wp\/v2\/pages\/5273\/revisions"}],"predecessor-version":[{"id":5274,"href":"https:\/\/www.pagodethienminh.fr\/index.php?rest_route=\/wp\/v2\/pages\/5273\/revisions\/5274"}],"up":[{"embeddable":true,"href":"https:\/\/www.pagodethienminh.fr\/index.php?rest_route=\/wp\/v2\/pages\/4137"}],"wp:attachment":[{"href":"https:\/\/www.pagodethienminh.fr\/index.php?rest_route=%2Fwp%2Fv2%2Fmedia&parent=5273"}],"curies":[{"name":"wp","href":"https:\/\/api.w.org\/{rel}","templated":true}]}}