{"id":4438,"date":"2014-10-20T08:01:55","date_gmt":"2014-10-20T08:01:55","guid":{"rendered":"http:\/\/www.pagodethienminh.fr\/?page_id=4438"},"modified":"2015-02-01T18:44:23","modified_gmt":"2015-02-01T18:44:23","slug":"les-rencontres","status":"publish","type":"page","link":"https:\/\/www.pagodethienminh.fr\/?page_id=4438","title":{"rendered":"Les rencontres"},"content":{"rendered":"<p style=\"text-align: justify;\">La pagode organise une fois par mois une activit\u00e9 de\u00a0rencontre avec le savoir et la pratique du bouddhisme, cette voie existant de plus de 26 si\u00e8cles. Ces rencontres ont commenc\u00e9 depuis novembre 2009 et ont pour objectif d&#8217;apporter une culture du bouddhisme\u00a0aux\u00a0personnes qui portent un esprit d&#8217;ouverture, un int\u00e9r\u00eat \u00e0 la Sagesse, et qui veulent apprendre et approfondir la science de l&#8217;exp\u00e9rience int\u00e9rieure.<\/p>\n<p style=\"text-align: justify;\"><a href=\"https:\/\/www.pagodethienminh.fr\/wp-content\/uploads\/2014\/10\/DSC_0630.jpg\"><img loading=\"lazy\" decoding=\"async\" class=\"aligncenter  wp-image-4441\" src=\"https:\/\/www.pagodethienminh.fr\/wp-content\/uploads\/2014\/10\/DSC_0630.jpg\" alt=\"Rencontres\" width=\"909\" height=\"602\" \/><\/a><\/p>\n<p style=\"text-align: center;\"><em>Apr\u00e8s l&#8217;enseignement, devant les autels. (Photo prise par le Grand V\u00e9n\u00e9rable)<\/em><\/p>\n<p>Ces rencontres se d\u00e9roulent essentiellement un samedi apr\u00e8s midi de 14h30 \u00e0 17h15, selon le programme suivant :<\/p>\n<ul>\n<li><strong><em>14h15 :<\/em><\/strong> Accueil<\/li>\n<li><em><strong>14h30 :<\/strong><\/em> D\u00e9couverte sur l&#8217;art du Tai-chi. Elle permet de lier la conscience entre le corps et l&#8217;esprit<\/li>\n<li style=\"text-align: justify;\"><em><strong>15h00 :<\/strong><\/em> Sessions de 10 minutes sur la pratique de la m\u00e9ditation, bas\u00e9es essentiellement sur la respiration et le calme mental. Cette pratique,\u00a0enseign\u00e9e par le Bouddha historique Sakyamuni, est une exp\u00e9rience sur la conscience du moment pr\u00e9sent.<\/li>\n<li><em><strong>16h00 :<\/strong><\/em> Enseignement th\u00e9matique<\/li>\n<li><em><strong>17h15 :<\/strong><\/em> Go\u00fbter convivial<\/li>\n<\/ul>\n<p style=\"text-align: justify;\"><a href=\"https:\/\/www.pagodethienminh.fr\/wp-content\/uploads\/2014\/10\/DSC_0627.jpg\"><img loading=\"lazy\" decoding=\"async\" class=\"aligncenter  wp-image-4444\" src=\"https:\/\/www.pagodethienminh.fr\/wp-content\/uploads\/2014\/10\/DSC_0627.jpg\" alt=\"Tai chi rencontre\" width=\"923\" height=\"611\" \/><\/a><\/p>\n<p style=\"text-align: center;\"><em>S\u00e9ance de Tai chi, enseign\u00e9e par Lucie<\/em><\/p>\n<p style=\"text-align: justify;\">Que les m\u00e9rites de ces rencontres, puissent ils cr\u00e9er\u00a0les causes et les conditions de l&#8217;Eveil\u00a0\u00e0 tous les \u00eatres pr\u00e9sents ou non, visibles ou non, afin qu&#8217;ils puissent se lib\u00e9rer de la souffrance et de la cause de la souffrance.<\/p>\n<p style=\"text-align: center;\">Photos prises lors de la rencontre avec Lama Seunam Dorj\u00e9 de la tradition du Vajrayana Novembre 2014<\/p>\n<p style=\"text-align: justify;\"><a href=\"https:\/\/www.pagodethienminh.fr\/wp-content\/uploads\/2014\/10\/DSC_1724.jpg\"><img loading=\"lazy\" decoding=\"async\" class=\"aligncenter  wp-image-4670\" src=\"https:\/\/www.pagodethienminh.fr\/wp-content\/uploads\/2014\/10\/DSC_1724.jpg\" alt=\"DSC_1724\" width=\"1179\" height=\"780\" \/><\/a> <a href=\"https:\/\/www.pagodethienminh.fr\/wp-content\/uploads\/2014\/10\/DSC_1710.jpg\"><img loading=\"lazy\" decoding=\"async\" class=\"aligncenter  wp-image-4671\" src=\"https:\/\/www.pagodethienminh.fr\/wp-content\/uploads\/2014\/10\/DSC_1710.jpg\" alt=\"DSC_1710\" width=\"1183\" height=\"783\" \/><\/a> <a href=\"https:\/\/www.pagodethienminh.fr\/wp-content\/uploads\/2014\/10\/DSC_1712.jpg\"><img loading=\"lazy\" decoding=\"async\" class=\"aligncenter  wp-image-4672\" src=\"https:\/\/www.pagodethienminh.fr\/wp-content\/uploads\/2014\/10\/DSC_1712.jpg\" alt=\"DSC_1712\" width=\"1176\" height=\"778\" \/><\/a> <a href=\"https:\/\/www.pagodethienminh.fr\/wp-content\/uploads\/2014\/10\/DSC_1715.jpg\"><img loading=\"lazy\" decoding=\"async\" class=\"aligncenter  wp-image-4673\" src=\"https:\/\/www.pagodethienminh.fr\/wp-content\/uploads\/2014\/10\/DSC_1715.jpg\" alt=\"DSC_1715\" width=\"1177\" height=\"779\" \/><\/a> <a href=\"https:\/\/www.pagodethienminh.fr\/wp-content\/uploads\/2014\/10\/DSC_1721.jpg\"><img loading=\"lazy\" decoding=\"async\" class=\"aligncenter  wp-image-4674\" src=\"https:\/\/www.pagodethienminh.fr\/wp-content\/uploads\/2014\/10\/DSC_1721.jpg\" alt=\"DSC_1721\" width=\"1177\" height=\"779\" \/><\/a> <a href=\"https:\/\/www.pagodethienminh.fr\/wp-content\/uploads\/2014\/10\/DSC_1722.jpg\"><img loading=\"lazy\" decoding=\"async\" class=\"aligncenter  wp-image-4675\" src=\"https:\/\/www.pagodethienminh.fr\/wp-content\/uploads\/2014\/10\/DSC_1722.jpg\" alt=\"DSC_1722\" width=\"1179\" height=\"781\" \/><\/a><\/p>\n<p style=\"text-align: center;\"><strong>Nam Mo Sakyamuni Bouddha<\/strong><\/p>\n","protected":false},"excerpt":{"rendered":"<p>La pagode organise une fois par mois une activit\u00e9 de\u00a0rencontre avec le savoir et la pratique du bouddhisme, cette voie existant de plus de 26 \u2026 <a class=\"continue-reading-link\" href=\"https:\/\/www.pagodethienminh.fr\/?page_id=4438\">Continue \u00e0 lire <span class=\"meta-nav\">&rarr; <\/span><\/a><\/p>\n","protected":false},"author":1,"featured_media":0,"parent":4436,"menu_order":0,"comment_status":"closed","ping_status":"closed","template":"template-onecolumn.php","meta":{"_mc_calendar":[],"footnotes":""},"class_list":["post-4438","page","type-page","status-publish","hentry"],"_links":{"self":[{"href":"https:\/\/www.pagodethienminh.fr\/index.php?rest_route=\/wp\/v2\/pages\/4438","targetHints":{"allow":["GET"]}}],"collection":[{"href":"https:\/\/www.pagodethienminh.fr\/index.php?rest_route=\/wp\/v2\/pages"}],"about":[{"href":"https:\/\/www.pagodethienminh.fr\/index.php?rest_route=\/wp\/v2\/types\/page"}],"author":[{"embeddable":true,"href":"https:\/\/www.pagodethienminh.fr\/index.php?rest_route=\/wp\/v2\/users\/1"}],"replies":[{"embeddable":true,"href":"https:\/\/www.pagodethienminh.fr\/index.php?rest_route=%2Fwp%2Fv2%2Fcomments&post=4438"}],"version-history":[{"count":9,"href":"https:\/\/www.pagodethienminh.fr\/index.php?rest_route=\/wp\/v2\/pages\/4438\/revisions"}],"predecessor-version":[{"id":4678,"href":"https:\/\/www.pagodethienminh.fr\/index.php?rest_route=\/wp\/v2\/pages\/4438\/revisions\/4678"}],"up":[{"embeddable":true,"href":"https:\/\/www.pagodethienminh.fr\/index.php?rest_route=\/wp\/v2\/pages\/4436"}],"wp:attachment":[{"href":"https:\/\/www.pagodethienminh.fr\/index.php?rest_route=%2Fwp%2Fv2%2Fmedia&parent=4438"}],"curies":[{"name":"wp","href":"https:\/\/api.w.org\/{rel}","templated":true}]}}