{"id":316,"date":"2011-05-02T14:24:01","date_gmt":"2011-05-02T14:24:01","guid":{"rendered":"http:\/\/www.pagodethienminh.fr\/?page_id=316"},"modified":"2011-05-16T14:22:37","modified_gmt":"2011-05-16T14:22:37","slug":"2008-2","status":"publish","type":"page","link":"https:\/\/www.pagodethienminh.fr\/?page_id=316","title":{"rendered":"2008"},"content":{"rendered":"<ul>\n<li>Lyon : Mairie de Ste Foy-L\u00e8s-Lyon,\u00a0<a href=\"https:\/\/picasaweb.google.com\/caoilys\/FeteDuSportPhotosDecembre2008#\" target=\"_blank\">F\u00eate du Sport D\u00e9cembre<\/a><\/li>\n<p><embed type=\"application\/x-shockwave-flash\" src=\"https:\/\/picasaweb.google.com\/s\/c\/bin\/slideshow.swf\" width=\"400\" height=\"267\" flashvars=\"host=picasaweb.google.com&#038;hl=fr&#038;feat=flashalbum&#038;RGB=0x000000&#038;feed=https%3A%2F%2Fpicasaweb.google.com%2Fdata%2Ffeed%2Fapi%2Fuser%2Fcaoilys%2Falbumid%2F5325024828709197729%3Falt%3Drss%26kind%3Dphoto%26hl%3Dfr\" pluginspage=\"http:\/\/www.macromedia.com\/go\/getflashplayer\"><\/embed><\/p>\n<li>Lyon : Ch\u00f9a Thi\u1ec7n Minh <a href=\"https:\/\/picasaweb.google.com\/caoilys\/SinhHoat12Octobre2008#\" target=\"_blank\">Sinh H\u1ecdat 12\/10<\/a><\/li>\n<p><embed type=\"application\/x-shockwave-flash\" src=\"https:\/\/picasaweb.google.com\/s\/c\/bin\/slideshow.swf\" width=\"400\" height=\"267\" flashvars=\"host=picasaweb.google.com&#038;hl=fr&#038;feat=flashalbum&#038;RGB=0x000000&#038;feed=https%3A%2F%2Fpicasaweb.google.com%2Fdata%2Ffeed%2Fapi%2Fuser%2Fcaoilys%2Falbumid%2F5306493995086469825%3Falt%3Drss%26kind%3Dphoto%26hl%3Dfr\" pluginspage=\"http:\/\/www.macromedia.com\/go\/getflashplayer\"><\/embed><\/p>\n<li>Lyon : Ch\u00f9a Thi\u1ec7n Minh An V\u1ecb Ph\u1eadt 29-31\/08: <a href=\"https:\/\/picasaweb.google.com\/caoilys\/AnViPhatAout200801#\" target=\"_blank\">S\u00e9rie 1<\/a>&#8211;<a href=\"https:\/\/picasaweb.google.com\/caoilys\/AnViPhatAout200802#\" target=\"_blank\">S\u00e9rie 2<\/a>&#8211;<a href=\"https:\/\/picasaweb.google.com\/caoilys\/AnViPhatAout200803#\" target=\"_blank\">S\u00e9rie 3<\/a><\/li>\n<p><embed type=\"application\/x-shockwave-flash\" src=\"https:\/\/picasaweb.google.com\/s\/c\/bin\/slideshow.swf\" width=\"400\" height=\"267\" flashvars=\"host=picasaweb.google.com&#038;hl=fr&#038;feat=flashalbum&#038;RGB=0x000000&#038;feed=https%3A%2F%2Fpicasaweb.google.com%2Fdata%2Ffeed%2Fapi%2Fuser%2Fcaoilys%2Falbumid%2F5341024731187235441%3Falt%3Drss%26kind%3Dphoto%26hl%3Dfr\" pluginspage=\"http:\/\/www.macromedia.com\/go\/getflashplayer\"><\/embed><\/p>\n<p><embed type=\"application\/x-shockwave-flash\" src=\"https:\/\/picasaweb.google.com\/s\/c\/bin\/slideshow.swf\" width=\"400\" height=\"267\" flashvars=\"host=picasaweb.google.com&#038;hl=fr&#038;feat=flashalbum&#038;RGB=0x000000&#038;feed=https%3A%2F%2Fpicasaweb.google.com%2Fdata%2Ffeed%2Fapi%2Fuser%2Fcaoilys%2Falbumid%2F5341027987558876113%3Falt%3Drss%26kind%3Dphoto%26hl%3Dfr\" pluginspage=\"http:\/\/www.macromedia.com\/go\/getflashplayer\"><\/embed><\/p>\n<p><embed type=\"application\/x-shockwave-flash\" src=\"https:\/\/picasaweb.google.com\/s\/c\/bin\/slideshow.swf\" width=\"400\" height=\"267\" flashvars=\"host=picasaweb.google.com&#038;hl=fr&#038;feat=flashalbum&#038;RGB=0x000000&#038;feed=https%3A%2F%2Fpicasaweb.google.com%2Fdata%2Ffeed%2Fapi%2Fuser%2Fcaoilys%2Falbumid%2F5341033211128213457%3Falt%3Drss%26kind%3Dphoto%26hl%3Dfr\" pluginspage=\"http:\/\/www.macromedia.com\/go\/getflashplayer\"><\/embed>\n<\/ul>\n","protected":false},"excerpt":{"rendered":"<p>Lyon : Mairie de Ste Foy-L\u00e8s-Lyon,\u00a0F\u00eate du Sport D\u00e9cembre Lyon : Ch\u00f9a Thi\u1ec7n Minh Sinh H\u1ecdat 12\/10 Lyon : Ch\u00f9a Thi\u1ec7n Minh An V\u1ecb Ph\u1eadt \u2026 <a class=\"continue-reading-link\" href=\"https:\/\/www.pagodethienminh.fr\/?page_id=316\">Continue \u00e0 lire <span class=\"meta-nav\">&rarr; <\/span><\/a><\/p>\n","protected":false},"author":1,"featured_media":0,"parent":304,"menu_order":0,"comment_status":"closed","ping_status":"closed","template":"","meta":{"_mc_calendar":[],"footnotes":""},"class_list":["post-316","page","type-page","status-publish","hentry"],"_links":{"self":[{"href":"https:\/\/www.pagodethienminh.fr\/index.php?rest_route=\/wp\/v2\/pages\/316","targetHints":{"allow":["GET"]}}],"collection":[{"href":"https:\/\/www.pagodethienminh.fr\/index.php?rest_route=\/wp\/v2\/pages"}],"about":[{"href":"https:\/\/www.pagodethienminh.fr\/index.php?rest_route=\/wp\/v2\/types\/page"}],"author":[{"embeddable":true,"href":"https:\/\/www.pagodethienminh.fr\/index.php?rest_route=\/wp\/v2\/users\/1"}],"replies":[{"embeddable":true,"href":"https:\/\/www.pagodethienminh.fr\/index.php?rest_route=%2Fwp%2Fv2%2Fcomments&post=316"}],"version-history":[{"count":5,"href":"https:\/\/www.pagodethienminh.fr\/index.php?rest_route=\/wp\/v2\/pages\/316\/revisions"}],"predecessor-version":[{"id":809,"href":"https:\/\/www.pagodethienminh.fr\/index.php?rest_route=\/wp\/v2\/pages\/316\/revisions\/809"}],"up":[{"embeddable":true,"href":"https:\/\/www.pagodethienminh.fr\/index.php?rest_route=\/wp\/v2\/pages\/304"}],"wp:attachment":[{"href":"https:\/\/www.pagodethienminh.fr\/index.php?rest_route=%2Fwp%2Fv2%2Fmedia&parent=316"}],"curies":[{"name":"wp","href":"https:\/\/api.w.org\/{rel}","templated":true}]}}