{"id":3142,"date":"2013-02-25T09:26:15","date_gmt":"2013-02-25T09:26:15","guid":{"rendered":"http:\/\/www.pagodethienminh.fr\/?page_id=3142"},"modified":"2014-06-19T14:31:01","modified_gmt":"2014-06-19T14:31:01","slug":"2013-2","status":"publish","type":"page","link":"https:\/\/www.pagodethienminh.fr\/?page_id=3142","title":{"rendered":"2013"},"content":{"rendered":"<p>23\/02\/2013 : T\u1ebft Xu\u00e2n &#8211; Nouvel An Berne Suisse<br \/>\nLe groupe de la famille des Jeunes bouddhistes ont particip\u00e9 \u00e0 un spectacle traditionnel \u00e0 l&#8217;occasion du Nouvel An Vietnamien organis\u00e9 le 23\/02\/2013 \u00e0 Berne en Suisse.<\/p>\n<p>Danse 1:<br \/>\n<iframe loading=\"lazy\" width=\"640\" height=\"360\" src=\"http:\/\/www.youtube.com\/embed\/Agwsqx-UIOk?rel=0\" frameborder=\"0\" allowfullscreen><\/iframe><\/p>\n<p>Danse 2:<br \/>\n<iframe loading=\"lazy\" width=\"640\" height=\"360\" src=\"http:\/\/www.youtube.com\/embed\/paHnuRbTU_g?rel=0\" frameborder=\"0\" allowfullscreen><\/iframe><\/p>\n<p>Danse 3:<br \/>\n<iframe loading=\"lazy\" width=\"640\" height=\"360\" src=\"http:\/\/www.youtube.com\/embed\/W-767PoaKGU?rel=0\" frameborder=\"0\" allowfullscreen><\/iframe><\/p>\n<p>Danse 4:<br \/>\n<iframe loading=\"lazy\" width=\"640\" height=\"360\" src=\"http:\/\/www.youtube.com\/embed\/8NPVmrI5hQU?rel=0\" frameborder=\"0\" allowfullscreen><\/iframe><\/p>\n<p>16\/02\/2013 : Association de Gleiz\u00e9 &#8211; Villefranche<br \/>\nLe groupe de la famille des Jeunes bouddhistes ont particip\u00e9 \u00e0 un spectacle traditionnel \u00e0 l&#8217;occasion du Nouvel An Vietnamien organis\u00e9 le 16\/02\/2013 \u00e0 Gleiz\u00e9 par l&#8217;association de la gastronomie internationale.<\/p>\n<p>Danse 1:<br \/>\n<iframe loading=\"lazy\" width=\"640\" height=\"360\" src=\"http:\/\/www.youtube.com\/embed\/IA0gKZkxf4Q?rel=0\" frameborder=\"0\" allowfullscreen><\/iframe><\/p>\n<p>Danse 2:<br \/>\n<iframe loading=\"lazy\" width=\"640\" height=\"360\" src=\"http:\/\/www.youtube.com\/embed\/fxRbgzWXobQ?rel=0\" frameborder=\"0\" allowfullscreen><\/iframe><\/p>\n<p>02\/06\/2013 : Ph\u1eadt \u0110\u1ea3n P.L. 2557 &#8211; 2013 &#8211; V\u00e9sak 2013 &#8211; 7 Danses<\/p>\n<p>Mu\u00e1 1 : Danse 1<br \/>\n<iframe loading=\"lazy\" src=\"http:\/\/www.youtube.com\/embed\/_KrZgXp0hG0\" height=\"360\" width=\"640\" allowfullscreen=\"\" frameborder=\"0\"><\/iframe>\u00a0 <\/p>\n<p>Mu\u00e1 2 : Danse 2<br \/>\n<iframe loading=\"lazy\" src=\"http:\/\/www.youtube.com\/embed\/r7HlgVTSb_o\" height=\"360\" width=\"640\" allowfullscreen=\"\" frameborder=\"0\"><\/iframe><\/p>\n<p>Mu\u00e1 3 : Danse 3<br \/>\n<iframe loading=\"lazy\" src=\"http:\/\/www.youtube.com\/embed\/Vuo1G45ZJ8o\" height=\"360\" width=\"640\" allowfullscreen=\"\" frameborder=\"0\"><\/iframe>\u00a0 <\/p>\n<p>Mu\u00e1 4 : Danse 4<br \/>\n<iframe loading=\"lazy\" src=\"http:\/\/www.youtube.com\/embed\/d2ea9ThS1gg\" height=\"360\" width=\"640\" allowfullscreen=\"\" frameborder=\"0\"><\/iframe><\/p>\n<p>Mu\u00e1 5 : Danse 5<br \/>\n<iframe loading=\"lazy\" src=\"http:\/\/www.youtube.com\/embed\/DIZNHgeSy1k\" height=\"360\" width=\"640\" allowfullscreen=\"\" frameborder=\"0\"><\/iframe>\u00a0 <\/p>\n<p>Mu\u00e1 6 : Danse 6<br \/>\n<iframe loading=\"lazy\" src=\"http:\/\/www.youtube.com\/embed\/_akpcuhZ1cU\" height=\"360\" width=\"640\" allowfullscreen=\"\" frameborder=\"0\"><\/iframe><\/p>\n<p>Mu\u00e1 7 : Danse 7<br \/>\n<iframe loading=\"lazy\" src=\"http:\/\/www.youtube.com\/embed\/I3oM0jbSaBk\" height=\"360\" width=\"640\" allowfullscreen=\"\" frameborder=\"0\"><\/iframe><\/p>\n","protected":false},"excerpt":{"rendered":"<p>23\/02\/2013 : T\u1ebft Xu\u00e2n &#8211; Nouvel An Berne Suisse Le groupe de la famille des Jeunes bouddhistes ont particip\u00e9 \u00e0 un spectacle traditionnel \u00e0 l&#8217;occasion \u2026 <a class=\"continue-reading-link\" href=\"https:\/\/www.pagodethienminh.fr\/?page_id=3142\">Continue \u00e0 lire <span class=\"meta-nav\">&rarr; <\/span><\/a><\/p>\n","protected":false},"author":1,"featured_media":0,"parent":2602,"menu_order":7,"comment_status":"closed","ping_status":"closed","template":"","meta":{"_mc_calendar":[],"footnotes":""},"class_list":["post-3142","page","type-page","status-publish","hentry"],"_links":{"self":[{"href":"https:\/\/www.pagodethienminh.fr\/index.php?rest_route=\/wp\/v2\/pages\/3142","targetHints":{"allow":["GET"]}}],"collection":[{"href":"https:\/\/www.pagodethienminh.fr\/index.php?rest_route=\/wp\/v2\/pages"}],"about":[{"href":"https:\/\/www.pagodethienminh.fr\/index.php?rest_route=\/wp\/v2\/types\/page"}],"author":[{"embeddable":true,"href":"https:\/\/www.pagodethienminh.fr\/index.php?rest_route=\/wp\/v2\/users\/1"}],"replies":[{"embeddable":true,"href":"https:\/\/www.pagodethienminh.fr\/index.php?rest_route=%2Fwp%2Fv2%2Fcomments&post=3142"}],"version-history":[{"count":8,"href":"https:\/\/www.pagodethienminh.fr\/index.php?rest_route=\/wp\/v2\/pages\/3142\/revisions"}],"predecessor-version":[{"id":4124,"href":"https:\/\/www.pagodethienminh.fr\/index.php?rest_route=\/wp\/v2\/pages\/3142\/revisions\/4124"}],"up":[{"embeddable":true,"href":"https:\/\/www.pagodethienminh.fr\/index.php?rest_route=\/wp\/v2\/pages\/2602"}],"wp:attachment":[{"href":"https:\/\/www.pagodethienminh.fr\/index.php?rest_route=%2Fwp%2Fv2%2Fmedia&parent=3142"}],"curies":[{"name":"wp","href":"https:\/\/api.w.org\/{rel}","templated":true}]}}