{"id":286,"date":"2011-05-02T14:10:02","date_gmt":"2011-05-02T14:10:02","guid":{"rendered":"http:\/\/www.pagodethienminh.fr\/?page_id=286"},"modified":"2013-03-14T15:28:10","modified_gmt":"2013-03-14T15:28:10","slug":"7-metta-sutta","status":"publish","type":"page","link":"https:\/\/www.pagodethienminh.fr\/?page_id=286","title":{"rendered":"METTA Sutta"},"content":{"rendered":"<h3 style=\"text-align: center;\">SUTTA SUR LA BIENVEILLANCE<\/h3>\n<p style=\"text-align: center;\">\n<p style=\"text-align: justify;\">Le Metta Sutta est un des textes les plus r\u00e9cit\u00e9s dans la tradition du bouddhisme vipassana. (Sutta Nipada, 1, 8) (Sutta de la bont\u00e9 bienveillante)<\/p>\n<p style=\"text-align: justify;\">En raison du pouvoir de ce Paritta Sutta sur l\u2019amour bienveillant, les esprits malveillants ne cr\u00e9ent pas de visions effrayantes. Celui qui r\u00e9cite ce discours diligemment a un sommeil profond et ne fait pas de cauchemar. R\u00e9citons ce Paritta dot\u00e9 de nombreuses vertus.<\/p>\n<p style=\"text-align: justify;\">Voici ce qui doit \u00eatre accompli par le sage qui souhaite atteindre cet \u00e9tat de paix parfaite (Nibbana), il devrait \u00eatre appliqu\u00e9, droit, parfaitement droit, ob\u00e9issant, doux et humble. Satisfait, facile \u00e0 contenter, peu occup\u00e9, menant une vie simple, les sens contr\u00f4l\u00e9s, sage, discret et pas trop attach\u00e9 \u00e0 sa famille.<\/p>\n<p style=\"text-align: justify;\">Il devrait s\u2019abstenir de toute action qui pourrait \u00eatre r\u00e9prouv\u00e9e par les sages et cultiver la pens\u00e9e\u00a0: que tous les \u00eatres soient en s\u00e9curit\u00e9 et heureux. Quels que soient les \u00eatres vivants\u00a0: faibles ou forts, longs, grands, moyens, courts, petits ou gros.<\/p>\n<p style=\"text-align: justify;\">Visibles ou invisibles, proches ou lointains, n\u00e9s ou \u00e0 na\u00eetre\u00a0; puissent tous les \u00eatres sans exception \u00eatre heureux. Que personne ne d\u00e9\u00e7oive ni ne m\u00e9prise qui que ce soit, nulle part. Que personne ne souhaite de mal aux autres par col\u00e8re ou malveillance.<\/p>\n<p style=\"text-align: justify;\">Comme une m\u00e8re\u00a0prot\u00e9gerait\u00a0son unique enfant au risque de sa propre vie, cultivons un amour sans limite envers tous les \u00eatres. Que ces pens\u00e9es d\u2019amour infini impr\u00e8gnent le monde tout entier, dessus, dessous, de toutes parts, sans obstacle, sans haine ni inimiti\u00e9.<\/p>\n<p style=\"text-align: justify;\">Qu\u2019il soit debout, en marche, assis ou allong\u00e9, tant qu\u2019il est \u00e9veill\u00e9, il devrait d\u00e9velopper un esprit empli d\u2019amour bienveillant. Ceci est l\u2019\u00e9tat le plus noble. N\u2019ayant pas de fausses croyances, \u00e9tant vertueux, dot\u00e9 de la vision p\u00e9n\u00e9trante et ayant abandonn\u00e9 l\u2019attachement pour les plaisirs des sens, plus jamais il ne rena\u00eetra dans ce monde.<\/p>\n<p style=\"text-align: right;\">Ici se termine le Metta sutta<\/p>\n","protected":false},"excerpt":{"rendered":"<p>SUTTA SUR LA BIENVEILLANCE Le Metta Sutta est un des textes les plus r\u00e9cit\u00e9s dans la tradition du bouddhisme vipassana. (Sutta Nipada, 1, 8) (Sutta \u2026 <a class=\"continue-reading-link\" href=\"https:\/\/www.pagodethienminh.fr\/?page_id=286\">Continue \u00e0 lire <span class=\"meta-nav\">&rarr; <\/span><\/a><\/p>\n","protected":false},"author":1,"featured_media":0,"parent":832,"menu_order":6,"comment_status":"closed","ping_status":"closed","template":"template-onecolumn.php","meta":{"_mc_calendar":[],"footnotes":""},"class_list":["post-286","page","type-page","status-publish","hentry"],"_links":{"self":[{"href":"https:\/\/www.pagodethienminh.fr\/index.php?rest_route=\/wp\/v2\/pages\/286","targetHints":{"allow":["GET"]}}],"collection":[{"href":"https:\/\/www.pagodethienminh.fr\/index.php?rest_route=\/wp\/v2\/pages"}],"about":[{"href":"https:\/\/www.pagodethienminh.fr\/index.php?rest_route=\/wp\/v2\/types\/page"}],"author":[{"embeddable":true,"href":"https:\/\/www.pagodethienminh.fr\/index.php?rest_route=\/wp\/v2\/users\/1"}],"replies":[{"embeddable":true,"href":"https:\/\/www.pagodethienminh.fr\/index.php?rest_route=%2Fwp%2Fv2%2Fcomments&post=286"}],"version-history":[{"count":5,"href":"https:\/\/www.pagodethienminh.fr\/index.php?rest_route=\/wp\/v2\/pages\/286\/revisions"}],"predecessor-version":[{"id":3450,"href":"https:\/\/www.pagodethienminh.fr\/index.php?rest_route=\/wp\/v2\/pages\/286\/revisions\/3450"}],"up":[{"embeddable":true,"href":"https:\/\/www.pagodethienminh.fr\/index.php?rest_route=\/wp\/v2\/pages\/832"}],"wp:attachment":[{"href":"https:\/\/www.pagodethienminh.fr\/index.php?rest_route=%2Fwp%2Fv2%2Fmedia&parent=286"}],"curies":[{"name":"wp","href":"https:\/\/api.w.org\/{rel}","templated":true}]}}