{"id":2831,"date":"2012-09-27T08:52:23","date_gmt":"2012-09-27T08:52:23","guid":{"rendered":"http:\/\/www.pagodethienminh.fr\/?page_id=2831"},"modified":"2013-03-13T15:02:10","modified_gmt":"2013-03-13T15:02:10","slug":"chuong-trinh-tu-hoc-nganh-dong-bac-chan-cung","status":"publish","type":"page","link":"https:\/\/www.pagodethienminh.fr\/?page_id=2831","title":{"rendered":"Ch\u01b0\u01a1ng tr\u00ecnh tu h\u1ecdc ng\u00e0nh \u0110\u1ed3ng: B\u1eadc Ch\u00e2n C\u1ee9ng"},"content":{"rendered":"<div id=\"imghome\" style=\"text-align: justify;\"><a title=\"\" href=\"http:\/\/giadinhphattu.vn\/uploads\/news\/2008_01\/1199340416.nv.jpg\" rel=\"shadowbox\"><img decoding=\"async\" src=\"http:\/\/giadinhphattu.vn\/uploads\/news\/2008_01\/1199340416.nv.jpg\" alt=\"Ch\u01b0\u01a1ng tr\u00ecnh tu h\u1ecdc ng\u00e0nh \u0110\u1ed3ng: B\u1eadc Ch\u00e2n C\u1ee9ng\" width=\"200px\" \/><\/a>&nbsp;<\/p>\n<\/div>\n<p style=\"text-align: justify;\">Theo ch\u01b0\u01a1ng tr\u00ecnh tu h\u1ecdc \u0111\u01b0\u1ee3c tu ch\u1ec9nh t\u1ea1i H\u1ed9i ngh\u1ecb \u0110\u1ea1i bi\u1ec3u Huynh Tr\u01b0\u1edfng G\u0110PT Vi\u1ec7t Nam t\u1eeb ng\u00e0y 11 \u0111\u1ebfn 14\/08\/2006 t\u1ea1i V\u0103n ph\u00f2ng 2 Trung \u01af\u01a1ng GHPGVN, Thi\u1ec1n vi\u1ec7n Qu\u1ea3ng \u0110\u1ee9c v\u00e0 T\u1ed5 \u0111\u00ecnh V\u0129nh Nghi\u00eam.<\/p>\n<div style=\"text-align: justify;\">A. Ph\u1eadt ph\u00e1p &#8211; Tinh th\u1ea7n &#8211; L\u1ecbch s\u1eed<br \/>\n(9 \u0111\u1ec1 t\u00e0i xuy\u00ean su\u1ed1t cho 4 b\u1eadc ng\u00e0nh \u0110\u1ed3ng)<br \/>\n1. L\u1ecbch s\u1eed \u0110\u1ee9c Ph\u1eadt Th\u00edch Ca<br \/>\n2. Ch\u00e2m ng\u00f4n &#8211; Lu\u1eadt &#8211; Kh\u1ea9u hi\u1ec7u c\u1ee7a \u0110o\u00e0n<br \/>\n3. \u00dd ngh\u0129a huy hi\u1ec7u Hoa Sen G\u0110PT<br \/>\n4. M\u1ee5c \u0111\u00edch v\u00e0 l\u01b0\u1ee3c s\u1eed G\u0110PT<br \/>\n5. C\u00e1ch ch\u00e0o k\u00ednh trong G\u0110PT<br \/>\n6. \u0102n chay<br \/>\n7. L\u1ea1y Ph\u1eadt &#8211; Ni\u1ec7m Ph\u1eadt<br \/>\n8. L\u00e0m vi\u1ec7c thi\u1ec7n<br \/>\n9. Ch\u00e1nh ni\u1ec7m (Th\u1ef1c h\u00e0nh ch\u00e1nh ni\u1ec7m theo s\u00e1ch: T\u00ecm v\u00e0o th\u1ef1c t\u1ea1i)<br \/>\n10. \u00dd ngh\u0129a m\u00e0u Lam<br \/>\n11. Thu\u1ed9c v\u00e0 hi\u1ec3u b\u00e0i S\u00e1m h\u1ed1i<br \/>\n12. Em \u0111i sinh ho\u1ea1t chuy\u00ean c\u1ea7n<br \/>\n13. Em kh\u00f4ng ch\u01a1i c\u00e1c tr\u00f2 ch\u01a1i nguy hi\u1ec3m b\u1ea1o l\u1ef1c&#8230;<br \/>\n14. Chuy\u1ec7n Ti\u1ec1n th\u00e2n, m\u1eabu chuy\u1ec7n \u0110\u1ea1o:<br \/>\n&#8211; Chi\u1ebfc c\u1ea7u mu\u00f4n thu\u1edf<br \/>\n&#8211; Con voi hi\u1ebfu ngh\u0129a<br \/>\n&#8211; Th\u1ea7y T\u1ef3 kheo v\u1edbi con ng\u1ed7ng.<\/p>\n<p>B. Ho\u1ea1t \u0111\u1ed9ng thanh ni\u00ean v\u00e0 x\u00e3 h\u1ed9i<br \/>\n1. Em t\u00f4n k\u00ednh \u00d4ng, B\u00e0, Ch\u00fa, B\u00e1c, C\u00f4, D\u00ec&#8230;<br \/>\n2. N\u00f3i l\u1eddi hay v\u00e0 ngay th\u1eadt<br \/>\n3. Tr\u00e1nh xa v\u1eadt ch\u00e1y n\u1ed5<br \/>\n4. \u0110o\u00e0n k\u1ebft v\u1edbi b\u1ea1n<br \/>\n5. B\u1ea3o v\u1ec7 c\u00e2y c\u1ed1i, hoa c\u1ecf trong ch\u00f9a, c\u00f4ng vi\u00ean, \u0111\u01b0\u1eddng l\u00e0ng ng\u00f5 x\u00f3m<br \/>\n6. G\u00fat gh\u1ebf \u0111\u01a1n, s\u01a1n ca, g\u00fat d\u1ec7t, c\u1eb3ng ch\u00f3<br \/>\n7. Thu\u1ed9c to\u00e0n b\u1ed9 k\u00fd hi\u1ec7u Morse (b\u1ea3n m\u1eabu t\u1ef1)<br \/>\n8. Th\u1ef1c h\u00e0nh truy\u1ec1n v\u00e0 nh\u1eadn b\u1ea3n tin b\u1eb1ng c\u00f2i<br \/>\n9. C\u00e1ch v\u1ebd huy hi\u1ec7u Hoa Sen<br \/>\n10. Bi\u1ebft s\u1eed d\u1ee5ng vi t\u00ednh<br \/>\n11. Bi\u1ebft s\u1eed d\u1ee5ng chu\u00f4ng m\u00f5<br \/>\n12. Bi\u1ebft th\u00eam c\u00e1c d\u1ea5u:\u00a0 Chia hai to\u00e1n, h\u1ecdp l\u1ea1i th\u00e0nh m\u1ed9t to\u00e1n, nguy hi\u1ec3m, \u0111\u1ee3i \u1edf \u0111\u00e2y<br \/>\n13. Bi\u1ebft d\u1ecbch m\u1eadt th\u01b0 \u0111\u01a1n gi\u1ea3n<br \/>\n14. D\u1ea5u hi\u1ec7u t\u1eadp h\u1ecdp: h\u00ecnh b\u00e1n nguy\u1ec7t, h\u00ecnh r\u1ebd qu\u1ea1t &#8211; \u0110i\u1ec1u khi\u1ec3n \u0110\u00e0n x\u1ebfp h\u00e0ng<br \/>\n15. C\u00e1c \u0111\u1ed9ng t\u00e1c th\u1ec3 d\u1ee5c bu\u1ed5i s\u00e1ng: Ch\u1ea1y t\u1ea1i ch\u1ed7, ch\u1ea1y th\u1ee5t l\u00f9i, \u0111\u1ee9ng ng\u1ed3i m\u1ed9t ch\u00e2n, n\u00e9m b\u1eaft b\u00f3ng m\u1ed9t m\u00ecnh c\u00e1ch t\u01b0\u1eddng 5 m\u00e9t, nh\u1ea3y d\u00e2y<br \/>\n16. V\u1ec7 sinh \u0103n u\u1ed1ng<br \/>\n17. An to\u00e0n khi \u0111i xe \u0111\u1ea1p<br \/>\n18. Bi\u1ebft c\u00e1c bi\u1ec3n b\u00e1o: \u0110\u01b0\u1eddng c\u1ea5m \u0111i xe \u0111\u1ea1p, \u0111\u01b0\u1eddng m\u1ed9t chi\u1ec1u (C\u1ea5m \u0111i ng\u01b0\u1ee3c chi\u1ec1u)<br \/>\n19. D\u00e1n l\u1ed3ng \u0111\u00e8n, l\u00e0m l\u1ed3ng \u0111\u00e8n gi\u1ea5y, l\u00e0m b\u00fap b\u00ea b\u1eb1ng len. N\u1eafn \u0111\u1ea5t s\u00e9t: hoa qu\u1ea3, v\u1eadt, ng\u01b0\u1eddi&#8230;<br \/>\n20. Vi\u1ebft v\u00e0 g\u1eedi th\u01b0.<\/p>\n<p>C. V\u0103n ngh\u1ec7<br \/>\n1. Ca dao, t\u1ee5c ng\u1eef v\u1ec1 h\u1ea1nh hi\u1ebfu, t\u00ecnh c\u1ea3m gia \u0111\u00ecnh, t\u00ecnh y\u00eau thi\u00ean nhi\u00ean<br \/>\n2. Di\u1ec5n k\u1ecbch, h\u00e1t m\u00faa, k\u1ec3 chuy\u1ec7n<br \/>\n3. Chuy\u1ec7n c\u1ed5 t\u00edch d\u00e2n t\u1ed9c: Th\u1ea1ch Sanh<br \/>\n4. V\u1ebd huy hi\u1ec7u Hoa Sen v\u00e0 c\u00e1c con v\u1eadt c\u00f3 \u00edch m\u00e0 em th\u00edch &#8211; Em t\u1eadp v\u1ebd ng\u01b0\u1eddi<br \/>\n5. Bi\u1ebft ph\u00e2n bi\u1ec7t \u0111\u1ed9 d\u00e0i ng\u1eafn gi\u1eefa c\u00e1c n\u1ed1t nh\u1ea1c<br \/>\n6. T\u1eadp \u0111\u1ecdc nh\u1ea1c<br \/>\n7. Bi\u1ebft th\u00eam 5 b\u00e0i h\u00e1t sinh ho\u1ea1t G\u0110PT.<\/p><\/div>\n","protected":false},"excerpt":{"rendered":"<p>&nbsp; Theo ch\u01b0\u01a1ng tr\u00ecnh tu h\u1ecdc \u0111\u01b0\u1ee3c tu ch\u1ec9nh t\u1ea1i H\u1ed9i ngh\u1ecb \u0110\u1ea1i bi\u1ec3u Huynh Tr\u01b0\u1edfng G\u0110PT Vi\u1ec7t Nam t\u1eeb ng\u00e0y 11 \u0111\u1ebfn 14\/08\/2006 t\u1ea1i \u2026 <a class=\"continue-reading-link\" href=\"https:\/\/www.pagodethienminh.fr\/?page_id=2831\">Continue \u00e0 lire <span class=\"meta-nav\">&rarr; <\/span><\/a><\/p>\n","protected":false},"author":1,"featured_media":0,"parent":114,"menu_order":3,"comment_status":"closed","ping_status":"closed","template":"template-onecolumn.php","meta":{"_mc_calendar":[],"footnotes":""},"class_list":["post-2831","page","type-page","status-publish","hentry"],"_links":{"self":[{"href":"https:\/\/www.pagodethienminh.fr\/index.php?rest_route=\/wp\/v2\/pages\/2831","targetHints":{"allow":["GET"]}}],"collection":[{"href":"https:\/\/www.pagodethienminh.fr\/index.php?rest_route=\/wp\/v2\/pages"}],"about":[{"href":"https:\/\/www.pagodethienminh.fr\/index.php?rest_route=\/wp\/v2\/types\/page"}],"author":[{"embeddable":true,"href":"https:\/\/www.pagodethienminh.fr\/index.php?rest_route=\/wp\/v2\/users\/1"}],"replies":[{"embeddable":true,"href":"https:\/\/www.pagodethienminh.fr\/index.php?rest_route=%2Fwp%2Fv2%2Fcomments&post=2831"}],"version-history":[{"count":2,"href":"https:\/\/www.pagodethienminh.fr\/index.php?rest_route=\/wp\/v2\/pages\/2831\/revisions"}],"predecessor-version":[{"id":3251,"href":"https:\/\/www.pagodethienminh.fr\/index.php?rest_route=\/wp\/v2\/pages\/2831\/revisions\/3251"}],"up":[{"embeddable":true,"href":"https:\/\/www.pagodethienminh.fr\/index.php?rest_route=\/wp\/v2\/pages\/114"}],"wp:attachment":[{"href":"https:\/\/www.pagodethienminh.fr\/index.php?rest_route=%2Fwp%2Fv2%2Fmedia&parent=2831"}],"curies":[{"name":"wp","href":"https:\/\/api.w.org\/{rel}","templated":true}]}}