{"id":235,"date":"2011-05-02T12:16:40","date_gmt":"2011-05-02T12:16:40","guid":{"rendered":"http:\/\/www.pagodethienminh.fr\/?page_id=235"},"modified":"2013-03-14T07:51:56","modified_gmt":"2013-03-14T07:51:56","slug":"f-trois-vehicules","status":"publish","type":"page","link":"https:\/\/www.pagodethienminh.fr\/?page_id=235","title":{"rendered":"Les Trois &#8220;V\u00e9hicules&#8221;"},"content":{"rendered":"<p><a href=\"https:\/\/www.pagodethienminh.fr\/?attachment_id=481\" rel=\"attachment wp-att-481\"><img loading=\"lazy\" decoding=\"async\" class=\"aligncenter size-medium wp-image-481\" title=\"V\u00e9hicules du bouddhisme\" alt=\"\" src=\"https:\/\/www.pagodethienminh.fr\/wp-content\/uploads\/2011\/05\/2002-11-bangkok-k-taya-017-300x200.jpg\" width=\"300\" height=\"200\" srcset=\"https:\/\/www.pagodethienminh.fr\/wp-content\/uploads\/2011\/05\/2002-11-bangkok-k-taya-017-300x200.jpg 300w, https:\/\/www.pagodethienminh.fr\/wp-content\/uploads\/2011\/05\/2002-11-bangkok-k-taya-017-150x100.jpg 150w, https:\/\/www.pagodethienminh.fr\/wp-content\/uploads\/2011\/05\/2002-11-bangkok-k-taya-017.jpg 1024w\" sizes=\"auto, (max-width: 300px) 100vw, 300px\" \/><\/a><\/p>\n<p style=\"text-align: justify;\">\u25cf Petit V\u00e9hicule\u00a0: les \u00e9coles du Therav\u00e2da (&#8220;Voie des Anciens&#8221;)<\/p>\n<p style=\"text-align: justify;\">Elles ont d\u00e9velopp\u00e9 l\u2019enseignement des Quatres Nobles V\u00e9rit\u00e9s en insistant sur la connaissance syst\u00e9matique des ph\u00e9nom\u00e8nes. Elles mettent l\u2019accent sur la discipline, l\u2019importance du d\u00e9tachement et du renoncement, la valeur de la vie monastique. Elles pratiquent essentiellement la m\u00e9ditation &#8220;sans r\u00e9f\u00e9ren<a href=\"http:\/\/localhost\/wp-content\/uploads\/2011\/04\/Ph\u1ed5-Hi\u1ec1n-B\u1ed3-T\u00e1t-01.jpg\"><br \/>\n<\/a>ce&#8221;. Surtout pr\u00e9sentes dans les pays du sud-est asiatique (Sri-Lanka, Birmanie, Tha\u00eflande, Laos et Cambodge), on les regroupe sous le nom de &#8220;Bouddhisme du Sud&#8221;. Elles comptent environ 100 millions de fid\u00e8les.<\/p>\n<p style=\"text-align: justify;\">\u25cf Grand V\u00e9hicule\u00a0: les \u00e9coles du Mah\u00e2y\u00e2na<\/p>\n<p style=\"text-align: justify;\">Elles ont approfondi l\u2019enseignement philosophique originel. Elles consid\u00e8rent que la nature des ph\u00e9nom\u00e8nes est d\u2019\u00eatre &#8220;vide&#8221; de nature propre (shunyata) et qu\u2019on peut en faire l\u2019exp\u00e9rience gr\u00e2ce \u00e0 l\u2019intelligence sup\u00e9rieure (prajna). Elles mettent l\u2019accent sur la motivation altruiste et d\u00e9veloppent des pratiques centr\u00e9es sur l\u2019intelligence ou la d\u00e9votion. De la r\u00e9alisation de cet enseignement vient l\u2019exp\u00e9rience de la compassion. Les principales \u00e9coles de ce courant sont l\u2019\u00e9cole Tienta\u00ef (Tenda\u00ef en japonais), le Bouddhisme de la Terre Pure (appel\u00e9 aussi &#8220;Amidisme&#8221;) et l\u2019\u00e9cole du Dhy\u00e2na (&#8220;Chan&#8221; en Chinois, &#8220;Zen&#8221; en japonais). Elles sont surtout pr\u00e9sentes dans les pays d\u2019Extr\u00eame-Orient (Chine, Japon, Cor\u00e9e et Viet-N\u00e2m), d\u2019o\u00f9 leur appellation de &#8220;Bouddhisme de l\u2019Est&#8221;. On estime le nombre de leurs fid\u00e8les de 200 \u00e0 350 millions.<\/p>\n<p style=\"text-align: justify;\">\u25cf V\u00e9hicule de Diamant\u00a0: les \u00e9coles du Vajray\u00e2na<\/p>\n<p style=\"text-align: justify;\">Elles se caract\u00e9risent surtout par les nombreuses pratiques de m\u00e9ditation formelle qu\u2019elles ont d\u00e9velopp\u00e9es, \u00e0 partir du m\u00eame enseignement philosophique que les \u00e9coles du Mah\u00e2y\u00e2na. Ces pratiques s\u2019appuient sur la notion de puret\u00e9 fondamentale de toute exp\u00e9rience &#8211; qui est pourtant voil\u00e9e par les effets de l\u2019illusion &#8211; et proposent une voie qui peut faire r\u00e9aliser l\u2019\u00e9veil tr\u00e8s rapidement (le Vajra, diamant ou foudre, symbolise cette efficacit\u00e9 et cette rapidit\u00e9). Les enseignements de ces \u00e9coles sont aussi appel\u00e9s Tantra (continuit\u00e9) pour exprimer, d\u2019une part leur transmission sans interruption, d\u2019autre part la possibilit\u00e9 du passage imm\u00e9diat de l\u2019exp\u00e9rience habituelle et l\u2019exp\u00e9rience d\u2019\u00e9veil, dans la continuit\u00e9 du m\u00eame esprit. Elles se sont d\u00e9velopp\u00e9es notamment en Inde, puis en Asie hymalayenne et centrale (Tibet, N\u00e9pal, Mongolie), ainsi qu\u2019au Japon (\u00e9cole du Shingon). On les regroupe souvent sous le nom de &#8220;Bouddhisme du Nord&#8221; ou Tantrisme. Elles compteraient de 25 \u00e0 50 millions de fid\u00e8les.<\/p>\n","protected":false},"excerpt":{"rendered":"<p>\u25cf Petit V\u00e9hicule\u00a0: les \u00e9coles du Therav\u00e2da (&#8220;Voie des Anciens&#8221;) Elles ont d\u00e9velopp\u00e9 l\u2019enseignement des Quatres Nobles V\u00e9rit\u00e9s en insistant sur la connaissance syst\u00e9matique des \u2026 <a class=\"continue-reading-link\" href=\"https:\/\/www.pagodethienminh.fr\/?page_id=235\">Continue \u00e0 lire <span class=\"meta-nav\">&rarr; <\/span><\/a><\/p>\n","protected":false},"author":1,"featured_media":0,"parent":450,"menu_order":6,"comment_status":"closed","ping_status":"closed","template":"template-onecolumn.php","meta":{"_mc_calendar":[],"footnotes":""},"class_list":["post-235","page","type-page","status-publish","hentry"],"_links":{"self":[{"href":"https:\/\/www.pagodethienminh.fr\/index.php?rest_route=\/wp\/v2\/pages\/235","targetHints":{"allow":["GET"]}}],"collection":[{"href":"https:\/\/www.pagodethienminh.fr\/index.php?rest_route=\/wp\/v2\/pages"}],"about":[{"href":"https:\/\/www.pagodethienminh.fr\/index.php?rest_route=\/wp\/v2\/types\/page"}],"author":[{"embeddable":true,"href":"https:\/\/www.pagodethienminh.fr\/index.php?rest_route=\/wp\/v2\/users\/1"}],"replies":[{"embeddable":true,"href":"https:\/\/www.pagodethienminh.fr\/index.php?rest_route=%2Fwp%2Fv2%2Fcomments&post=235"}],"version-history":[{"count":6,"href":"https:\/\/www.pagodethienminh.fr\/index.php?rest_route=\/wp\/v2\/pages\/235\/revisions"}],"predecessor-version":[{"id":3330,"href":"https:\/\/www.pagodethienminh.fr\/index.php?rest_route=\/wp\/v2\/pages\/235\/revisions\/3330"}],"up":[{"embeddable":true,"href":"https:\/\/www.pagodethienminh.fr\/index.php?rest_route=\/wp\/v2\/pages\/450"}],"wp:attachment":[{"href":"https:\/\/www.pagodethienminh.fr\/index.php?rest_route=%2Fwp%2Fv2%2Fmedia&parent=235"}],"curies":[{"name":"wp","href":"https:\/\/api.w.org\/{rel}","templated":true}]}}