{"id":203,"date":"2011-05-02T11:46:39","date_gmt":"2011-05-02T11:46:39","guid":{"rendered":"http:\/\/www.pagodethienminh.fr\/?page_id=203"},"modified":"2013-03-13T14:57:09","modified_gmt":"2013-03-13T14:57:09","slug":"3-tram-ngan-muon-ki%e1%ba%bfp","status":"publish","type":"page","link":"https:\/\/www.pagodethienminh.fr\/?page_id=203","title":{"rendered":"3.TR\u0102M NG\u00c0N MU\u00d4N KI\u1ebeP&#8230;"},"content":{"rendered":"<address style=\"text-align: right;\"><span style=\"color: #0000ff;\"><strong><span style=\"font-size: small;\">TR\u0102M NG\u00c0N MU\u00d4N KI\u1ebeP KH\u00d4NG D\u1ec4 G\u1eb6P<\/span><\/strong><\/span><\/address>\n<address style=\"text-align: right;\"><span style=\"color: #0000ff;\"><strong><span style=\"font-size: small;\"> <\/span><\/strong><\/span><\/address>\n<address style=\"text-align: right;\"><span style=\"color: #0000ff;\"><strong><span style=\"font-size: small;\">TKN Th\u00edch N\u1eef Ch\u00e2n Li\u1ec5u<\/span><\/strong><\/span><br \/>\n<span style=\"color: #0000ff;\"><strong> <span style=\"font-size: small;\">(m\u00f9a Ph\u1eadt \u0110\u1ea3n 2011) <\/span><\/strong><\/span><\/address>\n<p style=\"text-align: justify;\"><span style=\"font-size: small;\"><a rel=\"attachment wp-att-205\" href=\"https:\/\/www.pagodethienminh.fr\/?attachment_id=205\"><img loading=\"lazy\" decoding=\"async\" class=\"alignleft size-medium wp-image-205\" title=\"Naissance du Bouddha\" src=\"https:\/\/www.pagodethienminh.fr\/wp-content\/uploads\/2011\/05\/cuocdoiducphat22-300x207.jpg\" alt=\"\" width=\"300\" height=\"207\" srcset=\"https:\/\/www.pagodethienminh.fr\/wp-content\/uploads\/2011\/05\/cuocdoiducphat22-300x207.jpg 300w, https:\/\/www.pagodethienminh.fr\/wp-content\/uploads\/2011\/05\/cuocdoiducphat22-150x103.jpg 150w, https:\/\/www.pagodethienminh.fr\/wp-content\/uploads\/2011\/05\/cuocdoiducphat22.jpg 490w\" sizes=\"auto, (max-width: 300px) 100vw, 300px\" \/><\/a>T\u1ed3n t\u1ea1i tr\u00ean 2500 n\u0103m l\u1ecbch s\u1eed trong m\u1ed9t th\u1ebf gi\u1edbi c\u00f3 r\u1ea5t nhi\u1ec1u t\u00f4n gi\u00e1o, \u0111i\u1ec1u \u0111\u00f3 n\u00f3i l\u00ean t\u00ednh \u01b0u vi\u1ec7t c\u1ee7a \u0111\u1ea1o Ph\u1eadt, m\u1ed9t t\u00f4n gi\u00e1o kh\u00f4ng c\u00f3 gi\u00e1o \u0111i\u1ec1u m\u00e0 ch\u1ec9 t\u00f9y duy\u00ean truy\u1ec1n \u0111\u1ea1t, xuy\u00ean qua kinh nghi\u1ec7m b\u1ea3n th\u00e2n ch\u1ee9ng \u0111\u1eafc gi\u00e1c ng\u1ed9 c\u1ee7a \u0110\u1ee9c Ph\u1eadt B\u1ed5n S\u01b0 Th\u00edch Ca M\u00e2u Ni v\u00e0 ch\u01b0 l\u1ecbch \u0111\u1ea1i T\u1ed5 S\u01b0 \u0111\u1eafc \u0111\u1ea1o.<\/span><\/p>\n<p style=\"text-align: justify;\"><span style=\"font-size: small;\"> <\/span><\/p>\n<p style=\"text-align: justify;\"><span style=\"font-size: small;\">\u0110\u1ee9c h\u1ea1nh t\u1eeb bi h\u1ef7 x\u1ea3 cao c\u1ea3, cung c\u00e1ch thuy\u1ebft gi\u1ea3ng v\u00e0 h\u00e0nh x\u1eed c\u1ee7a \u0110\u1ee9c Ph\u1eadt v\u01b0\u1ee3t ra ngo\u00e0i m\u1ecdi \u0111\u1ed1i \u0111\u00e3i nh\u1ecb bi\u00ean, ph\u00e1 b\u1ecf m\u1ecdi ch\u1ea5p th\u1ee7, gi\u1ea3i t\u1ecfa m\u1ecdi phi\u1ec1n n\u00e3o, ch\u1ebf ng\u1ef1 \u0111\u01b0\u1ee3c t\u00e2m l\u00fd s\u00f4i n\u1ed5i v\u00e0 k\u00edch \u0111\u1ed9ng \u0111\u1ea7y sai l\u1ea7m c\u1ee7a con ng\u01b0\u1eddi. L\u1eddi gi\u00e1o hu\u1ea5n c\u1ee7a \u0110\u1ee9c Ph\u1eadt t\u1eeb bi l\u1eafng d\u1ecbu, tinh khi\u1ebft, trong s\u1ea1ch, kh\u00f4ng c\u00f3 tham \u00e1i \u00f4 nhi\u1ec5m, d\u1ec5 \u0111i\u1ec1u ph\u1ee5c v\u00e0 lu\u00f4n t\u1ec9nh gi\u00e1c. V\u00ec v\u1eady \u0111\u1ea1o Ph\u1eadt s\u1ebd m\u00e3i m\u00e3i th\u0103ng hoa, t\u1ed3n t\u1ea1i v\u00e0 ti\u1ebfp t\u1ee5c \u0111\u01b0\u1ee3c s\u1ee9 m\u1ec7nh h\u00f3a gi\u1ea3i kh\u1ed5 \u0111au cho nh\u00e2n lo\u1ea1i cho nhi\u1ec1u th\u1ebf h\u1ec7 sau n\u1eefa.<\/span><\/p>\n<p style=\"text-align: justify;\"><span style=\"font-size: small;\"> <\/span><\/p>\n<p style=\"text-align: justify;\"><span style=\"font-size: small;\">\u0110\u1ee9c Ph\u1eadt \u0111\u1ea3n sanh t\u1ea1i v\u01b0\u1eddn L\u00e2m T\u1ef3 Ni n\u01b0\u1edbc \u1ea4n \u0110\u1ed9. Ph\u1eadt t\u1eed Vi\u1ec7t Nam \u1edf xa x\u00f4i ng\u00e0n d\u1eb7m m\u00e0 l\u1ea1i c\u00f3 duy\u00ean h\u1ea1nh ng\u1ed9 v\u1edbi Ph\u1eadt Ph\u00e1p, c\u00f2n m\u1ed9t s\u1ed1 r\u1ea5t nhi\u1ec1u con ng\u01b0\u1eddi sanh s\u1ed1ng ngay t\u1ea1i \u1ea4n \u0110\u1ed9, nh\u01b0ng ho\u00e0n to\u00e0n kh\u00f4ng bi\u1ebft g\u00ec v\u1ec1 Ph\u1eadt v\u00e0 c\u0169ng kh\u00f4ng nghe \u0111\u01b0\u1ee3c l\u1eddi gi\u00e1o hu\u1ea5n c\u1ee7a Ng\u00e0i.<\/span><\/p>\n<p style=\"text-align: justify;\"><span style=\"font-size: small;\"> <\/span><\/p>\n<p style=\"text-align: justify;\"><span style=\"font-size: small;\">Ho\u00e0ng \u0111\u1ebf V\u00f5 T\u1eafc Thi\u00ean l\u00e0 v\u1ecb n\u1eef ho\u00e0ng Trung Hoa \u0111\u00e3 ph\u1ea3i th\u1ed1t l\u00ean r\u1eb1ng: \u201cB\u00e1 Thi\u00ean V\u1ea1n Ki\u1ebfp Nan Tao Ng\u1ed9\u201d, tr\u0103m ng\u00e0n mu\u00f4n ki\u1ebfp kh\u00f4ng d\u1ec5 g\u00ec m\u00e0 g\u1eb7p \u0111\u01b0\u1ee3c. M\u1ed9t s\u1ef1 ki\u1ec7n ch\u00e2n th\u1eadt, v\u00f4 c\u00f9ng hi\u1ebfm hoi qu\u00ed gi\u00e1 \u0111\u1ebfn b\u1ef1c n\u00e0o \u0111\u1ec3 c\u00f3 th\u1ec3 gi\u00e1c ng\u1ed9 v\u00e0 hi\u1ec3u \u0111\u01b0\u1ee3c l\u1eddi \u0110\u1ee9c Ph\u1eadt d\u1ea1y.<\/span><\/p>\n<p style=\"text-align: justify;\"><strong><span style=\"font-size: small;\"> <\/span><\/strong><\/p>\n<p style=\"text-align: justify;\"><strong><span style=\"font-size: small;\">\u0110\u1ea0O PH\u1eacT B\u00ccNH \u0110\u1eb2NG V\u00c0 T\u1ef0 DO<\/span><\/strong><\/p>\n<p style=\"text-align: justify;\"><span style=\"font-size: small;\"> <\/span><\/p>\n<p style=\"text-align: justify;\"><span style=\"font-size: small;\">\u0110\u1ea1o Ph\u1eadt b\u00ecnh \u0111\u1eb3ng v\u00e0 t\u1ef1 do ch\u1ecdn l\u1ef1a c\u00e1c ph\u00e1p m\u00f4n tu, mi\u1ec5n sao h\u1ee3p v\u1edbi c\u0103n c\u01a1, ho\u00e0n c\u1ea3nh v\u00e0 kh\u1ea3 n\u0103ng hi\u1ec3u bi\u1ebft c\u1ee7a t\u1eebng ng\u01b0\u1eddi. Kh\u00f4ng c\u00f3 s\u1ef1 c\u01b0\u1ee1ng \u00e9p hay \u00e1p \u0111\u1eb7t h\u00f9 d\u1ecda, ho\u1eb7c ph\u00e2n bi\u1ec7t giai c\u1ea5p ch\u1ee7ng t\u1ed9c trong Ph\u1eadt gi\u00e1o ch\u00e2n ch\u00e1nh. Trong \u0111\u1ea1o Ph\u1eadt c\u00f3 nhi\u1ec1u ph\u00e1p m\u00f4n tu, ba ph\u00e1p m\u00f4n tu \u0111i\u1ec3n h\u00ecnh v\u00e0 th\u1ef1c h\u00e0nh nhi\u1ec1u nh\u1ea5t c\u00f3 th\u1ec3 k\u1ec3 l\u00e0: Tu thi\u1ec1n, ni\u1ec7m Ph\u1eadt v\u00e0 tr\u00ec ch\u00fa. T\u1ea5t c\u1ea3 c\u00e1c ph\u00e1p m\u00f4n \u0111i t\u1eeb nhi\u1ec1u con \u0111\u01b0\u1eddng, nh\u01b0ng \u0111\u1ec1u nh\u1eafm m\u1ee5c \u0111\u00edch c\u1ee9u c\u00e1nh \u0110\u1ee9c Ph\u1eadt d\u1ea1y l\u00e0: Gi\u00e1c Ng\u1ed9 v\u00e0 Gi\u1ea3i Tho\u00e1t. Gi\u00e1c Ng\u1ed9 Ch\u00e2n L\u00fd v\u00e0 Gi\u1ea3i Tho\u00e1t Sanh T\u1eed.<\/span><\/p>\n<p style=\"text-align: justify;\"><span style=\"font-size: small;\"> <\/span><\/p>\n<p style=\"text-align: justify;\"><a href=\"http:\/\/2.bp.blogspot.com\/-edAmfYl-wT4\/TbMXC5QH5YI\/AAAAAAAABEI\/DFM76WKgOys\/s1600\/resize.php+(3).jpg\" target=\"_blank\"><span style=\"font-size: small;\"> <\/span><\/a><\/p>\n<p style=\"text-align: justify;\"><span style=\"font-size: small;\"><strong>1.-\u00a0<span style=\"text-decoration: underline;\">Tu thi\u1ec1n<\/span>: <\/strong>H\u00e0nh gi\u1ea3 tu thi\u1ec1n th\u1ef1c t\u1eadp ch\u00e1nh ni\u1ec7m, oai nghi trong s\u1ef1 \u0111i, \u0111\u1ee9ng, n\u1eb1m, ng\u1ed3i, chung qui l\u00e0 tr\u1ee5 t\u00e2m n\u01a1i hi\u1ec7n t\u1ea1i,\u00a0lo\u1ea1i b\u1ecf v\u1ecdng t\u00e2m, thanh t\u1ecbnh th\u00e2n kh\u1ea9u \u00fd, ph\u01b0\u01a1ng ti\u1ec7n c\u1ee7a gi\u1edbi \u0111\u1ecbnh tu\u1ec7. \u0110i\u1ec1u ph\u1ee5c t\u00e2m b\u00ecnh kh\u00ed h\u00f2a, b\u00ecnh th\u01b0\u1eddng t\u00e2m l\u00e0 \u0111\u1ea1o.<\/span><\/p>\n<p style=\"text-align: justify;\"><span style=\"font-size: small;\"> <\/span><\/p>\n<p style=\"text-align: justify;\"><span style=\"font-size: small;\"><strong>2.-\u00a0<span style=\"text-decoration: underline;\">Ni<\/span>\u1ec7<span style=\"text-decoration: underline;\">m Ph<\/span>\u1ead<span style=\"text-decoration: underline;\">t<\/span><\/strong>:\u00a0H\u00e0nh gi\u1ea3 tu h\u01b0\u1edbng t\u00e2m theo Ph\u1eadt, ni\u1ec7m Ph\u1eadt c\u1ea7u v\u00e3ng sanh, \u0111i \u0111\u1ee9ng n\u1eb1m ng\u1ed3i \u0111\u1ec1u ni\u1ec7m Ph\u1eadt, ni\u1ec7m thi\u1ec7n gi\u1edbi, lo\u1ea1i b\u1ecf ni\u1ec7m b\u1ea5t thi\u1ec7n, ni\u1ec7m ma, an t\u1ecbnh th\u00e2n kh\u1ea9u \u00fd, ph\u01b0\u01a1ng ti\u1ec7n c\u1ee7a gi\u1edbi \u0111\u1ecbnh tu\u1ec7. Ch\u00e1nh t\u00e2m bi\u1ec7t ni\u1ec7m, t\u1ecbnh t\u00e2m th\u00ec c\u00f3 t\u1ecbnh \u0111\u1ed9.<\/span><\/p>\n<p style=\"text-align: justify;\"><span style=\"font-size: small;\"> <\/span><\/p>\n<p style=\"text-align: justify;\"><span style=\"font-size: small;\"><strong>3.-\u00a0<span style=\"text-decoration: underline;\">Tr\u00ec ch\u00fa<\/span>: <\/strong>H\u00e0nh gi\u1ea3 tr\u00ec ch\u00fa, \u0111i \u0111\u1ee9ng n\u1eb1m ng\u1ed3i \u0111\u1ec1u tr\u00ec ch\u00fa, tr\u1ee5 t\u00e2m n\u01a1i th\u1ea7n ch\u00fa, lo\u1ea1i b\u1ecf t\u00e2m l\u0103n x\u0103n v\u1ecdng \u0111\u1ed9ng, t\u1eadp trung v\u00e0o s\u1ef1 t\u1ec9nh th\u1ee9c kh\u00f4ng b\u1ecb m\u00ea lo\u1ea1n, kh\u00f4ng c\u1ea7n ph\u1ea3i \u0111\u1ebfm m\u1edbi l\u00e0 tr\u00ec, ph\u01b0\u01a1ng ti\u1ec7n c\u1ee7a gi\u1edbi \u0111\u1ecbnh tu\u1ec7. Thanh t\u1ecbnh th\u00e2n, t\u00e2m s\u00e1ng tr\u00ed th\u00f4ng.<\/span><\/p>\n<p style=\"text-align: justify;\"><span style=\"font-size: small;\"> <\/span><\/p>\n<address style=\"text-align: justify;\"><span style=\"color: #0000ff;\"><strong><span style=\"font-size: small;\">Ng\u01b0\u1eddi th\u1ea5m nhu\u1ea7n ch\u00e1nh ph\u00e1p<\/span><\/strong><\/span><\/address>\n<address style=\"text-align: justify;\"><span style=\"color: #0000ff;\"><strong><span style=\"font-size: small;\">Thanh l\u1ecdc th\u00e2n v\u00e0 t\u00e2m<\/span><\/strong><\/span><\/address>\n<address style=\"text-align: justify;\"><span style=\"color: #0000ff;\"><strong><span style=\"font-size: small;\">S\u1ed1ng trong ni\u1ec1m h\u1ea1nh ph\u00fac<\/span><\/strong><\/span><\/address>\n<address style=\"text-align: justify;\"><span style=\"color: #0000ff;\"><strong><span style=\"font-size: small;\">Thi\u1ec1n \u0111\u1ecbnh th\u1eadt an l\u1ea1c<\/span><\/strong><\/span><\/address>\n<address style=\"text-align: justify;\"><span style=\"color: #0000ff;\"><strong><span style=\"font-size: small;\">Nh\u01b0 k\u1ebb t\u00ecm kho b\u00e1u<\/span><\/strong><\/span><\/address>\n<address style=\"text-align: justify;\"><span style=\"color: #0000ff;\"><strong><span style=\"font-size: small;\">\u0110\u01b0\u1ee3c l\u1ee3i l\u1edbn cho m\u00ecnh<\/span><\/strong><\/span><\/address>\n<address style=\"text-align: justify;\"><span style=\"color: #0000ff;\"><strong><span style=\"font-size: small;\">Hi\u1ec1n tr\u00ed \u0111i\u1ec1u ph\u1ee5c t\u00e2m<\/span><\/strong><\/span><\/address>\n<address style=\"text-align: justify;\"><span style=\"color: #0000ff;\"><strong><span style=\"font-size: small;\">Tham \u00e1i ch\u1eb3ng mong c\u1ea7u<\/span><\/strong><\/span><\/address>\n<address style=\"text-align: justify;\"><span style=\"color: #0000ff;\"><strong><span style=\"font-size: small;\">Nh\u01b0 t\u1ea3ng \u0111\u00e1 ki\u00ean c\u1ed1<\/span><\/strong><\/span><\/address>\n<address style=\"text-align: justify;\"><span style=\"color: #0000ff;\"><strong><span style=\"font-size: small;\">B\u00e3o t\u1ed1 kh\u00f4ng lay \u0111\u1ed9ng.<\/span><\/strong><\/span><\/address>\n<p style=\"text-align: justify;\"><span style=\"font-size: small;\"> <\/span><\/p>\n<p style=\"text-align: justify;\"><strong><span style=\"font-size: small;\">\u0110\u1ea0O PH\u1eacT TH\u1ef0C T\u1ebe V\u00c0 CH\u00c2N TH\u1eacT<\/span><\/strong><\/p>\n<p style=\"text-align: justify;\"><span style=\"font-size: small;\"> <\/span><\/p>\n<p style=\"text-align: justify;\"><span style=\"font-size: small;\">M\u1ed9t Ph\u1eadt t\u1eed gi\u00e1c ng\u1ed9 Ph\u1eadt t\u00e2m Ph\u1eadt t\u00e1nh ch\u00e2n th\u1eadt s\u00e1ng su\u1ed1t, nh\u1eadn bi\u1ebft gi\u1eefa \u0111\u00fang sai, thi\u1ec7n \u00e1c v\u00e0 kh\u00f4ng b\u1ecb m\u00ea l\u1ea7m \u0111i\u00ean \u0111\u1ea3o ch\u1ea5p ch\u1eb7t th\u00e0nh ki\u1ebfn, nh\u1eadn s\u1ef1 \u1ea3o m\u1ed9ng l\u00e0 th\u1eadt.<\/span><\/p>\n<p style=\"text-align: justify;\"><span style=\"font-size: small;\"> <\/span><\/p>\n<p style=\"text-align: justify;\"><span style=\"font-size: small;\">\u0110\u1ea1o Ph\u1eadt l\u00e0m bi\u1ebfn \u0111\u1ed5i s\u1ef1 suy ngh\u0129 v\u00f4 minh c\u1ee7a ng\u01b0\u1eddi ki\u00eau m\u1ea1n, n\u00f3ng n\u1ea3y, c\u1ed1 ch\u1ea5p. Gi\u00e1o l\u00fd \u0111\u1ea1o Ph\u1eadt gi\u00fap th\u1ea5y r\u00f5 b\u1ea3n ch\u1ea5t th\u1ef1c t\u1ebf c\u1ee7a lu\u1eadt v\u00f4 th\u01b0\u1eddng v\u00e0 lu\u1eadt nh\u00e2n qu\u1ea3 chi ph\u1ed1i con ng\u01b0\u1eddi trong nhi\u1ec1u \u0111\u1eddi ki\u1ebfp sanh l\u00e3o b\u1ecbnh t\u1eed.<\/span><\/p>\n<p style=\"text-align: justify;\"><span style=\"font-size: small;\"> <\/span><\/p>\n<p style=\"text-align: justify;\"><span style=\"font-size: small;\">L\u1eddi d\u1ea1y c\u1ee7a \u0110\u1ee9c Ph\u1eadt th\u1ef1c t\u1ebf v\u00f4 c\u00f9ng, th\u00edch h\u1ee3p m\u1ecdi ho\u00e0n c\u1ea3nh m\u1ecdi tr\u00ecnh \u0111\u1ed9 v\u00e0 c\u0103n c\u01a1 c\u1ee7a ch\u00fang sinh. Th\u00e2n t\u00e2m b\u1edbt lo\u1ea1n \u0111\u1ed9ng, b\u1edbt phi\u1ec1n n\u00e3o, d\u1ee9t nghi\u1ec7p ch\u01b0\u1edbng, th\u00ec \u0111i\u1ec1u ph\u1ee5c \u0111\u01b0\u1ee3c t\u00e2m tham, t\u00e2m s\u00e2n, t\u00e2m si, ch\u1ee7 \u0111\u1ed9ng \u0111\u01b0\u1ee3c \u201cth\u00e2n kh\u1ea9u \u00fd\u201d.<\/span><\/p>\n<p style=\"text-align: justify;\"><span style=\"font-size: small;\"> <\/span><\/p>\n<p style=\"text-align: justify;\"><span style=\"font-size: small;\">Gi\u1edbi-\u0110\u1ecbnh-Tu\u1ec7. Gi\u1eef g\u00ecn t\u1ecbnh gi\u1edbi, t\u1eadp tu thi\u1ec1n \u0111\u1ecbnh, ph\u00e1t sanh tr\u00ed tu\u1ec7. Nh\u1eefng vi\u1ec7c kh\u00f3 c\u00f3 nh\u01b0 r\u00f9a m\u00f9 n\u1ed5i l\u00ean m\u1eb7t n\u01b0\u1edbc g\u1eb7p b\u1ecdng c\u00e2y, nh\u01b0ng \u0111\u01b0\u1ee3c th\u00e2n ng\u01b0\u1eddi l\u1ea1i c\u00f3 nhi\u1ec1u ph\u01b0\u1edbc duy\u00ean nghe \u0111\u01b0\u1ee3c\u00a0 gi\u00e1o hu\u1ea5n Ph\u1eadt d\u1ea1y qua kinh \u0111i\u1ec3n, c\u1ed1 g\u1eafng h\u00e0nh tr\u00ec th\u00ec c\u0169ng s\u1ebd th\u1eafp s\u00e1ng \u0111\u01b0\u1ee3c ng\u1ecdn \u0111u\u1ed1c tr\u00ed tu\u1ec7.<\/span><\/p>\n<p style=\"text-align: justify;\"><span style=\"font-size: small;\"> <\/span><\/p>\n<address style=\"text-align: justify;\"><strong><span style=\"font-size: small;\">1. Hi\u1ec3u \u0111\u01b0\u1ee3c kinh Ph\u1eadt l\u00e0 kh\u00f3.<\/span><\/strong><\/address>\n<address style=\"text-align: justify;\"><strong><span style=\"font-size: small;\">2. B\u1ea7n c\u00f9ng b\u1ed1 th\u00ed l\u00e0 kh\u00f3.<\/span><\/strong><\/address>\n<address style=\"text-align: justify;\"><strong><span style=\"font-size: small;\">3. B\u1ecf danh s\u1eafc r\u1ea5t l\u00e0 kh\u00f3.<\/span><\/strong><\/address>\n<address style=\"text-align: justify;\"><strong><span style=\"font-size: small;\">4. Nh\u1ee5c kh\u00f4ng s\u00e2n l\u00e0 kh\u00f3.<\/span><\/strong><\/address>\n<address style=\"text-align: justify;\"><strong><span style=\"font-size: small;\">5. Quy\u1ec1n th\u1ebf kh\u00f4ng khinh ng\u01b0\u1eddi l\u00e0 kh\u00f3.<\/span><\/strong><\/address>\n<address style=\"text-align: justify;\"><strong><span style=\"font-size: small;\">6. T\u00e2m h\u00e0nh b\u00ecnh \u0111\u1eb3ng l\u00e0 kh\u00f3.<\/span><\/strong><\/address>\n<address style=\"text-align: justify;\"><strong><span style=\"font-size: small;\">7. Kh\u00f4ng d\u00ednh c\u1ea3nh th\u1ecb phi l\u00e0 kh\u00f3.<\/span><\/strong><\/address>\n<address style=\"text-align: justify;\"><strong><span style=\"font-size: small;\">8. G\u1eb7p thi\u1ec7n tri th\u1ee9c l\u00e0 kh\u00f3.<\/span><\/strong><\/address>\n<address style=\"text-align: justify;\"><strong><span style=\"font-size: small;\">9. Ch\u00e1nh t\u00edn h\u1ecdc \u0111\u1ea1o l\u00e0 kh\u00f3.<\/span><\/strong><\/address>\n<address style=\"text-align: justify;\"><strong><span style=\"font-size: small;\">10. B\u1ecf th\u00e2n h\u00e0nh \u0111\u1ea1o l\u00e0 kh\u00f3.<\/span><\/strong><\/address>\n<p style=\"text-align: justify;\"><span style=\"font-size: small;\"> <\/span><\/p>\n<p style=\"text-align: justify;\"><span style=\"font-size: small;\">H\u1eb1ng ng\u00e0y trong cu\u1ed9c s\u1ed1ng, n\u01a1i c\u00f4ng s\u1edf n\u1ebfu m\u1ecdi ng\u01b0\u1eddi bi\u1ebft \u00e1p d\u1ee5ng Ph\u1eadt ph\u00e1p v\u1edbi l\u00f2ng bao dung, t\u00e2m h\u1ef7 x\u1ea3, kh\u00f4ng ng\u00e3 m\u1ea1n c\u1ed1 ch\u1ea5p, b\u00ecnh t\u1ec9nh, c\u01b0 x\u1eed t\u1ed1t v\u1edbi \u0111\u1ed3ng nghi\u1ec7p, b\u1edbt ganh t\u1ecb \u0111\u1ed1 k\u1ef5, b\u1edbt h\u01a1n thua, th\u00ec b\u1edbt phi\u1ec1n n\u00e3o v\u00e0 s\u1ebd c\u1ea3i thi\u1ec7n \u0111\u01b0\u1ee3c m\u00f4i tr\u01b0\u1eddng s\u1ed1ng, xung quanh tr\u1edf n\u00ean th\u00e2n thi\u1ec7n t\u1ed1t \u0111\u1eb9p h\u01a1n.<\/span><\/p>\n<p style=\"text-align: justify;\"><span style=\"font-size: small;\"> <\/span><\/p>\n<p style=\"text-align: justify;\"><span style=\"font-size: small;\">Trong m\u1ecdi t\u00ecnh c\u1ea3nh kh\u00f3 kh\u0103n n\u00e0o, n\u1ebfu th\u1ef1c hi\u1ec7n s\u1ef1 ch\u00e1nh ni\u1ec7m t\u1ec9nh th\u1ee9c, t\u00e2m \u0111\u01b0\u1ee3c an th\u00ec s\u1ef1 th\u00f4ng minh s\u00e1ng su\u1ed1t, n\u0103ng l\u1ef1c v\u1ec1 tinh th\u1ea7n t\u0103ng g\u1ea5p b\u1ed9i, c\u00f4ng nh\u00e2n vi\u00ean ch\u1ee9c s\u1ebd c\u1ed1ng hi\u1ebfn \u0111\u01b0\u1ee3c nhi\u1ec1u s\u00e1ng ki\u1ebfn ti\u1ebfn b\u1ed9, vi\u1ec7c l\u00e0m b\u1ec1n v\u1eefng ho\u00e0n h\u1ea3o, \u0111em l\u1ee3i \u00edch nhi\u1ec1u cho b\u1ea3n th\u00e2n, gia \u0111\u00ecnh v\u00e0 cho x\u00e3 h\u1ed9i.<\/span><\/p>\n<p style=\"text-align: justify;\"><span style=\"font-size: small;\"> <\/span><\/p>\n<p style=\"text-align: justify;\"><span style=\"font-size: small;\"> <\/span><\/p>\n<p style=\"text-align: justify;\"><a href=\"http:\/\/4.bp.blogspot.com\/-EwCMEWQYBYs\/TbhgdDVSPxI\/AAAAAAAABHI\/YVJqg9aiByg\/s1600\/ducphatngoithien1303914536.jpg\" target=\"_blank\"><span style=\"font-size: small;\"> <\/span><\/a><\/p>\n<p style=\"text-align: justify;\"><span style=\"font-size: small;\">T\u00f3m l\u1ea1i, Ph\u1eadt gi\u00e1o kh\u00f4ng h\u1ee9a h\u1eb9n l\u00e0 c\u00f3 th\u1ec3 th\u1ecfa m\u00e3n kh\u00e1t v\u1ecdng h\u1ea1nh ph\u00fac v\u0129nh c\u1eedu ph\u00e0m t\u1ee5c ch\u1ee9a \u0111\u1ea7y nghi\u1ec7p b\u00e1o cho ri\u00eang b\u1ea5t c\u1ee9 ai. Nh\u01b0ng k\u1ebft qu\u1ea3 t\u1eeb gi\u00e1o l\u00fd th\u1ef1c t\u1ebf v\u00e0 ch\u00e2n th\u1eadt c\u1ee7a \u0111\u1ea1o Ph\u1eadt lu\u00f4n lu\u00f4n \u0111em l\u1ea1i h\u00f2a b\u00ecnh h\u1ea1nh ph\u00fac v\u00e0 an l\u1ea1c cho m\u1ecdi ng\u01b0\u1eddi. S\u1ef1 b\u00ecnh an h\u1ea1nh ph\u00fac b\u1ec1n v\u1eefng ch\u1ec9 t\u00ecm th\u1ea5y \u1edf t\u00e2m thi\u1ec1n \u0111\u1ecbnh, thanh t\u1ecbnh v\u00e0 tr\u00ed tu\u1ec7 s\u00e1ng su\u1ed1t c\u1ee7a ng\u01b0\u1eddi \u0111\u00e3 \u0111\u1ea1t \u0111\u01b0\u1ee3c gi\u00e1c ng\u1ed9.<\/span><\/p>\n<p style=\"text-align: justify;\"><span style=\"font-size: small;\"> <\/span><\/p>\n<p style=\"text-align: justify;\"><span style=\"font-size: small;\">N\u1ebfu nh\u01b0 x\u00e3 h\u1ed9i c\u00f3 nhi\u1ec1u ng\u01b0\u1eddi tu theo l\u1eddi Ph\u1eadt d\u1ea1y, ph\u00e1t t\u00e2m thi\u1ec7n l\u00e0nh, l\u00f2ng tr\u00e0n \u0111\u1ea7y nh\u00e2n \u00e1i c\u1ee7a b\u1eadc th\u00e1nh nh\u00e2n v\u00e0 b\u1ed3 t\u00e1t, c\u00f5i thi\u00ean \u0111\u00e0ng c\u1ef1c l\u1ea1c t\u1ea1i th\u1ebf gian, ng\u00e0y an l\u00e0nh \u0111\u00eam an l\u00e0nh, gi\u1ea5c ng\u1ee7 \u0111\u01b0\u1ee3c b\u00ecnh y\u00ean, th\u00e1nh thi\u1ec7n.<\/span><\/p>\n<p style=\"text-align: justify;\"><span style=\"font-size: small;\"> <\/span><\/p>\n<p style=\"text-align: justify;\"><span style=\"font-size: small;\">Qua nhi\u1ec1u ni\u00ean k\u1ef7 v\u00e0 th\u1eddi \u0111\u1ea1i con ng\u01b0\u1eddi \u0111\u00e3 c\u00f3 d\u1ecbp ki\u1ec3m nghi\u1ec7m vai tr\u00f2 t\u00f4n gi\u00e1o c\u1ee7a \u0111\u1ea1o Ph\u1eadt qua th\u1ef1c t\u1ebf \u00e1p d\u1ee5ng trong \u0111\u1eddi s\u1ed1ng h\u1eb1ng ng\u00e0y. Nh\u1eefng v\u1ecb \u0111\u1eafc qu\u1ea3 A La H\u00e1n sinh ra \u0111\u1eddi th\u1eddi \u0110\u1ee9c Ph\u1eadt, b\u1ea3n th\u00e2n c\u0169ng t\u1ef1 gi\u00e1c ng\u1ed9 \u0111\u01b0\u1ee3c nh\u1eefng tri ki\u1ebfn nh\u01b0 Ph\u1eadt, \u0111\u1ec3 l\u1ea1i tam t\u1ea1ng kinh \u0111i\u1ec3n d\u1ea1y ng\u01b0\u1eddi \u0111\u1eddi sau \u0111\u01b0\u1eddng l\u1ed1i tu ch\u1ee9ng.<\/span><\/p>\n<p style=\"text-align: justify;\"><span style=\"font-size: small;\"> <\/span><\/p>\n<p style=\"text-align: justify;\"><span style=\"font-size: small;\">Khi li\u1ec5u ng\u1ed9 \u0111\u01b0\u1ee3c s\u1ef1 nhi\u1ec7m m\u1ea7u vi di\u1ec7u c\u1ee7a Ph\u1eadt Ph\u00e1p, con ng\u01b0\u1eddi d\u0129 nhi\u00ean \u0111\u00e3 kh\u00f4ng ng\u1edbt l\u1eddi t\u00e1n th\u00e1n \u0110\u1ee9c Th\u1ebf T\u00f4n l\u00e0 b\u1eadc Th\u1ea7y ch\u1ec9 \u0111\u01b0\u1eddng cho ng\u01b0\u1eddi ch\u01b0a c\u00f3 ph\u01b0\u01a1ng h\u01b0\u1edbng trong cu\u1ed9c s\u1ed1ng, \u0111em \u0111\u00e8n s\u00e1ng v\u00e0o trong b\u00f3ng t\u1ed1i. N\u00f3i m\u1ed9t c\u00e1ch kh\u00e1c, \u0110\u1ee9c Ph\u1eadt l\u00e0 m\u1ed9t l\u01b0\u01a1ng y \u0111\u1ea1i t\u00e0i, ch\u1eefa \u0111\u01b0\u1ee3c h\u1eb1ng v\u1ea1n t\u00e2m b\u1ecbnh kh\u00e1c nhau c\u1ee7a ch\u00fang sinh.<\/span><\/p>\n<p style=\"text-align: justify;\"><span style=\"font-size: small;\"> <\/span><\/p>\n<address style=\"text-align: justify;\"><strong><span style=\"font-size: small; color: #0000ff;\">V\u00f4 th\u01b0\u1ee3ng th\u1eadm th\u00e2m vi di\u1ec7u ph\u00e1p<\/span><\/strong><\/address>\n<address style=\"text-align: justify;\"><strong><span style=\"font-size: small; color: #0000ff;\">B\u00e1 thi\u00ean v\u1ea1n ki\u1ebfp nan tao ng\u1ed9<\/span><\/strong><\/address>\n<address style=\"text-align: justify;\"><strong><span style=\"font-size: small; color: #0000ff;\">Ng\u00e3 kim ki\u1ebfn v\u0103n \u0111\u1eafc th\u1ecd tr\u00ec<\/span><\/strong><\/address>\n<address style=\"text-align: justify;\"><strong><span style=\"font-size: small; color: #0000ff;\">Nguy\u1ec7n gi\u1ea3i Nh\u01b0 Lai ch\u00e2n thi\u1ec7t ngh\u0129a.<\/span><\/strong><\/address>\n<p style=\"text-align: justify;\"><span style=\"font-size: small;\">***<\/span><\/p>\n<address style=\"text-align: justify;\"><strong><span style=\"font-size: small; color: #0000ff;\">Ph\u00e1p Ph\u1eadt vi di\u1ec7u l\u1ea1i cao s\u00e2u<\/span><\/strong><\/address>\n<address style=\"text-align: justify;\"><strong><span style=\"font-size: small; color: #0000ff;\">Tr\u0103m ng\u00e0n mu\u00f4n ki\u1ebfp kh\u00f3 t\u00ecm c\u1ea7u<\/span><\/strong><\/address>\n<address style=\"text-align: justify;\"><strong><span style=\"font-size: small; color: #0000ff;\">Con nay nghe th\u1ea5y, chuy\u00ean tu h\u1ecdc<\/span><\/strong><\/address>\n<address style=\"text-align: justify;\"><strong><span style=\"font-size: small; color: #0000ff;\">Nguy\u1ec7n hi\u1ec3u Nh\u01b0 Lai ngh\u0129a nhi\u1ec7m m\u1ea7u.<\/span><\/strong><\/address>\n<p style=\"text-align: justify;\"><span style=\"font-size: small;\"> <\/span><\/p>\n<address style=\"text-align: center;\"><strong><span style=\"font-size: small;\">NAM M\u00d4 B\u1ed4N S\u01af TH\u00cdCH CA M\u00c2U NI PH\u1eacT<\/span><\/strong><\/address>\n<address style=\"text-align: justify;\"><span style=\"font-size: small;\"> <\/span><\/address>\n<address style=\"text-align: center;\"><strong><em><span style=\"font-size: small;\">Th\u00edch N\u1eef Ch\u00e2n Li\u1ec5u<\/span><\/em><\/strong><\/address>\n<address style=\"text-align: center;\"><strong><em><span style=\"font-size: small;\">M\u00f9a Ph\u1eadt \u0110\u1ea3n PL.2555<\/span><\/em><\/strong><\/address>\n<p style=\"text-align: justify;\">&nbsp;<\/p>\n","protected":false},"excerpt":{"rendered":"<p>TR\u0102M NG\u00c0N MU\u00d4N KI\u1ebeP KH\u00d4NG D\u1ec4 G\u1eb6P TKN Th\u00edch N\u1eef Ch\u00e2n Li\u1ec5u (m\u00f9a Ph\u1eadt \u0110\u1ea3n 2011) T\u1ed3n t\u1ea1i tr\u00ean 2500 n\u0103m l\u1ecbch s\u1eed trong m\u1ed9t \u2026 <a class=\"continue-reading-link\" href=\"https:\/\/www.pagodethienminh.fr\/?page_id=203\">Continue \u00e0 lire <span class=\"meta-nav\">&rarr; <\/span><\/a><\/p>\n","protected":false},"author":1,"featured_media":0,"parent":69,"menu_order":0,"comment_status":"closed","ping_status":"closed","template":"template-onecolumn.php","meta":{"_mc_calendar":[],"footnotes":""},"class_list":["post-203","page","type-page","status-publish","hentry"],"_links":{"self":[{"href":"https:\/\/www.pagodethienminh.fr\/index.php?rest_route=\/wp\/v2\/pages\/203","targetHints":{"allow":["GET"]}}],"collection":[{"href":"https:\/\/www.pagodethienminh.fr\/index.php?rest_route=\/wp\/v2\/pages"}],"about":[{"href":"https:\/\/www.pagodethienminh.fr\/index.php?rest_route=\/wp\/v2\/types\/page"}],"author":[{"embeddable":true,"href":"https:\/\/www.pagodethienminh.fr\/index.php?rest_route=\/wp\/v2\/users\/1"}],"replies":[{"embeddable":true,"href":"https:\/\/www.pagodethienminh.fr\/index.php?rest_route=%2Fwp%2Fv2%2Fcomments&post=203"}],"version-history":[{"count":9,"href":"https:\/\/www.pagodethienminh.fr\/index.php?rest_route=\/wp\/v2\/pages\/203\/revisions"}],"predecessor-version":[{"id":3223,"href":"https:\/\/www.pagodethienminh.fr\/index.php?rest_route=\/wp\/v2\/pages\/203\/revisions\/3223"}],"up":[{"embeddable":true,"href":"https:\/\/www.pagodethienminh.fr\/index.php?rest_route=\/wp\/v2\/pages\/69"}],"wp:attachment":[{"href":"https:\/\/www.pagodethienminh.fr\/index.php?rest_route=%2Fwp%2Fv2%2Fmedia&parent=203"}],"curies":[{"name":"wp","href":"https:\/\/api.w.org\/{rel}","templated":true}]}}