{"id":1966,"date":"2011-12-06T08:53:40","date_gmt":"2011-12-06T08:53:40","guid":{"rendered":"http:\/\/www.pagodethienminh.fr\/?page_id=1966"},"modified":"2014-06-20T09:21:44","modified_gmt":"2014-06-20T09:21:44","slug":"d%e1%bb%9di-s%e1%bb%91ng-h%e1%ba%b1ng-ngay-c%e1%bb%a7a-d%e1%bb%a9c-ph%e1%ba%adt","status":"publish","type":"page","link":"https:\/\/www.pagodethienminh.fr\/?page_id=1966","title":{"rendered":"\u0110\u1eddi s\u1ed1ng h\u1eb1ng ng\u00e0y c\u1ee7a \u0110\u1ee9c Ph\u1eadt"},"content":{"rendered":"<p style=\"text-align: justify;\"><strong>\u0110\u1ee9c Ph\u1eadt c\u00f3 th\u1ec3 \u0111\u01b0\u1ee3c xem l\u00e0 v\u1ecb gi\u00e1o ch\u1ee7 ho\u1ea1t \u0111\u1ed9ng t\u00edch c\u1ef1c v\u00e0 nhi\u1ec7t th\u00e0nh nh\u1ee9t tr\u00ean th\u1ebf gian. Ng\u00e0i lu\u00f4n lu\u00f4n b\u1eadn r\u1ed9n v\u1edbi c\u00f4ng vi\u1ec7c \u0111\u1ea1o ph\u00e1p tr\u1ecdn ng\u00e0y, tr\u1eeb nh\u1eefng l\u00fac ph\u1ea3i \u0111\u1ec3 \u00fd \u0111\u1ebfn v\u00e0i nhu c\u1ea7u v\u1eadt ch\u1ea5t. Ch\u01b0\u01a1ng tr\u00ecnh ho\u1ea1t \u0111\u1ed9ng c\u1ee7a Ng\u00e0i \u0111\u01b0\u1ee3c s\u1eafp x\u1ebfp r\u1ea5t c\u00f3 qui c\u1ee7 v\u00e0 m\u1ef1c th\u01b0\u1edbc.<\/strong><\/p>\n<p style=\"text-align: justify;\">\u0110\u1eddi s\u1ed1ng b\u00ean trong l\u00e0 tham thi\u1ec1n nh\u1eadp \u0111\u1ecbnh v\u00e0 ch\u1ee9ng nghi\u1ec7m h\u1ea1nh ph\u00fac Ni\u1ebft-B\u00e0n, c\u00f2n b\u00ean ngo\u00e0i l\u00e0 ph\u1ee5c v\u1ee5 v\u1ecb tha, n\u00e2ng \u0111\u1ee1 ph\u1ea9m h\u1ea1nh c\u1ee7a ch\u00fang sanh trong kh\u1eafp th\u1ebf gian. Ch\u00ednh Ng\u00e0i \u0111\u01b0\u1ee3c t\u1ef1 gi\u00e1c, Ng\u00e0i t\u1eadn l\u1ef1c c\u1ed1 g\u1eafng \u0111\u1ec3 gi\u00e1c ng\u1ed9 ng\u01b0\u1eddi kh\u00e1c v\u00e0 d\u1eabn d\u1eaft ch\u00fang sanh ra kh\u1ecfi v\u00f2ng phi\u1ec1n n\u00e3o c\u1ee7a \u0111\u1eddi s\u1ed1ng.<\/p>\n<p style=\"text-align: justify;\"><strong>Ho\u1ea1t \u0111\u1ed9ng h\u1eb1ng ng\u00e0y c\u1ee7a \u0110\u1ee9c Ph\u1eadt chia l\u00e0m n\u0103m \u0111o\u1ea1n:<\/strong><\/p>\n<p style=\"text-align: justify;\">1.- Bu\u1ed5i s\u00e1ng; 2.- Bu\u1ed5i tr\u01b0a; 3.- Canh \u0111\u1ea7u; 4.- Canh gi\u1eefa; v\u00e0 5.- Canh ch\u00f3t.<\/p>\n<p style=\"text-align: justify;\"><strong>1. Bu\u1ed5i s\u00e1ng<\/strong><\/p>\n<p style=\"text-align: justify;\">Th\u01b0\u1eddng ng\u00e0y, l\u00fac c\u00f2n t\u1ea3ng s\u00e1ng s\u1edbm, \u0110\u1ee9c Ph\u1eadt d\u00f9ng thi\u00ean nh\u00e3n \u0111\u1ec3 quan s\u00e1t th\u1ebf gian, xem c\u00f3 ai c\u1ea7n Ng\u00e0i t\u1ebf \u0111\u1ed9. N\u1ebfu th\u1ea5y c\u00f3 ng\u01b0\u1eddi c\u1ea7n h\u1ed5 tr\u1ee3 tinh th\u1ea7n th\u00ec kh\u00f4ng \u0111\u1ee3i th\u1ec9nh c\u1ea7u, Ng\u00e0i t\u1ef1 \u00fd \u0111\u1ebfn \u0111\u1ec3 d\u1eabn d\u1eaft ng\u01b0\u1eddi \u1ea5y v\u00e0o ch\u00e1nh \u0111\u1ea1o. Ng\u00e0i \u0111i b\u1ed9. Nh\u01b0ng m\u1ed9t \u0111\u00f4i khi Ng\u00e0i c\u0169ng d\u00f9ng ph\u00e9p th\u1ea7n th\u00f4ng bay tr\u00ean kh\u00f4ng trung. Th\u1ebf th\u01b0\u1eddng, Ng\u00e0i \u0111\u1ebfn nh\u1eefng ng\u01b0\u1eddi h\u01b0 h\u00e8n, \u00f4 nhi\u1ec5m, nh\u01b0 t\u00ean c\u01b0\u1edbp s\u00e1t nh\u01a1n hung t\u1ee3n Angulimala v\u00e0 qu\u1ec9 D\u1ea1 Xoa, b\u1ea1o t\u00e0n \u00e1c \u0111\u1ed9c. Nh\u01b0ng c\u00f4 b\u00e9 Visakha c\u00f3 t\u00e2m \u0111\u1ea1o nhi\u1ec7t th\u00e0nh v\u00e0 nh\u00e0 tri\u1ec7u ph\u00fa C\u1ea5p-C\u00f4-\u0110\u1ed9c (Anathapindika) v\u00e0 nh\u1eefng b\u1ef1c thi\u1ec7n tr\u00ed nh\u01b0 X\u00e1-L\u1ee3i Ph\u1ea5t (Sariputta) v\u00e0 M\u1ee5c-Ki\u1ec1n-Li\u00ean (Moggallana) th\u00ec t\u00ecm \u0111\u1ebfn th\u1ecd gi\u00e1o \u0111\u1ec3 \u0111\u01b0\u1ee3c Ng\u00e0i d\u1eabn d\u1eaft.<\/p>\n<p style=\"text-align: justify;\">Trong khi t\u1ebf \u0111\u1ed9 th\u1ebf gian, n\u1ebfu kh\u00f4ng c\u00f3 ai th\u1ec9nh v\u1ec1 trai t\u0103ng, \u0110\u1ee9c Ph\u1eadt \u2014 ng\u01b0\u1eddi m\u00e0 c\u00e1c b\u1ef1c vua ch\u00faa \u0111\u1ec1u t\u00f4n s\u00f9ng k\u00ednh n\u1ec3 v\u00e0 kh\u1ea5u \u0111\u1ea7u \u0111\u1ea3nh l\u1ec5 m\u1ed7i khi \u0111\u1ebfn tr\u01b0\u1edbc m\u1eb7t \u2014 \u0111i tr\u00ec b\u00ecnh kh\u1ea5t th\u1ef1c tr\u00ean c\u00e1c n\u1ebdo \u0111\u01b0\u1eddng, khi m\u1ed9t m\u00ecnh, l\u00fac v\u1edbi ch\u00fang T\u0103ng. Im l\u1eb7ng \u0111\u1ee9ng tr\u01b0\u1edbc c\u1eeda t\u1eebng nh\u00e0. Kh\u00f4ng th\u1ed1t ra m\u1ed9t l\u1eddi, Ng\u00e0i th\u1ecd l\u00e3nh v\u1eadt th\u1ef1c n\u00e0o m\u00e0 t\u00e2m trong s\u1ea1ch b\u1ed1 th\u00ed c\u1ee7a thi\u1ec7n t\u00edn hoan h\u1ec9 s\u1edbt v\u00e0o b\u00e1t, r\u1ed3i tr\u1edf v\u1ec1 ch\u00f9a. Cho \u0111\u1ebfn n\u0103m t\u00e1m m\u01b0\u01a1i tu\u1ed5i, m\u1eb7c d\u1ea7u \u0111au \u1ed1m b\u1ea5t th\u01b0\u1eddng, Ng\u00e0i v\u1eabn \u0111i b\u00e1t trong th\u00e0nh Ves\u00e0li.<\/p>\n<p style=\"text-align: justify;\">\u0110\u1ee9c Ph\u1eadt th\u1ecd th\u1ef1c tr\u01b0\u1edbc ng\u1ecd. Sau \u0111\u00f3 ch\u01b0 v\u1ecb t\u1ef3-kh\u01b0u h\u1ee3p l\u1ea1i nghe Ng\u00e0i thuy\u1ebft m\u1ed9t b\u00e0i Ph\u00e1p ng\u1eafn. Sau th\u1eddi Ph\u00e1p, \u0110\u1ee9c Ph\u1eadt ban l\u1ec5 qui y Tam B\u1ea3o, truy\u1ec1n Ng\u0169 Gi\u1edbi v\u00e0 n\u1ebfu c\u00f3 v\u1ecb n\u00e0o \u0111\u1ea1t \u0111\u1ebfn tr\u00ecnh \u0111\u1ed9 tinh th\u1ea7n \u0111\u1ea7y \u0111\u1ee7, Ng\u00e0i ch\u1ec9 d\u1eabn v\u00e0o Th\u00e1nh \u0110\u1ea1o, Con \u0110\u01b0\u1eddng Gi\u1ea3i Tho\u00e1t. M\u1ed9t v\u00e0i v\u1ecb \u0111\u1ebfn g\u1ea7n xin \u0111\u1ec1 m\u1ee5c thi\u1ec1n \u0111\u1ecbnh th\u00edch h\u1ee3p theo t\u00e2m t\u00e1nh m\u00ecnh. N\u1ebfu c\u00f3 l\u1eddi th\u1ec9nh nguy\u1ec7n, \u0111\u00f4i khi Ng\u00e0i c\u0169ng ban l\u1ec5 xu\u1ea5t gia.<\/p>\n<p style=\"text-align: justify;\"><strong>2. Bu\u1ed5i tr\u01b0a<\/strong><\/p>\n<p style=\"text-align: justify;\">Sau khi gi\u1ea3ng d\u1ea1y ho\u1eb7c k\u00eau g\u1ecdi ch\u01b0 v\u1ecb \u0111\u1ec7 t\u1eed, \u0110\u1ee9c Ph\u1eadt lui v\u1ec1 t\u1ecbnh th\u1ea5t. N\u1ebfu mu\u1ed1n, Ng\u00e0i n\u1eb1m nghi\u00eang m\u00ecnh b\u00ean m\u1eb7t v\u00e0 \u0111\u1ecbnh th\u1ea7n m\u1ed9t l\u00e1t. L\u00fac d\u1eady, Ng\u00e0i nh\u1eadp \u0110\u1ea1i Bi \u0110\u1ecbnh (Maha Karuna Samapatti) v\u00e0 d\u00f9ng Ph\u1eadt nh\u00e3n [1] quan s\u00e1t th\u1ebf gian, nh\u1ee9t l\u00e0 c\u00e1c v\u1ecb t\u1ef3-kh\u01b0u \u0111\u00e3 \u0111i v\u00e0o r\u1eebng s\u00e2u h\u00e0nh thi\u1ec1n n\u01a1i v\u1eafng v\u1ebb v\u00e0 c\u00e1c \u0111\u1ec7 t\u1eed kh\u00e1c \u1edf xa, \u0111\u1ec3 h\u01b0\u1edbng d\u1eabn v\u00e0 khuy\u00ean d\u1ea1y. N\u1ebfu c\u00f3 m\u1ed9t v\u1ecb \u1edf xa c\u1ea7n h\u1ed5 tr\u1ee3, Ng\u00e0i d\u00f9ng th\u1ea7n th\u00f4ng bay \u0111\u1ebfn n\u01a1i \u0111\u1ec3 t\u1ebf \u0111\u1ed9 r\u1ed3i tr\u1edf v\u1ec1 t\u1ecbnh th\u1ea5t.<\/p>\n<p style=\"text-align: justify;\">V\u00e0o bu\u1ed5i chi\u1ec1u, thi\u1ec7n t\u00edn k\u00e9o \u0111\u1ebfn nghe Ph\u00e1p. Do Ph\u1eadt nh\u00e3n Ng\u00e0i nh\u00ecn v\u00e0o khuynh h\u01b0\u1edbng v\u00e0 t\u00e2m t\u00e1nh c\u1ee7a t\u1eebng ng\u01b0\u1eddi trong c\u1eed t\u1ecda \u0111\u1ec3 thuy\u1ebft Ph\u00e1p \u0111\u1ed9 m\u1ed9t ti\u1ebfng. M\u1ed7i ng\u01b0\u1eddi nghe, d\u1ea7u t\u00e2m t\u00e1nh v\u00e0 t\u00ecnh c\u1ea3nh ho\u00e0n to\u00e0n kh\u00e1c bi\u1ec7t, \u0111\u1ec1u c\u00f3 c\u1ea3m t\u01b0\u1edfng r\u1eb1ng b\u00e0i Ph\u00e1p c\u1ee7a \u0110\u1ee9c Ph\u1eadt \u0111\u1eb7c bi\u1ec7t h\u01b0\u1edbng v\u1ec1 m\u00ecnh. \u0110\u00f3 l\u00e0 ph\u01b0\u01a1ng ph\u00e1p gi\u1ea3ng d\u1ea1y c\u1ee7a \u0110\u1ee9c Ph\u1eadt. Ng\u00e0i th\u01b0\u1eddng d\u00f9ng nh\u1eefng th\u00ed d\u1ee5, nh\u1eefng h\u00ecnh \u1ea3nh hay nh\u1eefng b\u00e0i ng\u1ee5 ng\u00f4n c\u00f3 li\u00ean quan \u0111\u1ebfn \u0111\u1eddi s\u1ed1ng h\u1eb1ng ng\u00e0y trong nh\u00e0 \u0111\u1ec3 gi\u1ea3i th\u00edch gi\u00e1o l\u00fd, v\u00e0 Ng\u00e0i nh\u1eb1m v\u00e0o tr\u00ed th\u1ee9c h\u01a1n l\u00e0 t\u00ecnh c\u1ea3m.<\/p>\n<p style=\"text-align: justify;\">\u0110\u1ed1i v\u1eddi ng\u01b0\u1eddi thu\u1ed9c h\u1ea1ng trung b\u00ecnh, \u0110\u1ee9c Ph\u1eadt b\u1eaft \u0111\u1ea7u gi\u1ea3ng v\u1ec1 h\u1ea1nh b\u1ed1 th\u00ed, gi\u1edbi lu\u1eadt v\u00e0 h\u1ea1nh ph\u00fac \u1edf c\u00e1c c\u1ea3nh Tr\u1eddi. \u0110\u1ed1i v\u1edbi ng\u01b0\u1eddi ti\u1ebfn b\u1ed9 h\u01a1n, Ng\u00e0i \u0111\u1ec1 c\u1eadp \u0111\u1ebfn m\u1ed1i nguy h\u1ea1i c\u1ee7a th\u00fa vui v\u1eadt ch\u1ea5t v\u00e0 h\u1ea1nh ph\u00fac c\u1ee7a s\u1ef1 t\u1eeb kh\u01b0\u1edbc, s\u1ef1 tho\u00e1t ly. V\u1edbi c\u00e1c v\u1ecb \u0111\u00e3 \u0111\u1ea1t \u0111\u1ebfn tr\u00ecnh \u0111\u1ed9 cao th\u01b0\u1ee3ng, Ng\u00e0i gi\u1ea3ng v\u1ec1 ph\u00e1p T\u1ee9-Di\u1ec7u-\u0110\u1ebf.<\/p>\n<p style=\"text-align: justify;\">Trong m\u1ed9t v\u00e0i tr\u01b0\u1eddng h\u1ee3p hi\u1ebfm hoi \u2014 nh\u01b0 tr\u01b0\u1eddng h\u1ee3p Angulimala v\u00e0 b\u00e0 Khema \u2014 \u0110\u1ee9c Ph\u1eadt d\u00f9ng \u0111\u1ebfn oai l\u1ef1c th\u1ea7n th\u00f4ng \u0111\u1ec3 \u1ea3nh h\u01b0\u1edfng \u0111\u1ebfn t\u00e2m ng\u01b0\u1eddi nghe.<\/p>\n<p style=\"text-align: justify;\">Gi\u00e1o Ph\u00e1p Cao Si\u00eau c\u1ee7a \u0110\u1ee9c Ph\u1eadt g\u1ee3i c\u1ea3m cho c\u1ea3 \u0111\u1ea1i ch\u00fang l\u1eabn h\u00e0ng tr\u00ed th\u1ee9c. M\u1ed9t thi s\u0129 Ph\u1eadt t\u1eed c\u00f3 h\u00e1t l\u00ean nh\u1eefng l\u1eddi t\u00e1n t\u1ee5ng nh\u01b0 sau:<\/p>\n<p style=\"text-align: justify;\">\u201c\u0110em ph\u1ec9 l\u1ea1c \u0111\u1ebfn b\u1ef1c thi\u1ec7n tr\u00ed, t\u1ea1o ki\u1ebfn th\u1ee9c cho h\u1ea1ng trung b\u00ecnh, v\u00e0 \u0111\u00e1nh tan b\u00f3ng t\u1ed1i c\u1ee7a ng\u01b0\u1eddi ngu mu\u1ed9i, \u0111\u00e2y qu\u1ea3 th\u1eadt l\u00e0 ng\u00f4n ng\u1eef c\u1ee7a t\u1ea5t c\u1ea3 m\u1ecdi ng\u01b0\u1eddi\u201d. [2]<\/p>\n<p style=\"text-align: justify;\">C\u1ea3 hai l\u1edbp ng\u01b0\u1eddi, gi\u00e0u v\u00e0 ngh\u00e8o, cao sang v\u00e0 th\u1ea5p k\u00e9m, \u0111\u1ec1u t\u1eeb b\u1ecf \u0111\u1ee9c tin c\u0169 c\u1ee7a m\u00ecnh \u0111\u1ec3 h\u01b0\u1edbng v\u1ec1 Th\u00f4ng \u0110i\u1ec7p H\u00f2a B\u00ecnh c\u1ee7a \u0110\u1ee9c Ph\u1eadt. N\u1ec1n \u0111\u1ea1o ph\u00e1p (sasana) s\u01a1 sanh b\u1eaft \u0111\u1ea7u v\u1edbi n\u0103m v\u1ecb \u0111\u1ea1o s\u0129 nh\u01b0 h\u1ed9t nh\u00e2n c\u1ee7a t\u1ebf b\u00e0o, s\u1edbm sanh s\u00f4i n\u1ea3y n\u1edf, v\u00e0 m\u1edf r\u1ed9ng \u0111\u1ebfn h\u00e0ng tri\u1ec7u ng\u01b0\u1eddi v\u00e0 \u00eam th\u1eafm, \u00f4n h\u00f2a, tr\u00e0n lan kh\u1eafp mi\u1ec1n Trung \u1ea4n.<\/p>\n<p style=\"text-align: justify;\"><strong>3. Canh \u0111\u1ea7u<\/strong><\/p>\n<p style=\"text-align: justify;\">T\u1eeb s\u00e1u \u0111\u1ebfn m\u01b0\u1eddi gi\u1edd \u0111\u00eam l\u00e0 kho\u1ea3ng \u0110\u1ee9c Ph\u1eadt d\u00e0nh ri\u00eang \u0111\u1ec3 c\u00e1c v\u1ecb t\u1ef3-kh\u01b0u \u0111\u01b0\u1ee3c t\u1ef1 do th\u1ec9nh c\u1ea7u Ng\u00e0i r\u1ecdi s\u00e1ng nh\u1eefng m\u1ed1i ho\u00e0i nghi c\u1ee7a m\u00ecnh, h\u1ecfi Ng\u00e0i v\u1ec1 nh\u1eefng \u0111i\u1ec3m ph\u1ee9c t\u1ea1p trong Gi\u00e1o Ph\u00e1p, xin Ng\u00e0i \u0111\u1ec1 m\u1ee5c thi\u1ec1n \u0111\u1ecbnh v\u00e0 nghe thuy\u1ebft Ph\u00e1p.<\/p>\n<p style=\"text-align: justify;\"><strong>4. Canh gi\u1eefa<\/strong><\/p>\n<p style=\"text-align: justify;\">T\u1eeb m\u01b0\u1eddi gi\u1edd \u0111\u1ebfn hai gi\u1edd khuya, ch\u01b0 Thi\u00ean v\u00e0 ch\u01b0 Ph\u1ea1m Thi\u00ean l\u00e0 nh\u1eefng ch\u00fang sanh m\u00e0 m\u1eaft ng\u01b0\u1eddi kh\u00f4ng th\u1ec3 tr\u00f4ng th\u1ea5y, t\u1eeb c\u00e1c c\u1ea3nh Tr\u1eddi, \u0111\u1ebfu h\u1ea7u Ph\u1eadt v\u00e0 h\u1ecfi Ng\u00e0i v\u1ec1 Gi\u00e1o Ph\u00e1p. Trong Kinh S\u00e1ch c\u00f3 m\u1ed9t \u0111o\u1ea1n th\u01b0\u1eddng \u0111\u01b0\u1ee3c nh\u1eafc \u0111i l\u1eadp l\u1ea1i nh\u01b0 sau: \u201cL\u00fac b\u1ea5y gi\u1edd \u0111\u00eam \u0111\u00e3 khuya, m\u1ed9t v\u1ecb Tr\u1eddi c\u00f3 h\u00e0o quang r\u1ef1c r\u1ee1 \u0111\u1ebfn g\u1ea7n \u0110\u1ee9c Ph\u1eadt, cung k\u00ednh \u0111\u1ea3nh l\u1ec5 v\u00e0 \u0111\u1ee9ng l\u1ea1i m\u1ed9t b\u00ean\u201d. Nhi\u1ec1u b\u00e0i kinh v\u00e0 nhi\u1ec1u l\u1eddi v\u1ea5n \u0111\u00e1p \u0111\u01b0\u1ee3c ghi trong t\u1eadp Samyutta Nikaya (T\u01b0\u01a1ng \u01afng B\u1ed9).<\/p>\n<p style=\"text-align: justify;\"><strong>5. Canh cu\u1ed1i c\u00f9ng<\/strong><\/p>\n<p style=\"text-align: justify;\">Canh cu\u1ed1i c\u00f9ng trong \u0111\u00eam, t\u1eeb hai gi\u1edd khuya \u0111\u1ebfn s\u00e1u gi\u1edd s\u00e1ng, \u0111\u01b0\u1ee3c chia l\u00e0m b\u1ed1n ph\u1ea7n. Trong ph\u1ea7n \u0111\u1ea7u ti\u00ean, t\u1eeb hai \u0111\u1ebfn ba gi\u1edd. \u0110\u1ee9c Ph\u1eadt \u0111i kinh h\u00e0nh (cankamana). T\u1eeb ba \u0111\u1ebfn b\u1ed1n gi\u1edd, Ng\u00e0i n\u1eb1m \u0111\u1ecbnh th\u1ea7n, nghi\u00eang v\u1ec1 ph\u00eda tay m\u1eb7t. T\u1eeb b\u1ed1n \u0111\u1ebfn n\u0103m gi\u1edd, Ng\u00e0i nh\u1eadp \u0110\u1ea1i Bi \u0110\u1ecbnh (Mah\u00e0 Karun\u00e0 Samapatti), r\u00e3i t\u00e2m t\u1eeb kh\u1eafp n\u01a1i v\u00e0 l\u00e0m \u00eam d\u1ecbu t\u00e2m tr\u00ed t\u1ea5t c\u1ea3 ch\u00fang sanh. Sau \u0111\u00f3 Ng\u00e0i quan s\u00e1t th\u1ebf gian b\u1eb1ng Ph\u1eadt nh\u00e3n xem coi c\u00f3 th\u1ec3 t\u1ebf \u0111\u1ed9 ai. Nh\u1eefng ng\u01b0\u1eddi \u0111\u1ea1o h\u1ea1nh v\u00e0 nh\u1eefng ng\u01b0\u1eddi c\u1ea7n \u0111\u1ebfn Ng\u00e0i, d\u1ea7u \u1edf c\u00e1ch xa th\u1ebf n\u00e0o Ng\u00e0i c\u0169ng nh\u1eadn ra v\u00e0 m\u1edf l\u00f2ng bi m\u1ea9n, Ng\u00e0i t\u1ef1 \u00fd \u0111\u1ebfn \u0111\u1ec3 \u0111em l\u1ea1i s\u1ef1 h\u1ed5 tr\u1ee3 tinh th\u1ea7n c\u1ea7n thi\u1ebft.<\/p>\n<p style=\"text-align: justify;\"><img decoding=\"async\" src=\"http:\/\/www.hoasentrang.vn\/resize.php?from=.\/\/Nam2010\/dangcung.jpg&amp;w=570\" alt=\"\" \/><\/p>\n<p style=\"text-align: justify;\"><em>\u1ea2nh: minh h\u1ecda<\/em><\/p>\n<p style=\"text-align: justify;\">Nh\u01b0 v\u1eady, tr\u1ecdn c\u1ea3 ng\u00e0y, \u0110\u1ee9c Ph\u1eadt lu\u00f4n lu\u00f4n b\u1eadn r\u1ed9n v\u1edbi nhi\u1ec7m v\u1ee5 \u0111\u1ea1o \u0111\u1ee9c. Ng\u00e0i ch\u1ec9 ng\u1ee7 m\u1ed9t gi\u1edd \u0111\u1ed3ng h\u1ed3. Trong hai gi\u1edd tr\u00f2n, bu\u1ed5i s\u00e1ng v\u00e0 l\u00fac b\u00ecnh minh, Ng\u00e0i \u0111\u01b0\u1ee3m nhu\u1ea7n to\u00e0n th\u1ec3 th\u1ebf gian v\u1edbi t\u00e2m T\u1eeb v\u00f4 l\u01b0\u1ee3ng v\u00e0 \u0111em h\u1ea1nh ph\u00fac \u0111\u1ebfn cho h\u00e0ng tri\u1ec7u ch\u00fang sanh. T\u1ef1 nguy\u1ec7n s\u1ed1ng \u0111\u1eddi ngh\u00e8o n\u00e0n, \u0111i tr\u00ec b\u00ecnh kh\u1ea5t th\u1ef1c m\u00e0 kh\u00f4ng phi\u1ec1n \u0111\u1ebfn ai, r\u00e0y \u0111\u00e2y mai \u0111\u00f3, t\u00e1m th\u00e1ng tr\u1eddi li\u1ec1n trong n\u0103m \u0111\u1ec3 ho\u1eb1ng khai Di\u1ec7u Ph\u00e1p, Ng\u00e0i kh\u00f4ng ng\u1eebng gia c\u00f4ng \u0111em l\u1ea1i \u0111i\u1ec1u t\u1ed1t \u0111\u1eb9p v\u00e0 h\u1ea1nh ph\u00fac cho t\u1ea5t c\u1ea3, ch\u00ed \u0111\u1ebfn ng\u00e0y nh\u1eadp di\u1ec7p, v\u00e0o n\u0103m t\u00e1m m\u01b0\u01a1i tu\u1ed5i th\u1ecd.<\/p>\n<p><strong>Ch\u00fa th\u00edch:<\/strong><\/p>\n<p style=\"text-align: justify;\">[1] Buddhacakkhu, Ph\u1eadt nh\u00e3n, g\u1ed3m tri ki\u1ebfn v\u1ec1 nh\u1eefng thi\u1ebfu k\u00e9m v\u00e0 khuynh h\u01b0\u1edbng c\u1ed1 h\u1eefu (\u00e3say\u00e3nusaya n\u00e3na) v\u00e0 tri ki\u1ebfn v\u1ec1 t\u00e1nh c\u00e1ch d\u00e3 d\u01b0\u1ee3i hay nhi\u1ec7t th\u00e0nh c\u1ee7a nh\u1eefng kh\u1ea3 n\u0103ng nh\u01b0 ni\u1ec1m tin, t\u00e2m ni\u1ec7m, t\u00e2m \u0111\u1ecbnh, tinh t\u1ea5n v\u00e0 tr\u00ed tu\u1ec7 (indiryaparopariyatta nana)<\/p>\n<p style=\"text-align: justify;\">[2] Satapancasataka, c\u00e2u 78.<\/p>\n<p style=\"text-align: right;\"><strong>Tr\u00edch: \u201c\u0110\u1ee9c Ph\u1eadt v\u00e0 Ph\u1eadt Ph\u00e1p\u201d,\u00a0<\/strong><br \/>\n<strong>Ph\u1ea1m Kim Kh\u00e1nh d\u1ecbch<\/strong><\/p>\n","protected":false},"excerpt":{"rendered":"<p>\u0110\u1ee9c Ph\u1eadt c\u00f3 th\u1ec3 \u0111\u01b0\u1ee3c xem l\u00e0 v\u1ecb gi\u00e1o ch\u1ee7 ho\u1ea1t \u0111\u1ed9ng t\u00edch c\u1ef1c v\u00e0 nhi\u1ec7t th\u00e0nh nh\u1ee9t tr\u00ean th\u1ebf gian. Ng\u00e0i lu\u00f4n lu\u00f4n b\u1eadn \u2026 <a class=\"continue-reading-link\" href=\"https:\/\/www.pagodethienminh.fr\/?page_id=1966\">Continue \u00e0 lire <span class=\"meta-nav\">&rarr; <\/span><\/a><\/p>\n","protected":false},"author":1,"featured_media":0,"parent":4146,"menu_order":8,"comment_status":"closed","ping_status":"closed","template":"template-onecolumn.php","meta":{"_mc_calendar":[],"footnotes":""},"class_list":["post-1966","page","type-page","status-publish","hentry"],"_links":{"self":[{"href":"https:\/\/www.pagodethienminh.fr\/index.php?rest_route=\/wp\/v2\/pages\/1966","targetHints":{"allow":["GET"]}}],"collection":[{"href":"https:\/\/www.pagodethienminh.fr\/index.php?rest_route=\/wp\/v2\/pages"}],"about":[{"href":"https:\/\/www.pagodethienminh.fr\/index.php?rest_route=\/wp\/v2\/types\/page"}],"author":[{"embeddable":true,"href":"https:\/\/www.pagodethienminh.fr\/index.php?rest_route=\/wp\/v2\/users\/1"}],"replies":[{"embeddable":true,"href":"https:\/\/www.pagodethienminh.fr\/index.php?rest_route=%2Fwp%2Fv2%2Fcomments&post=1966"}],"version-history":[{"count":3,"href":"https:\/\/www.pagodethienminh.fr\/index.php?rest_route=\/wp\/v2\/pages\/1966\/revisions"}],"predecessor-version":[{"id":1968,"href":"https:\/\/www.pagodethienminh.fr\/index.php?rest_route=\/wp\/v2\/pages\/1966\/revisions\/1968"}],"up":[{"embeddable":true,"href":"https:\/\/www.pagodethienminh.fr\/index.php?rest_route=\/wp\/v2\/pages\/4146"}],"wp:attachment":[{"href":"https:\/\/www.pagodethienminh.fr\/index.php?rest_route=%2Fwp%2Fv2%2Fmedia&parent=1966"}],"curies":[{"name":"wp","href":"https:\/\/api.w.org\/{rel}","templated":true}]}}