{"id":1837,"date":"2011-11-27T16:45:32","date_gmt":"2011-11-27T16:45:32","guid":{"rendered":"http:\/\/www.pagodethienminh.fr\/?page_id=1837"},"modified":"2013-03-14T15:29:20","modified_gmt":"2013-03-14T15:29:20","slug":"sutra-sur-la-cause-et-l%e2%80%99effet","status":"publish","type":"page","link":"https:\/\/www.pagodethienminh.fr\/?page_id=1837","title":{"rendered":"S\u00fbtra sur La Cause et l\u2019Effet"},"content":{"rendered":"<p style=\"text-align: justify;\">Dans ce Sutra sur la Cause et l\u2019Effet, le Bouddha Shakyamuni met l\u2019accent bri\u00e8vement sur un point essentiel et fondamental du Dharma. Il est imp\u00e9ratif pour le pratiquant quel que soit son niveau d\u2019agir en accord avec ces paroles de mise en garde et en m\u00eame temps source de lib\u00e9ration.<br \/>\nDans ce Soutra, est aussi \u00e9voqu\u00e9 la Terre Pure de Supr\u00eame F\u00e9licit\u00e9 du Bouddha Amitabha ou Amitayus.<\/p>\n<p style=\"text-align: center;\"><strong>Le Bouddha \u00e9nonce Le S\u00fbtra sur La Cause et l\u2019Effet Dans Les Trois P\u00e9riodes Du Temps<\/strong><\/p>\n<p style=\"text-align: justify;\">A cette \u00e9poque, \u00c1nanda \u00e9tait sur une Montagne Magique, avec une assembl\u00e9e de mille deux cents cinquante. \u00c1nanda fit r\u00e9v\u00e9rence avec ses paumes jointes, circumambula le Bouddha trois fois, et s\u2019agenouilla avec les paumes jointes. Alors il posa au Bouddha Shakyamuni cette question : \u2018\u2019 Au cours de la p\u00e9riode de d\u00e9clin du Dharma, tous les \u00eatres dans le Jambudvipa Austral donneront naissance \u00e0 beaucoup de mauvais karma. Ils ne r\u00e9v\u00e8reront pas les Trois Joyaux, ou ne respecteront pas leurs parents. Ils vont faillir dans les Trois Attaches. Les Cinq Constantes qui sauvegardent les obligations universelles entre les gens seront en dissonance et d\u00e9saccord. Les \u00eatres seront pauvres, destitu\u00e9s, modestes, et vilains. Leurs six facult\u00e9s souffriront d\u2019alt\u00e9ration. Toute la journ\u00e9e ils s\u2019engageront dans le meurtre et le tord. Quelles sont les conditions qui m\u00e8nent \u00e0 ces r\u00e9compenses et r\u00e9tributions diff\u00e9rentes vari\u00e9es ? Nous, disciples, prions l\u2019Unique-Honor\u00e9-Du-Monde de bien vouloir avec compassion expliquer chacune de celles-ci pour nous.\u2019\u2019<\/p>\n<p style=\"text-align: justify;\">Le Bouddha dit \u00e0 \u00c1nanda et \u00e0 l\u2019assembl\u00e9e de grands disciples, \u2018\u2019Vous devriez maintenant \u00e9couter attentivement. Excellent en effet ! Excellent en effet ! Je vais \u00e9tablir clairement tout ceci pour vous. Tous les hommes et les femmes, qu\u2019ils soient pauvres et modestes ou riches et nobles, qu\u2019ils endurent des souffrances sans limite ou se r\u00e9jouissent de b\u00e9n\u00e9dictions sans fin, endurent tous les r\u00e9compenses et les r\u00e9tributions qui sont dues aux causes et effets de leurs vies pass\u00e9es. Que devraient-ils faire \u00e0 partir de maintenant ?<\/p>\n<p style=\"text-align: justify;\">\u2018\u2019En premier, ils devraient \u00eatre filiaux et pleins de respect envers leurs parents. Ensuite, ils devraient croire avec r\u00e9v\u00e9rence en les Trois Joyaux. Et troisi\u00e8mement, ils devraient se r\u00e9fr\u00e9ner de tuer et au contraire lib\u00e9rer le vivant. Quatri\u00e8mement, ils devraient manger de la nourriture v\u00e9g\u00e9tarienne pure et pratiquer le don. Ces actes leur permettront de planter des graines dans le champ des b\u00e9n\u00e9dictions pour leurs futures vies.\u2019\u2019<\/p>\n<p style=\"text-align: justify;\">Alors le Bouddha pronon\u00e7a ces versets sur la Cause et l\u2019Effet :<\/p>\n<p style=\"text-align: justify;\">La fortune et la dignit\u00e9 viennent de notre destin<br \/>\nA partir de causes plant\u00e9es dans des vies du pass\u00e9.<\/p>\n<p style=\"text-align: justify;\">Les gens qui se tiennent \u00e0 ce principe simple<br \/>\nR\u00e9colterons la bonne fortune dans les vies du futur.<\/p>\n<p style=\"text-align: justify;\">Les hommes et femmes bons, \u00e9coutent les causes,<br \/>\nEntendent et se souviennent de ce Rappel de S\u00fbtra<\/p>\n<p style=\"text-align: justify;\">Des causes et effets d\u2019actions karmiques<br \/>\nDans le pass\u00e9, dans le futur, et dans le pr\u00e9sent.<\/p>\n<p style=\"text-align: justify;\">La Cause et l\u2019Effet n\u2019est pas du tout un petit sujet.<br \/>\nVrais sont mes mots ; ne les prenez pas \u00e0 la l\u00e9g\u00e8re.<\/p>\n<p style=\"text-align: justify;\">Pourquoi certaines personnes sont des officiels \u00e0 pr\u00e9sent ?<br \/>\nParce qu\u2019 avec de l\u2019or ils ont dor\u00e9 les Bouddhas<\/p>\n<p style=\"text-align: justify;\">Dans leurs vies pass\u00e9es, il y a longtemps, longtemps.<br \/>\nC\u2019est de leur pratique dans leurs vies du pass\u00e9<\/p>\n<p style=\"text-align: justify;\">Qu\u2019ils r\u00e9coltent dans cette vie un riche fruit.<br \/>\nLa robe violette et le cordon en or \u2013<\/p>\n<p style=\"text-align: justify;\">Les marques honor\u00e9es du plus haut officiel :<br \/>\nSi vous deviez les rechercher, recherchez aupr\u00e8s des Bouddhas.<\/p>\n<p style=\"text-align: justify;\">Dorer les Bouddhas est votre propre gain ;<br \/>\nEn volant les Ainsi All\u00e9s, vous vous d\u00e9robez vous-m\u00eame.<\/p>\n<p style=\"text-align: justify;\">Ne dites pas qu\u2019il est facile de devenir un officiel ;<br \/>\nCela ne peut arriver si des causes ne sont pas plant\u00e9es.<\/p>\n<p style=\"text-align: justify;\">Quelles sont les causes de poss\u00e9der un chariot<br \/>\nEt de monter sur des palanquins ? Les gens comme cela<br \/>\n\u00c9taient des constructeurs et des r\u00e9parateurs de ponts et de routes.<\/p>\n<p style=\"text-align: justify;\">Pourquoi certaines personnes sont des porteurs de satin ?<br \/>\nC\u2019est parce qu\u2019\u00e0 des \u00e9poques dans le pass\u00e9,<br \/>\nDes robes ils mettaient de c\u00f4t\u00e9 comme dons pour la Sangha.<\/p>\n<p style=\"text-align: justify;\">Parfois des gens ont des biens en abondance,<br \/>\nLa raison, en fait, encore une fois est tout \u00e0 fait claire.<br \/>\nDans le pass\u00e9, ces gens ont donn\u00e9 de la nourriture aux pauvres.<\/p>\n<p style=\"text-align: justify;\">D\u2019autres n\u2019ont pas de nourriture et de boisson,<br \/>\nQui peut supposer la raison ?<br \/>\nAvant ces gens \u00e9taient infest\u00e9s d\u2019un d\u00e9faut :<br \/>\nL\u2019avidit\u00e9 avarice leur faisait entasser tout centime.<\/p>\n<p style=\"text-align: justify;\">Les gens ais\u00e9s parmi nous demeurent<br \/>\nDans de grandes demeures et vastes \u00e9tats.<br \/>\nLa raison est qu\u2019ils ont donn\u00e9 du riz avec bont\u00e9,<br \/>\nEn prodiguant des dons de grain aux monast\u00e8res.<\/p>\n<p style=\"text-align: justify;\">Jouissant de b\u00e9n\u00e9dictions et dignement prosp\u00e8res,<br \/>\nSont les gens qui r\u00e9coltent une r\u00e9compense ad\u00e9quate.<\/p>\n<p style=\"text-align: justify;\">Dans des temps pass\u00e9s maintenant ils ont aid\u00e9 \u00e0 construire des temples<br \/>\nEt ont vu que la Sangha avait des huttes et des abris.<br \/>\nLes traits de certaines personnes sont fins et parfaits,<br \/>\nS\u00fbrement la raison pour de telles r\u00e9compenses<br \/>\nEst que de belles fleurs ils ont offert aux Bouddhas.<\/p>\n<p style=\"text-align: justify;\">Pourquoi certaines personnes sont dou\u00e9es et sages ?<br \/>\nDans des vies pass\u00e9es elles mangeaient de la nourriture pure<br \/>\nEt se souvenaient des Bouddhas avec un regard conscient.<\/p>\n<p style=\"text-align: justify;\">Regardez les hommes dont les femmes sont loyales,<br \/>\nLeur r\u00e9compense vient maintenant \u00e0 cause de ce qui s\u2019est pass\u00e9 avant :<br \/>\nLeurs conditions sont fortes dans la porte du Bouddha.<\/p>\n<p style=\"text-align: justify;\">Certains ont des mariages qui durent et s\u00e9rieux.<br \/>\nLeur bonheur n\u2019arrive pas par chance.<\/p>\n<p style=\"text-align: justify;\">La cause cette fois est la suspension de dais<br \/>\nEt d\u2019\u00e9tendards devant les statues de Bouddha.<\/p>\n<p style=\"text-align: justify;\">Certaines heureuses personnes \u00ab p\u00e8res et m\u00e8res \u00bb<br \/>\nJouissent d\u2019une grande long\u00e9vit\u00e9, du contentement, et du calme.<br \/>\nO\u00f9 est la source pour de telles r\u00e9compenses ?<br \/>\nIls ont prot\u00e9g\u00e9 des orphelins dans des temps maintenant pass\u00e9s<br \/>\nEt ont consid\u00e9r\u00e9 les plus anciens comme eux-m\u00eames.<br \/>\nLes orphelins doivent vivre sans p\u00e8res et m\u00e8res<br \/>\nPuisqu\u2019ils ont abattus auparavant des oiseaux pour le sport.<\/p>\n<p style=\"text-align: justify;\">Comment peut-on avoir beaucoup d\u2019enfants et de grands enfants ?<br \/>\nEn laissant les oiseaux voler hors de leurs cages pour la libert\u00e9.<\/p>\n<p style=\"text-align: justify;\">En \u00e9levant des enfants, certains \u00e9chouent gravement.<br \/>\nC\u2019est parce qu\u2019avant ils ont noy\u00e9s des enfants f\u00e9minins.<\/p>\n<p style=\"text-align: justify;\">Quand ils sont infertiles, les gens ne pourront porter tout enfant.<br \/>\nCela est leur d\u00fb pour avoir commis des actions aux m\u0153urs l\u00e9g\u00e8res.<\/p>\n<p style=\"text-align: justify;\">Certains ont une grande long\u00e9vit\u00e9, pourquoi sont-ils si chanceux ?<br \/>\nEn lib\u00e9rant des cr\u00e9atures, ils ont ran\u00e7onn\u00e9 des vies.<\/p>\n<p style=\"text-align: justify;\">Avez-vous vu combien souffrent de petites long\u00e9vit\u00e9s ?<br \/>\nLeurs assassinats gratuits d\u2019\u00eatres en sont la raison.<\/p>\n<p style=\"text-align: justify;\">Seuls sont les hommes avec qui aucunes femmes ne veulent se marier.<br \/>\nIls payent leurs dettes pour avoir commis l\u2019adult\u00e8re.<\/p>\n<p style=\"text-align: justify;\">Les veuves portent une triste r\u00e9tribution.<br \/>\nElles ont tenus leurs maris des vies pass\u00e9es avec m\u00e9pris.<\/p>\n<p style=\"text-align: justify;\">Les serviteurs et les esclaves ont commis eux-m\u00eames cet asservissement<br \/>\nEn n\u00e9gligeant des bienfaits qui leur ont \u00e9t\u00e9 faits.<br \/>\nBrillants sont les yeux de certains \u00eatres fortun\u00e9s.<br \/>\nDevant des Bouddhas ils ont offerts des lampes remplies de p\u00e9trole.<\/p>\n<p style=\"text-align: justify;\">Les aveugles de ce monde portent un lourd fardeau<br \/>\nPour avoir manqu\u00e9 de montrer clairement le chemin aux voyageurs.<\/p>\n<p style=\"text-align: justify;\">Les bouches de certaines personnes sont vraiment d\u00e9form\u00e9es.<br \/>\nElles ont \u00e9teint en soufflant des lampes sur des Autels de Bouddhas.<br \/>\n\u00catre sourd et muet et une morne existence.<br \/>\nR\u00e9tribution appropri\u00e9e pour avoir m\u00e9pris\u00e9 nos parents.<\/p>\n<p style=\"text-align: justify;\">Comment des gens en arrivent \u00e0 devenir des bossus ?<\/p>\n<p style=\"text-align: justify;\">Ils ont admonest\u00e9 et se sont moqu\u00e9s de ceux qui s\u2019inclinaient devant des Bouddhas.<\/p>\n<p style=\"text-align: justify;\">Faites attention aux mains malform\u00e9es, mon ami.<br \/>\nElles trahissent les gens enclins au mal.<\/p>\n<p style=\"text-align: justify;\">Des semblables avec des pieds estropi\u00e9s et inutilisables<br \/>\nOnt tendu des embuscades et d\u00e9rob\u00e9 avec abandon imprudent.<\/p>\n<p style=\"text-align: justify;\">La plupart des vaches et chevaux \u00e9taient des humains avant \u2013<br \/>\nDes gens qui n\u2019ont pas \u00e9pong\u00e9 leurs dettes.<\/p>\n<p style=\"text-align: justify;\">Beaucoup de gens pass\u00e9s sont maintenant des cochons ou des chiens<br \/>\nParce qu\u2019ils ont injuri\u00e9 et tromp\u00e9 d\u2019autres gens.<\/p>\n<p style=\"text-align: justify;\">La maladie et la douleur : un effet in\u00e9vitable<br \/>\nPour avoir offert de la viande et du vin aux Bouddhas.<\/p>\n<p style=\"text-align: justify;\">Libre de la maladie : une belle r\u00e9tribution<br \/>\nPour avoir soulag\u00e9 le malade en lui accordant des m\u00e9dicaments.<\/p>\n<p style=\"text-align: justify;\">Le sort de l\u2019emprisonnement attrape certains gens<br \/>\n\u00c0 cause d\u2019actions sataniques et un manque de c\u00e9der.<\/p>\n<p style=\"text-align: justify;\">La mort de faim : r\u00e9tribution due<br \/>\nPour avoir colmat\u00e9 des trous de rats et de serpents.<\/p>\n<p style=\"text-align: justify;\">Admettre qu\u2019une victime d\u2019empoisonnement<br \/>\nA caus\u00e9 un empoisonnement aquatique; a barr\u00e9 des eaux.<\/p>\n<p style=\"text-align: justify;\">Les \u00eatres abandonn\u00e9s, d\u00e9sesp\u00e9r\u00e9s, rejet\u00e9s<br \/>\nFurent cruels de longue date, en maltraitant d\u2019autres.<\/p>\n<p style=\"text-align: justify;\">La stature de certain est extr\u00eamement petite.<br \/>\nAvant, ils ont lus des S\u00fbtras \u00e9tal\u00e9s sur le sol.<\/p>\n<p style=\"text-align: justify;\">Vomir du sang ? Croyez que cela vient en premier<br \/>\nDe la consommation de viande, ensuite de la r\u00e9citation des S\u00fbtras<\/p>\n<p style=\"text-align: justify;\">Une autre action qui d\u00e9termine la surdit\u00e9 :<br \/>\nNe pas bien \u00e9couter les r\u00e9citations de S\u00fbtras<\/p>\n<p style=\"text-align: justify;\">Les plaies et la gale tracassent les gens<br \/>\nQui ont donn\u00e9 du poisson puant et de la chair aux Bouddhas.<\/p>\n<p style=\"text-align: justify;\">Les gens qui puent d\u2019une terrible puanteur<br \/>\nOnt vendu des biens faux et des senteurs de qualit\u00e9 inf\u00e9rieure.<\/p>\n<p style=\"text-align: justify;\">Pourquoi des gens de leur propre main se pendent ?<br \/>\nAvant, ils utilisaient des pi\u00e8ges pour capturer leurs proies.<\/p>\n<p style=\"text-align: justify;\">Tous ces veufs (-ves), solitaires, non mari\u00e9s, ou orphelins,<br \/>\nSont maintenant pay\u00e9s justement pour une jalousie pass\u00e9e.<\/p>\n<p style=\"text-align: justify;\">Ceux frapp\u00e9s par l\u2019\u00e9clair, consum\u00e9s par le feu,<br \/>\nOnt truqu\u00e9 leurs \u00e9chelles pour am\u00e9liorer leurs revenus d\u2019affaire.<\/p>\n<p style=\"text-align: justify;\">Des tigres f\u00e9roces et des serpents qui font le festin de gens<br \/>\nSont des ennemis qui portent des ressentiments des vies pass\u00e9es.<\/p>\n<p style=\"text-align: justify;\">Dans nos myriades d\u2019actions, quoi que nous fassions,<br \/>\nNous r\u00e9coltons nos propres r\u00e9tributions, c\u2019est vrai.<\/p>\n<p style=\"text-align: justify;\">Qui pouvons-nous bl\u00e2mer pour notre souffrance dans les enfers ?<br \/>\nQui peut-il y avoir \u00e0 bl\u00e2mer si ce n\u2019est nous-m\u00eames ?<\/p>\n<p style=\"text-align: justify;\">Ne dites pas que la Cause et l\u2019Effet n\u2019est pas vu.<br \/>\nRegardez-vous, vos prog\u00e9nitures, vos h\u00e9ritiers, et grands enfants.<br \/>\nSi vous doutez du bien de la pure nourriture et du don,<br \/>\nRegardez autour et regardez ceux qui jouissent de la fortune.<br \/>\nAyant pratiqu\u00e9 de longue date, ils arborent maintenant l\u2019abondance.<\/p>\n<p style=\"text-align: justify;\">Pratiquer maintenant apportera de nouveau des b\u00e9n\u00e9dictions.<br \/>\nCeux qui calomnient la Cause et l\u2019Effet dans ce S\u00fbtra<br \/>\nTomberont et n\u2019auront aucune chance d\u2019\u00eatre des humains.<\/p>\n<p style=\"text-align: justify;\">Ceux qui r\u00e9citent et maintiennent ce S\u00fbtra<br \/>\nSont support\u00e9s par les Bouddhas et Bodhisattvas.<\/p>\n<p style=\"text-align: justify;\">Faites conna\u00eetre ce S\u00fbtra, \u00e9tudiez le ardemment<br \/>\nEt dans le futur vos familles vont fleurir.<\/p>\n<p style=\"text-align: justify;\">Soutenez ce S\u00fbtra au dessus de vos t\u00eates<br \/>\nPour \u00e9viter des d\u00e9sastres et des accidents fatals.<\/p>\n<p style=\"text-align: justify;\">Exposer ce S\u00fbtra sur la Cause et l\u2019Effet<br \/>\nEst aiguiser votre intelligence dans des renaissances successives.<\/p>\n<p style=\"text-align: justify;\">Chanter ce S\u00fbtra sur la Cause et l\u2019Effet<br \/>\nNous rendra bien r\u00e9v\u00e9r\u00e9s, bien consid\u00e9r\u00e9s par tous.<\/p>\n<p style=\"text-align: justify;\">Imprimer et distribuer ce pr\u00e9cieux S\u00fbtra<br \/>\nEt r\u00e9colter une renaissance en tant que gouverneur ou roi.<\/p>\n<p style=\"text-align: justify;\">Pour v\u00e9rifier la Cause et l\u2019Effet pass\u00e9,<br \/>\nRegardez le corps en or de Mahakashyapa.<\/p>\n<p style=\"text-align: justify;\">Un cas de future cause et effet :<br \/>\nBhikshu Bonne \u00c9toile a d\u00e9nigr\u00e9 le Dharma<\/p>\n<p style=\"text-align: justify;\">Et perdu sa chance pour une vie humaine.<br \/>\nSi la Cause et l\u2019Effet ne contenait aucune v\u00e9rit\u00e9,<br \/>\nPourquoi Maudgalyayana a cherch\u00e9 \u00e0 sauver sa m\u00e8re<br \/>\nDes Enfers pour la lib\u00e9rer de la souffrance ?<\/p>\n<p style=\"text-align: justify;\">Ceux qui ont confiance en les mots de ce Sutra tous vrais,<br \/>\nRena\u00eetrons dans la Terre de Supr\u00eame F\u00e9licit\u00e9.<br \/>\nParler de la cause et l\u2019effet pr\u00e9sent<\/p>\n<p style=\"text-align: justify;\">Proclamer le futur et le pass\u00e9 aussi,<br \/>\nEst une action qui ne pourra jamais prendre fin.<\/p>\n<p style=\"text-align: justify;\">Joignez-vous \u00e0 la porte des Trois Joyaux.<br \/>\nAvec des b\u00e9n\u00e9dictions et une merveilleuse croyance on peut entrer<br \/>\nPar la porte, support\u00e9e par des dieux et des dragons,<br \/>\nDes dragons et des dieux qui ne vous laisseront pas tomber.<\/p>\n<p style=\"text-align: justify;\">Pour chaque partie de don que vous pratiquez,<br \/>\nVous r\u00e9colterez dix milles parties en r\u00e9compense.<\/p>\n<p style=\"text-align: justify;\">De telles b\u00e9n\u00e9dictions sont engrang\u00e9es dans un solide tr\u00e9sor,<br \/>\nPour la r\u00e9jouissance dans des futures renaissances sans fin.<\/p>\n<p style=\"text-align: justify;\">Si vous vous pr\u00e9occupez de conna\u00eetre les causes des vies pass\u00e9es,<br \/>\nRegardez les r\u00e9tributions que vous r\u00e9coltez aujourd\u2019hui.<\/p>\n<p style=\"text-align: justify;\">Si vous souhaitez conna\u00eetre au sujet des vies futures,<br \/>\nVous n\u2019avez besoin que de noter ce que vous faites en ce moment.<\/p>\n<p style=\"text-align: justify;\">Fin de : Le Bouddha prononce le S\u00fbtra Sur la Cause et l\u2019Effet Dans Les Trois P\u00e9riodes Du Temps.<\/p>\n<p>\u25ac\u25ac\u25ac\u25ac\u25ac\u25ac\u25ac<\/p>\n<p style=\"text-align: justify;\">Traduction certifi\u00e9e par Bhikshuni Heng Tao et certifi\u00e9e par Ma\u00eetre Hsuan Hua.<br \/>\nTraduction fran\u00e7aise de Konshog Sherab pour Amitabha Terre Pure<\/p>\n","protected":false},"excerpt":{"rendered":"<p>Dans ce Sutra sur la Cause et l\u2019Effet, le Bouddha Shakyamuni met l\u2019accent bri\u00e8vement sur un point essentiel et fondamental du Dharma. Il est imp\u00e9ratif \u2026 <a class=\"continue-reading-link\" href=\"https:\/\/www.pagodethienminh.fr\/?page_id=1837\">Continue \u00e0 lire <span class=\"meta-nav\">&rarr; <\/span><\/a><\/p>\n","protected":false},"author":1,"featured_media":0,"parent":832,"menu_order":17,"comment_status":"closed","ping_status":"closed","template":"template-onecolumn.php","meta":{"_mc_calendar":[],"footnotes":""},"class_list":["post-1837","page","type-page","status-publish","hentry"],"_links":{"self":[{"href":"https:\/\/www.pagodethienminh.fr\/index.php?rest_route=\/wp\/v2\/pages\/1837","targetHints":{"allow":["GET"]}}],"collection":[{"href":"https:\/\/www.pagodethienminh.fr\/index.php?rest_route=\/wp\/v2\/pages"}],"about":[{"href":"https:\/\/www.pagodethienminh.fr\/index.php?rest_route=\/wp\/v2\/types\/page"}],"author":[{"embeddable":true,"href":"https:\/\/www.pagodethienminh.fr\/index.php?rest_route=\/wp\/v2\/users\/1"}],"replies":[{"embeddable":true,"href":"https:\/\/www.pagodethienminh.fr\/index.php?rest_route=%2Fwp%2Fv2%2Fcomments&post=1837"}],"version-history":[{"count":3,"href":"https:\/\/www.pagodethienminh.fr\/index.php?rest_route=\/wp\/v2\/pages\/1837\/revisions"}],"predecessor-version":[{"id":3462,"href":"https:\/\/www.pagodethienminh.fr\/index.php?rest_route=\/wp\/v2\/pages\/1837\/revisions\/3462"}],"up":[{"embeddable":true,"href":"https:\/\/www.pagodethienminh.fr\/index.php?rest_route=\/wp\/v2\/pages\/832"}],"wp:attachment":[{"href":"https:\/\/www.pagodethienminh.fr\/index.php?rest_route=%2Fwp%2Fv2%2Fmedia&parent=1837"}],"curies":[{"name":"wp","href":"https:\/\/api.w.org\/{rel}","templated":true}]}}