{"id":1357,"date":"2011-10-13T08:39:41","date_gmt":"2011-10-13T08:39:41","guid":{"rendered":"http:\/\/www.pagodethienminh.fr\/?page_id=1357"},"modified":"2013-03-13T20:03:48","modified_gmt":"2013-03-13T20:03:48","slug":"gian-bi-d%e1%bb%8f","status":"publish","type":"page","link":"https:\/\/www.pagodethienminh.fr\/?page_id=1357","title":{"rendered":"Gi\u00e0n B\u00ed \u0110\u1ecf"},"content":{"rendered":"<p style=\"text-align: justify;\">S\u00e1ng nay, c\u1ea3 ch\u00f9a ai c\u0169ng ph\u1ea3i g\u00e1nh n\u01b0\u1edbc t\u01b0\u1edbi c\u00e2y. C\u00e1i kh\u00f4 h\u1ea1n c\u1ee7a n\u1eafng h\u00e8 l\u00e0m cho c\u00e2y v\u01b0\u1eddn h\u00e9o \u00faa, ch\u00e1y v\u00e0ng. L\u00e1 xanh nh\u01b0 b\u1ed1c h\u01a1i. \u0110\u1ea5t \u0111ai nh\u01b0 l\u1eeda nung.<\/p>\n<p style=\"text-align: justify;\">B\u1ea5t \u0110\u1ea1t n\u00f3i:<\/p>\n<p style=\"text-align: justify;\">&#8211; Ph\u1ea3i ch\u0103ng \u0111\u00e2y l\u00e0 l\u1eeda c\u1ee7a nghi\u1ec7t ch\u01b0\u1edbng? c\u1ee7a t\u1ed9i l\u1ed7i? c\u1ee7a tham s\u00e2n? L\u00e0m th\u1ebf n\u00e0o \u0111\u1ec3 t\u1eaft \u0111\u01b0\u1ee3c l\u1eeda n\u00e0y?<\/p>\n<p style=\"text-align: justify;\">B\u1ea5t \u00c1c than:<\/p>\n<p style=\"text-align: justify;\">&#8211; L\u1eeda! L\u1eeda! \u00d4i! L\u1ea1y Ph\u1eadt t\u1eeb bi!<\/p>\n<p style=\"text-align: justify;\">B\u1ea5t \u0110\u1ea1t nh\u0103n m\u00e0y:<\/p>\n<p style=\"text-align: justify;\">&#8211; C\u1ee9 than nh\u01b0 v\u1eady m\u00e0 \u0111\u01b0\u1ee3c \u00e0? Th\u1ea7y n\u00f3i \u0111\u00fang, ch\u00fa l\u00e0 k\u1ebb l\u01b0\u1eddi bi\u1ebfng, th\u1ee5 \u0111\u1ed9ng, ti\u00eau c\u1ef1c. Tu m\u00e0 ch\u1ec9 th\u00edch nguy\u1ec7n c\u1ea7u. C\u00e1i c\u1ea7u nguy\u1ec7n kia h\u00e3y \u0111\u1ec3 cho ng\u01b0\u1eddi y\u1ebfu \u0111u\u1ed1i. Nam nhi nh\u01b0 ch\u00fa ph\u1ea3i m\u1ea1nh l\u00ean. H\u00e3y d\u00f9ng d\u00f5ng l\u1ef1c c\u1ee7a Tr\u00ed Tu\u1ec7 m\u00e0 tu, hi\u1ec3u ch\u01b0a?<\/p>\n<p style=\"text-align: justify;\">B\u1ea5t \u00c1c c\u00e3i l\u1ea1i:<\/p>\n<p style=\"text-align: justify;\">&#8211; Nguy\u1ec7n c\u1ea7u kh\u00f4ng \u0111\u01b0\u1ee3c sao? \u1ed0i! Em nguy\u1ec7n c\u1ea7u r\u1ed3i th\u00ec \u0110\u1ee9c Ph\u1eadt c\u0169ng c\u1ee9u. Ng\u01b0\u1eddi tu theo \u0111\u1ee9c tin, ng\u01b0\u1eddi tu theo tr\u00ed tu\u1ec7, ng\u01b0\u1eddi tu theo tinh t\u1ea5n; ch\u01b0a bi\u1ebft r\u1ed3i m\u00e8o n\u00e0o c\u1eafn \u00ab\u00a0m\u1ec9u\u00a0\u00bb n\u00e0o!<\/p>\n<p style=\"text-align: justify;\">Li\u1ec5u Minh t\u01b0\u1edbi xong m\u1ea5y d\u00e2y b\u1ea7u, \u0111\u1ec3 th\u00f9ng g\u00e1nh n\u01b0\u1edbc m\u1ed9t b\u00ean, b\u01b0\u1edbc l\u1ea1i g\u00f3p chuy\u1ec7n:<\/p>\n<p style=\"text-align: justify;\">&#8211; \u0110\u1ed1 c\u00e1c ch\u00fa, l\u1eeda n\u00e0y do \u0111\u00e2u m\u00e0 c\u00f3?<\/p>\n<p style=\"text-align: justify;\">B\u1ea5t \u00c1c n\u00f3i:<\/p>\n<p style=\"text-align: justify;\">&#8211; Do n\u1eafng h\u1ea1n ch\u1ee9 sao?<\/p>\n<p style=\"text-align: justify;\">B\u1ea5t \u0110\u1ea1t l\u1eafc \u0111\u1ea7u:<\/p>\n<p style=\"text-align: justify;\">&#8211; Do l\u00f2ng tham s\u00e2n c\u1ee7a con ng\u01b0\u1eddi! Ch\u00fa em kh\u00f4ng bi\u1ebft th\u00ec ng\u1ed3i d\u1ef1a c\u1ed9t m\u00e0 nghe!<\/p>\n<p style=\"text-align: justify;\">B\u1ea5t \u00c1c t\u1ee9c t\u1ed1i:<\/p>\n<p style=\"text-align: justify;\">&#8211; Ch\u00fa khi n\u00e0o c\u0169ng \u00e1p \u0111\u1ea3o ng\u01b0\u1eddi kh\u00e1c. V\u1eady do nguy\u00ean nh\u00e2n g\u00ec h\u1edf ch\u00fa Li\u1ec5u Minh?<\/p>\n<p style=\"text-align: justify;\">Li\u1ec5u Minh c\u01b0\u1eddi \u0111\u00e1p:<\/p>\n<p style=\"text-align: justify;\">&#8211; Ch\u00fa B\u1ea5t \u0110\u1ea1t n\u00f3i \u0111\u00fang \u0111\u1ea5y! N\u00e0y nh\u00e9! Do l\u00f2ng tham c\u1ee7a con ng\u01b0\u1eddi m\u00e0 ph\u00e1 r\u1eebng, l\u00e0m g\u1ed7, l\u00e0m c\u1ee7i, \u0111\u1ed1t than. C\u1ee9 m\u1ed7i ph\u00fat nh\u01b0 v\u1eady, kh\u1eafp n\u01a1i tr\u00ean th\u1ebf gi\u1edbi, m\u1ea5t \u0111i h\u00e0ng tr\u0103m ng\u00e0n hecta r\u1eebng nguy\u00ean sinh. Kh\u1eafp n\u01a1i h\u1ea1n h\u00e1n l\u0169 l\u1ee5t l\u00e0 do v\u1eady. C\u00f2n n\u1eefa, c\u00e1c lo\u1ea1i b\u1ee5i c\u00f4ng nghi\u1ec7p, c\u00e1c ch\u1ea5t th\u1ea3i h\u00f3a h\u1ecdc l\u00e0m v\u1ea9n \u0111\u1ee5c v\u00e0 nung n\u00f3ng b\u1ea7u kh\u00ed quy\u1ec3n, nhi\u1ec7t \u0111\u1ed9 tr\u00e1i \u0111\u1ea5t t\u0103ng l\u00ean. Hi\u1ec3m h\u1ecda m\u00f4i sinh \u0111\u00e3 b\u00e1o \u0111\u1ed9ng kh\u1eafp n\u01a1i tr\u00ean th\u1ebf gi\u1edbi. L\u00f2ng tham v\u00f4 t\u1eadn, v\u00f4 \u0111\u1ed9 c\u1ee7a con ng\u01b0\u1eddi \u0111\u00e3 t\u1ef1 h\u1ee7y di\u1ec7t m\u00f4i tr\u01b0\u1eddng sinh th\u00e1i c\u1ee7a m\u00ecnh. L\u1ea1i n\u1eefa, nh\u1eefng t\u00e2m \u0111\u1ecba s\u00e2n h\u1eadn c\u1ee7a th\u1ebf gian nh\u01b0 \u00e1c \u0111\u1ed9c, h\u1eadn th\u00f9, ganh gh\u00e9t\u2026 nh\u01b0 nh\u1eefng n\u0103ng l\u01b0\u1ee3ng t\u1eebng gi\u1edd t\u1eebng ph\u00fat tung ra b\u1ea7u kh\u00ed quy\u1ec3n nh\u1eefng s\u1ee9c n\u00f3ng kinh khi\u1ebfp. \u00d4i! T\u00e2m nh\u01b0 v\u1eady, c\u1ea3nh nh\u01b0 v\u1eady, t\u1ea1o m\u1ed9t c\u1ed9ng l\u1ef1c v\u0129 \u0111\u1ea1i, \u0111\u1ebfn m\u1ed9t l\u00fac n\u00e0o \u0111\u00f3 tr\u00e1i \u0111\u1ea5t s\u1ebd b\u1ecb thi\u00eau h\u1ee7y ra tro, h\u00e0 hu\u1ed1ng\u2026!<\/p>\n<p style=\"text-align: justify;\">B\u1ea5t \u00c1c \u00ab\u00a0\u00e0\u00a0\u00bb l\u00ean m\u1ed9t ti\u1ebfng.<\/p>\n<p style=\"text-align: justify;\">&#8211; Trong kinh c\u00f3 n\u00f3i qu\u1ea3 \u0111\u1ea5t s\u1ebd b\u1ecb thi\u00eau h\u1ee7y khi b\u1ea3y m\u1eb7t tr\u1eddi xu\u1ea5t hi\u1ec7n?<\/p>\n<p style=\"text-align: justify;\">B\u1ea5t \u0110\u1ea1t g\u1eadt \u0111\u1ea7u:<\/p>\n<p style=\"text-align: justify;\">&#8211; Ch\u00fa em r\u1ee9a l\u00e0 gi\u1ecfi! B\u1ea3y m\u1eb7t tr\u1eddi l\u00e0 nh\u01b0 th\u1ebf. \u0110\u1eebng hy v\u1ecdng nh\u00e2n lo\u1ea1i sau n\u00e0y s\u1ebd t\u1ed1t h\u01a1n. C\u00e1i tham lam \u00e1c \u0111\u1ed9c c\u1ee7a con ng\u01b0\u1eddi m\u1ed7i ng\u00e0y m\u1ed7i t\u0103ng, v\u00e0 s\u1ebd t\u0103ng nhi\u1ec7t \u0111\u1ed9 cho b\u1eb1ng b\u1ea3y m\u1eb7t tr\u1eddi l\u00e0 v\u1eeba \u00ab\u00a0h\u1ebft \u00fd\u00a0\u00bb!<\/p>\n<p style=\"text-align: justify;\">B\u1ea5t \u00c1c h\u1ecfi \u00ab\u00a0m\u00e1t\u00a0\u00bb:<\/p>\n<p style=\"text-align: justify;\">&#8211; L\u00e0 ng\u01b0\u1eddi tu h\u00e0nh m\u00e0 ch\u00fa n\u00f3i d\u1eedng d\u01b0ng nh\u01b0 v\u1eady \u00e0?<\/p>\n<p style=\"text-align: justify;\">&#8211; Ch\u1ee9 sao! Cho ch\u1ebft lu\u00f4n!<\/p>\n<p style=\"text-align: justify;\">Li\u1ec5u Minh c\u01b0\u1eddi gi\u00e0n h\u00f2a:<\/p>\n<p style=\"text-align: justify;\">&#8211; Ch\u00fa \u1ea5y n\u00f3i ch\u01a1i \u0111\u00f3 m\u00e0! Th\u00f4i ta c\u00f2n \u0111i t\u01b0\u1edbi, th\u00eam n\u01b0\u1edbc \u00ab\u00a0t\u1eeb bi\u00a0\u00bb cho v\u01b0\u1eddn ch\u00f9a k\u1ebbo t\u1ed9i qu\u00e1!<\/p>\n<p style=\"text-align: justify;\">Nh\u00e0 S\u01b0 t\u1eeb v\u01b0\u1eddn d\u01b0\u1edbi c\u0169ng v\u1eeba g\u00e1nh n\u01b0\u1edbc \u0111i l\u00ean. B\u1ecf nh\u1eb9 \u0111\u00f4i g\u00e1nh tr\u00ean vai xu\u1ed1ng, Nh\u00e0 S\u01b0 h\u1ecfi:<\/p>\n<p style=\"text-align: justify;\">&#8211; C\u00e1c con v\u1eeba th\u1ea3o lu\u1eadn v\u1edbi nhau chuy\u1ec7n g\u00ec?<\/p>\n<p style=\"text-align: justify;\">B\u1ea5t \u00c1c mau m\u1eafn, th\u01b0a:<\/p>\n<p style=\"text-align: justify;\">&#8211; D\u1ea1\u2026 N\u00f3ng. L\u1eeda. Tham lam, s\u00e2n h\u1eadn, \u00e1c \u0111\u1ed9c, kh\u00f4 h\u1ea1n\u2026. l\u00e0 m\u1ed9t, cho \u0111\u1ebfn khi b\u1ea3y m\u1eb7t tr\u1eddi xu\u1ea5t hi\u1ec7n th\u00ec qu\u1ea3 \u0111\u1ecba c\u1ea7u th\u00e0nh tro! B\u1ea1ch Th\u1ea7y!<\/p>\n<p style=\"text-align: justify;\">Li\u1ec5u Minh v\u00e0 B\u1ea5t \u0110\u1ea1t thay nhau k\u1ec3 l\u1ea1i t\u01b0\u1eddng t\u1eadn h\u01a1n.<\/p>\n<p style=\"text-align: justify;\">Nh\u00e0 S\u01b0 t\u00e1n th\u00e1n:<\/p>\n<p style=\"text-align: justify;\">&#8211; Th\u1ebf l\u00e0 c\u00e1c con \u0111\u00e3 th\u1ea5y \u0111\u01b0\u1ee3c chi\u1ec1u s\u00e2u c\u1ee7a v\u1ea5n \u0111\u1ec1, nh\u01b0 v\u1eady l\u00e0 v\u1eeba \u0111\u1ee7 ch\u1eb3ng c\u1ea7n g\u00f3p th\u00eam \u00fd ki\u1ebfn g\u00ec.<\/p>\n<p style=\"text-align: justify;\">R\u1ed3i Nh\u00e0 S\u01b0 l\u1ea1i h\u1ecfi:<\/p>\n<p style=\"text-align: justify;\">&#8211; Tr\u00ean n\u00e0y \u0111\u00e3 t\u01b0\u1edbi xong ch\u01b0a?<\/p>\n<p style=\"text-align: justify;\">Li\u1ec5u Minh \u0111\u00e1p:<\/p>\n<p style=\"text-align: justify;\">&#8211; D\u1ea1! Ch\u1ec9 c\u00f2n gi\u00e0n b\u00ed \u0111\u1ecf.<\/p>\n<p style=\"text-align: justify;\">&#8211; V\u1eady c\u00e1c con h\u00e3y l\u1ea5y \u0111\u00f4i n\u01b0\u1edbc kia m\u00e0 t\u01b0\u1edbi cho n\u00f3.<\/p>\n<p style=\"text-align: justify;\">B\u1ea5t \u0110\u1ea1t nhanh tay x\u00e1ch hai th\u00f9ng t\u1eeb t\u1eeb t\u01b0\u1edbi cho gi\u00e0n b\u00ed \u0111\u1ecf.<\/p>\n<p style=\"text-align: justify;\">Nh\u00e0 S\u01b0 quay qua h\u1ecfi B\u1ea5t \u00c1c:<\/p>\n<p style=\"text-align: justify;\">&#8211; N\u00e0y con! M\u00f9a n\u00e0y mu\u1ed1n cho b\u00ed ra hoa \u0111\u01b0\u1ee3c \u0111\u1eadu tr\u00e1i, ch\u00fang ta t\u01b0\u1edbi nh\u01b0 v\u1eady \u0111\u00e3 \u0111\u1ee7 ch\u01b0a?<\/p>\n<p style=\"text-align: justify;\">&#8211; D\u1ea1 th\u01b0a \u2013 B\u1ea5t \u00c1c \u0111\u00e1p \u2013 v\u1eady c\u0169ng t\u1ea1m \u0111\u1ee7, n\u00f3 s\u1ebd \u0111\u01a1m hoa k\u1ebft tr\u00e1i th\u00f4i.<\/p>\n<p style=\"text-align: justify;\">Nh\u00e0 S\u01b0 h\u1ecfi Li\u1ec5u Minh:<\/p>\n<p style=\"text-align: justify;\">&#8211; C\u00f2n con th\u00ec sao?<\/p>\n<p style=\"text-align: justify;\">Li\u1ec5u Minh \u0111\u01b0a m\u1eaft nh\u00ecn gi\u00e0n b\u00ed r\u1ed3i tr\u1ea3 l\u1eddi:<\/p>\n<p style=\"text-align: justify;\">&#8211; N\u1eafng h\u1ea1n qu\u00e1, b\u1ea1ch Th\u1ea7y! C\u00f3 l\u1ebd ph\u1ea3i t\u01b0\u1edbi nhi\u1ec1u h\u01a1n n\u1eefa!<\/p>\n<p style=\"text-align: justify;\">B\u1ea5t \u0110\u1ea1t ph\u00e1t bi\u1ec3u \u00fd m\u00ecnh:<\/p>\n<p style=\"text-align: justify;\">&#8211; C\u00f2n con th\u00ec kh\u00e1c. M\u00f9a n\u00e0y h\u1ebft th\u1eddi v\u1ee5 tr\u1ed3ng b\u00ed r\u1ed3i, n\u00ean tr\u1ed3ng th\u1ee9 kh\u00e1c.<\/p>\n<p style=\"text-align: justify;\">Nh\u00e0 S\u01b0 im l\u1eb7ng m\u1ed9t l\u00fac, b\u1ea3o ba ch\u00fa c\u00f9ng ng\u1ed3i xu\u1ed1ng, ch\u1eadm r\u00e3i n\u00f3i:<\/p>\n<p style=\"text-align: justify;\">&#8211; C\u00e1c con bi\u1ebft kh\u00f4ng, ch\u00fang ta l\u00e0 ng\u01b0\u1eddi tu h\u00e0nh, t\u1eeb khi b\u1eaft \u0111\u1ea7u c\u00f4ng phu cho \u0111\u1ebfn khi gi\u00e1c ng\u1ed9 c\u0169ng v\u00ed nh\u01b0 tr\u1ed3ng m\u1ed9t gi\u00e0n b\u00ed \u0111\u1ecf v\u1eady. Tr\u1ed3ng m\u1ed9t gi\u00e0n b\u00ed \u0111\u1ecf mu\u1ed1n th\u00e0nh c\u00f4ng, ra hoa v\u00e0 k\u1ebft tr\u00e1i th\u00ec ph\u1ea3i l\u00e0m gi\u00e0n, sau \u0111\u00f3 ph\u1ea3i \u0111\u1ea7u t\u01b0 ph\u00e2n, n\u01b0\u1edbc v\u00e0 c\u00f4ng lao ch\u0103m s\u00f3c. C\u00e1i gi\u00e0n ch\u00ednh l\u00e0 gi\u1edbi, n\u01b0\u1edbc ch\u00ednh l\u00e0 \u0111\u1ee9c tin, ph\u00e2n l\u00e0 tr\u00ed, c\u00f4ng lao ch\u0103m s\u00f3c l\u00e0 tinh t\u1ea5n\u2026 C\u00e2u tr\u1ea3 l\u1eddi c\u1ee7a B\u1ea5t \u00c1c ch\u1ee9ng t\u1ecf ngay ch\u00ednh \u0111\u1ee9c tin c\u0169ng ch\u01b0a v\u1eefng v\u00e0ng, ch\u01b0a bi\u1ebft b\u1ed3i d\u01b0\u1ee1ng v\u00e0 ph\u00e1t huy \u0111\u1ee9c tin. C\u00f2n gi\u1edbi, tr\u00ed v\u00e0 t\u1ea5n d\u01b0\u1eddng nh\u01b0 ho\u00e0n to\u00e0n thi\u1ebfu s\u00f3t. K\u1ebb tu h\u00e0nh nh\u01b0 v\u1eady th\u01b0\u1eddng d\u1ec5 n\u1ea9y sinh bu\u00f4ng xu\u00f4i, bi\u1ebfng nh\u00e1c, h\u1eddi h\u1ee3t. Nh\u01b0 v\u1eady, c\u00e1i gi\u00e0n b\u00ed \u1ea5y, d\u1eabu c\u00f3 ra tr\u00e1i c\u0169ng r\u1ee5ng m\u1ea5t. Qu\u1ea3 B\u1ed3 \u0110\u1ec1 l\u00e0m sao l\u1edbn, l\u00e0m sao c\u00f3 k\u1ebft qu\u1ea3 \u0111\u01b0\u1ee3c h\u1edf con?<\/p>\n<p style=\"text-align: justify;\">C\u1ea3 ba ch\u00fa nghe m\u00e0 l\u1ea1nh m\u00ecnh.<\/p>\n<p style=\"text-align: justify;\">Nh\u00e0 S\u01b0 quay qua h\u1ecfi Li\u1ec5u Minh:<\/p>\n<p style=\"text-align: justify;\">&#8211; C\u00f2n con l\u00e0 ng\u01b0\u1eddi c\u00f3 ch\u00fat ngh\u1ecb l\u1ef1c, c\u00f3 ch\u00fat \u00edt \u00fd ch\u00ed ph\u1ea5n \u0111\u1ea5u, bi\u1ebft t\u00f4 b\u1ed3i \u0111\u1ee9c tin, bi\u1ebft nu\u00f4i d\u01b0\u1ee1ng v\u00e0 n\u00e2ng \u0111\u1ee1 \u0111\u1ee9c tin\u2026 C\u00e1i gi\u00e0n b\u00ed kia n\u1ebfu c\u1ee9 vi\u1ec7c t\u01b0\u1edbi, t\u01b0\u1edbi m\u00e3i th\u00ec tr\u00e1i c\u0169ng kh\u00f4ng th\u1ec3 l\u1edbn. Con c\u00f3 bi\u1ebft t\u1ea1i sao kh\u00f4ng?<\/p>\n<p style=\"text-align: justify;\">Li\u1ec5u Minh g\u00e3i \u0111\u1ea7u. Nh\u00e0 S\u01b0 n\u00f3i:<\/p>\n<p style=\"text-align: justify;\">&#8211; V\u00ec con kh\u00f4ng bi\u1ebft th\u00eam ph\u00e2n! S\u1edf d\u0129 g\u1ecdi l\u00e0 th\u00eam ph\u00e2n, v\u00ec n\u00f3 c\u1ea7n ph\u1ea3i c\u00f3 tr\u00ed \u0111\u1ec3 soi r\u1ecdi v\u00e0 h\u01b0\u1edbng d\u1eabn \u0111\u1ee9c tin. T\u00edn v\u00e0 tr\u00ed ph\u1ea3i song \u0111\u00f4i, ngo\u00e0i ra ph\u1ea3i b\u1ecf c\u00f4ng lao ch\u0103m s\u00f3c theo d\u00f5i c\u00e1i gi\u00e0n b\u00ed \u0111\u1ecf \u1ea5y, ngh\u0129a l\u00e0 c\u1ea7n ph\u1ea3i c\u00f3 tinh t\u1ea5n n\u1eefa, th\u00ec may ra qu\u1ea3 B\u1ed3 \u0110\u1ec1 m\u1edbi c\u00f3 c\u01a1 h\u1ed9i t\u0103ng tr\u01b0\u1edfng. Con bi\u1ebft nh\u01b0 v\u1eady ch\u1ee9?<\/p>\n<p style=\"text-align: justify;\">Nh\u00e0 s\u01b0 quay qua B\u1ea5t \u0110\u1ea1t:<\/p>\n<p style=\"text-align: justify;\">&#8211; Con lu\u00f4n l\u00e0 ng\u01b0\u1eddi ng\u01b0\u1ee3c l\u1ea1i v\u1edbi huynh \u0111\u1ec7! Con thu\u1ed9c c\u0103n tr\u00ed n\u00ean nh\u1eb7m l\u1eb9, mau m\u1eafn, nh\u01b0ng nh\u1eb7m l\u1eb9, mau m\u1eafn th\u00ec d\u1ec5 sinh n\u00f3ng n\u1ea3y, g\u1ed1c c\u1ee7a t\u00e2m s\u00e2n. Tr\u00ed ph\u00e1t tri\u1ec3n th\u00ec nghi d\u1ec5 sinh v\u00e0 t\u00edn d\u1ec5 m\u1ea5t. V\u1eady th\u00ec con c\u1ea7n b\u1ed3i d\u01b0\u1ee1ng \u0111\u1ee9c tin. \u0110\u1ee9c tin l\u00e0 n\u01b0\u1edbc m\u00e0 t\u1eeb bi c\u0169ng l\u00e0 n\u01b0\u1edbc, con c\u1ea7n hai y\u1ebfu t\u1ed1 m\u00e1t m\u1ebb n\u00e0y may ra m\u1edbi qu\u00e2n b\u00ecnh \u0111\u01b0\u1ee3c \u0111\u1eddi s\u1ed1ng ph\u1ea1m h\u1ea1nh!<\/p>\n<p style=\"text-align: justify;\">Nh\u00e0 S\u01b0 nh\u01b0 \u0111\u1ecdc \u0111\u01b0\u1ee3c t\u00e2m \u00fd, s\u1edf h\u1ecdc, s\u1edf h\u00e0nh c\u1ee7a m\u1ed7i ng\u01b0\u1eddi n\u00ean ba ch\u00fa ng\u1ed3i im re.<\/p>\n<p style=\"text-align: justify;\">Nh\u00e0 S\u01b0 \u0111\u01b0a tay ch\u1ec9 m\u1ed9t \u0111\u1ecdt b\u00ed l\u1ee7ng l\u1eb3ng gi\u1eefa h\u01b0 kh\u00f4ng:<\/p>\n<p style=\"text-align: justify;\">&#8211; C\u00e1c con xem k\u00eca! H\u1ed3i n\u00e3y Th\u1ea7y c\u00f3 nh\u1eafc \u0111\u1ebfn gi\u1edbi l\u00e0 l\u00fd do n\u00e0y \u0111\u00e2y. D\u00e2y b\u00ed kia kh\u00f4ng c\u00f3 g\u00ec n\u00e2ng \u0111\u1ee1 ph\u00eda d\u01b0\u1edbi n\u00ean kh\u00f4ng bi\u1ebft b\u00e1m v\u00edu v\u00e0o \u0111\u00e2u. C\u0169ng v\u1eady, cu\u1ed9c s\u1ed1ng tr\u00ean \u0111\u1eddi c\u1ee7a nh\u1eefng k\u1ebb kh\u00f4ng c\u00f3 gi\u1edbi, c\u0169ng b\u00f2, nh\u01b0ng kh\u00f4ng bi\u1ebft b\u00f2 v\u1ec1 \u0111\u00e2u, v\u1ea5t v\u01b0\u1edfng, l\u00eanh \u0111\u00eanh, v\u00f4 \u0111\u1ecbnh. D\u1eabu c\u00f3 ra hoa k\u1ebft tr\u00e1i th\u00ec tr\u00e1i \u1ea5y c\u0169ng teo t\u00f3p, r\u1ed3i th\u00e2n b\u00ed s\u1ebd b\u1ecb l\u00f4i tu\u1ed9t xu\u1ed1ng \u0111\u1ea5t \u0111en, xu\u1ed1ng v\u1ef1c! Do v\u1eady t\u00edn, gi\u1edbi, t\u1ea5n, tr\u00ed l\u00e0 c\u00e1i g\u00ec c\u0103n b\u1ea3n nh\u1ea5t, c\u1ea7n thi\u1ebft nh\u1ea5t cho m\u1ed7i ng\u01b0\u1eddi \u0111\u1ec3 tr\u1ed3ng m\u1ed9t gi\u00e0n b\u00ed \u0111\u1ecf trong l\u00f2ng m\u00ecnh. C\u00e1c con hi\u1ec3u nh\u1eefng \u0111i\u1ec1u Th\u1ea7y mu\u1ed1n trao g\u1edfi \u0111\u00f3 ch\u1ee9?<\/p>\n<p style=\"text-align: justify;\">H\u1ecd \u0111\u1ed3ng thanh \u0111\u00e1p:<\/p>\n<p style=\"text-align: justify;\">&#8211; D\u1ea1 hi\u1ec3u!<\/p>\n<p style=\"text-align: justify;\">R\u1ed3i B\u1ea5t \u00c1c r\u1ee5t r\u00e8:<\/p>\n<p style=\"text-align: justify;\">&#8211; B\u1ea1ch Th\u1ea7y c\u00e1i gi\u00e0n b\u00ed \u0111\u1ecf c\u1ee7a con ch\u1ec9 c\u00f3 m\u1ed9t ch\u00fat n\u01b0\u1edbc\u2026 c\u00f2n thi\u1ebfu th\u00ec thi\u1ebfu t\u1ea5t c\u1ea3?<\/p>\n<p style=\"text-align: justify;\">Nh\u00e0 s\u01b0 m\u1ec9m c\u01b0\u1eddi:<\/p>\n<p style=\"text-align: justify;\">&#8211; C\u00e1i gi\u00e0n b\u00ed c\u1ee7a con kh\u00f4ng ch\u1eafc ch\u1eafn, n\u01b0\u1edbc t\u01b0\u1edbi l\u1ea1i \u00edt, ph\u00e2n kh\u00f4ng c\u00f3, c\u00f4ng ch\u0103m s\u00f3c th\u00ec \u00ab\u00a0b\u1ea1 \u0111\u00e2u hay \u0111\u00f3\u2033. C\u00f3 ph\u1ea3i th\u1ebf kh\u00f4ng?<\/p>\n<p style=\"text-align: justify;\">B\u1ea5t \u00c1c c\u00fai \u0111\u1ea7u l\u1eb3ng l\u1eb7ng ngh\u0129 \u0111\u1ebfn c\u00e1i t\u00ean \u00ab\u00a0B\u1ea5t \u00c1c\u00a0\u00bb Th\u1ea7y \u0111\u1eb7t cho m\u00ecnh. \u00ab\u00a0B\u1ea5t \u00c1c\u00a0\u00bb ngh\u0129a l\u00e0 kh\u00f4ng l\u00e0m \u0111i\u1ec1u \u00e1c! Kh\u00f4ng l\u00e0m \u0111i\u1ec1u \u00e1c th\u00ec m\u1edbi l\u00e0 kh\u00eda c\u1ea1nh ti\u00eau c\u1ef1c, th\u1ee5 \u0111\u1ed9ng c\u1ee7a gi\u1edbi. C\u00f2n kh\u00eda c\u1ea1nh t\u00edch c\u1ef1c n\u1eefa l\u00e0 \u00ab\u00a0ph\u1ea3i l\u00e0m thi\u1ec7n\u00a0\u00bb. Khi m\u00e0 l\u00e0m thi\u1ec7n th\u00ec ta l\u1ea1i c\u00f3 th\u00eam \u0111\u1ea7y \u0111\u1ee7 gi\u1edbi, t\u00edn v\u00e0 t\u1ea5n. Th\u00eam t\u1ea5n th\u00ec c\u00f3 lu\u00f4n c\u1ea3 tr\u00ed. \u00c0 hay l\u1eafm!\u00a0\u00bb<\/p>\n<p style=\"text-align: justify;\">Ngh\u0129 v\u1eady, ch\u00fa b\u00e8n \u0111\u00e1p:<\/p>\n<p style=\"text-align: justify;\">&#8211; B\u1ea1ch Th\u1ea7y, con hi\u1ec3u to\u00e0n b\u1ed9 v\u1ea5n \u0111\u1ec1 r\u1ed3i.<\/p>\n<p style=\"text-align: justify;\">\u0110\u1ebfn phi\u00ean Li\u1ec5u Minh:<\/p>\n<p style=\"text-align: justify;\">&#8211; Ri\u00eang con th\u00ec c\u1ea7n th\u00eam m\u1ed9t ch\u00fat t\u1ea5n, ch\u00fat tr\u00ed n\u1eefa.<\/p>\n<p style=\"text-align: justify;\">&#8211; \u0110\u00fang v\u1eady, Nh\u00e0 S\u01b0 \u0111\u00e1p, Th\u1ea7y hy v\u1ecdng r\u1eb1ng l\u1ea7n h\u1ed3i con s\u1ebd \u00ab\u00a0li\u1ec5u minh\u00a0\u00bb v\u1ea5n \u0111\u1ec1 c\u1ee7a ch\u00ednh con!<\/p>\n<p style=\"text-align: justify;\">C\u00f2n B\u1ea5t \u0110\u1ea1t th\u00ec ph\u00e1t bi\u1ec3u:<\/p>\n<p style=\"text-align: justify;\">&#8211; Con th\u01b0\u1eddng \u1ef7 y m\u00ecnh l\u00e0 ng\u01b0\u1eddi c\u00f3 c\u0103n tr\u00ed n\u00ean c\u00e1i g\u00ec c\u0169ng mu\u1ed1n ch\u00f3ng xong, ch\u00f3ng \u0111\u1ea1t. C\u00e1i n\u00e0y m\u00e0 ng\u00f3 b\u1ed9 kh\u00f4ng xong l\u00e0 quay qua c\u00e1i kh\u00e1c li\u1ec1n! B\u1ea1ch Th\u1ea7y, con \u0111\u00e3 hi\u1ec3u con, hi\u1ec3u \u1ea9n ngh\u0129a \u00ab\u00a0b\u1ea5t \u0111\u1ea1t\u00a0\u00bb l\u00e0 g\u00ec r\u1ed3i!<\/p>\n<p style=\"text-align: justify;\">Tr\u1eddi \u0111\u00e3 kh\u00e1 tr\u01b0a, kh\u00f4ng gi\u00f3, n\u00fai r\u1eebng im ph\u0103ng ph\u1eafc. C\u00f3 ti\u1ebfng mang kh\u00e0n kh\u00e0n v\u1ecdng t\u1eeb tr\u00ean su\u1ed1i xu\u1ed1ng, nghe r\u00f5 m\u1ed3n m\u1ed9t. Nh\u00e0 S\u01b0 tr\u00ecu m\u1ebfn nh\u00ecn ba ng\u01b0\u1eddi \u0111\u1ec7 t\u1eed r\u1ed3i t\u1eeb t\u1eeb \u0111\u1ee9ng d\u1eady.<\/p>\n<p style=\"text-align: justify;\">B\u1ea5t \u00c1c ch\u1ee3t n\u00f3i:<\/p>\n<p style=\"text-align: justify;\">&#8211; B\u00e2y gi\u1edd ph\u1ea3i tr\u1ed3ng l\u1ea1i c\u00e1i gi\u00e0n b\u00ed \u0111\u1ecf kh\u00e1c \u1edf trong t\u00e2m!<\/p>\n<p style=\"text-align: justify;\">Nh\u00e0 S\u01b0 n\u00f3i:<\/p>\n<p style=\"text-align: justify;\">&#8211; B\u00e2y gi\u1edd \u1ea5y \u00e0? B\u00e2y gi\u1edd l\u00e0 ph\u1ea3i thu x\u1ebfp , c\u1ea5t \u0111\u1eb7t \u0111\u1ed3 \u0111\u1ea1c; sau \u0111\u00f3 c\u00f9ng ph\u1ee5 nhau \u0111\u1ec3 n\u1ea5u c\u01a1m tr\u01b0a. \u0110\u1ea1o l\u00fd ch\u00ednh l\u00e0 ch\u1ed7 \u1ea5y!<\/p>\n<p style=\"text-align: justify;\">N\u00f3i xong, Nh\u00e0 s\u01b0 \u0111i v\u1ec1 ph\u00eda am tranh. C\u1ea3 ba ch\u00fa \u0111\u1ec1u s\u1eefng l\u1ea1i, d\u01b0\u1eddng nh\u01b0 h\u1ecd \u0111ang c\u1ed1 t\u00ecm cho ra \u0111\u1ea1o l\u00fd c\u1ea5t \u0111\u1ed3 \u0111\u1ea1c v\u00e0 n\u1ea5u \u0103n tr\u01b0a!<\/p>\n<p style=\"text-align: right;\"><strong><em>Huy\u1ec1n Kh\u00f4ng<\/em><\/strong><br \/>\n<strong><em>L\u0103ng C\u00f4 \u2013 H\u1ea3i V\u00e2n<\/em><\/strong><br \/>\n<strong><em>1976<\/em><\/strong><\/p>\n<p style=\"text-align: center;\">-ooOoo-<\/p>\n","protected":false},"excerpt":{"rendered":"<p>S\u00e1ng nay, c\u1ea3 ch\u00f9a ai c\u0169ng ph\u1ea3i g\u00e1nh n\u01b0\u1edbc t\u01b0\u1edbi c\u00e2y. C\u00e1i kh\u00f4 h\u1ea1n c\u1ee7a n\u1eafng h\u00e8 l\u00e0m cho c\u00e2y v\u01b0\u1eddn h\u00e9o \u00faa, ch\u00e1y v\u00e0ng. \u2026 <a class=\"continue-reading-link\" href=\"https:\/\/www.pagodethienminh.fr\/?page_id=1357\">Continue \u00e0 lire <span class=\"meta-nav\">&rarr; <\/span><\/a><\/p>\n","protected":false},"author":1,"featured_media":0,"parent":1340,"menu_order":3,"comment_status":"closed","ping_status":"closed","template":"template-onecolumn.php","meta":{"_mc_calendar":[],"footnotes":""},"class_list":["post-1357","page","type-page","status-publish","hentry"],"_links":{"self":[{"href":"https:\/\/www.pagodethienminh.fr\/index.php?rest_route=\/wp\/v2\/pages\/1357","targetHints":{"allow":["GET"]}}],"collection":[{"href":"https:\/\/www.pagodethienminh.fr\/index.php?rest_route=\/wp\/v2\/pages"}],"about":[{"href":"https:\/\/www.pagodethienminh.fr\/index.php?rest_route=\/wp\/v2\/types\/page"}],"author":[{"embeddable":true,"href":"https:\/\/www.pagodethienminh.fr\/index.php?rest_route=\/wp\/v2\/users\/1"}],"replies":[{"embeddable":true,"href":"https:\/\/www.pagodethienminh.fr\/index.php?rest_route=%2Fwp%2Fv2%2Fcomments&post=1357"}],"version-history":[{"count":4,"href":"https:\/\/www.pagodethienminh.fr\/index.php?rest_route=\/wp\/v2\/pages\/1357\/revisions"}],"predecessor-version":[{"id":1380,"href":"https:\/\/www.pagodethienminh.fr\/index.php?rest_route=\/wp\/v2\/pages\/1357\/revisions\/1380"}],"up":[{"embeddable":true,"href":"https:\/\/www.pagodethienminh.fr\/index.php?rest_route=\/wp\/v2\/pages\/1340"}],"wp:attachment":[{"href":"https:\/\/www.pagodethienminh.fr\/index.php?rest_route=%2Fwp%2Fv2%2Fmedia&parent=1357"}],"curies":[{"name":"wp","href":"https:\/\/api.w.org\/{rel}","templated":true}]}}