{"id":104,"date":"2011-04-30T06:45:59","date_gmt":"2011-04-30T06:45:59","guid":{"rendered":"http:\/\/www.pagodethienminh.fr\/?page_id=104"},"modified":"2013-03-13T15:00:56","modified_gmt":"2013-03-13T15:00:56","slug":"2-activites","status":"publish","type":"page","link":"https:\/\/www.pagodethienminh.fr\/?page_id=104","title":{"rendered":"Activit\u00e9s"},"content":{"rendered":"<p style=\"text-align: justify;\"><a href=\"https:\/\/www.pagodethienminh.fr\/?attachment_id=105\" rel=\"attachment wp-att-105\"><img loading=\"lazy\" decoding=\"async\" class=\"aligncenter size-medium wp-image-105\" title=\"Groupe de la jeunesse bouddhiste\" src=\"https:\/\/www.pagodethienminh.fr\/wp-content\/uploads\/2011\/04\/XaLoi0709_01-300x199.jpg\" alt=\"\" width=\"300\" height=\"199\" srcset=\"https:\/\/www.pagodethienminh.fr\/wp-content\/uploads\/2011\/04\/XaLoi0709_01-300x199.jpg 300w, https:\/\/www.pagodethienminh.fr\/wp-content\/uploads\/2011\/04\/XaLoi0709_01-150x99.jpg 150w, https:\/\/www.pagodethienminh.fr\/wp-content\/uploads\/2011\/04\/XaLoi0709_01.jpg 640w\" sizes=\"auto, (max-width: 300px) 100vw, 300px\" \/><\/a>Le groupe G.\u0110.P.T. est un groupe compos\u00e9 de majorit\u00e9 de jeunes. Le 1er groupe a \u00e9t\u00e9 cr\u00e9\u00e9 au Vi\u00eatnam, dans les ann\u00e9es 1950. Le groupe de la pagode Thi\u00ean Minh a \u00e9t\u00e9 cr\u00e9\u00e9 en 1992, jusqu\u2019\u00e0 maintenant. Il est sous la responsabilit\u00e9 du V\u00e9n\u00e9rable Thich Tanh Thi\u00eat, son rattachement avec le temple donne \u00e0 ce groupe un noyau solide du Bouddhisme.<\/p>\n<p style=\"text-align: justify;\">Bas\u00e9 essentiellement sur les disciplines bouddhistes, les responsables de G.D.P.T de France et de la pagode ont la responsabilit\u00e9 et le devoir de guider les Jeunes vers l\u2019apprentissage et la pratique des actions li\u00e9es aux pr\u00e9ceptes bouddhistes et ce groupe Et ceci leur permettant de partager dans le pr\u00e9sent et le futur les \u00e9tats d\u2019harmonie et de bien \u00eatre avec leur environnement.<\/p>\n<p style=\"text-align: justify;\">Des activit\u00e9s adapt\u00e9es \u00e0 la jeunesse d\u2019aujourd\u2019hui et surtout aux g\u00e9n\u00e9rations actuelles sont r\u00e9fl\u00e9chies et appliqu\u00e9es pour que les jeunesses retrouvent\u00a0:<br \/>\n<img loading=\"lazy\" decoding=\"async\" src=\"http:\/\/lalocalhost\/local\/cache-vignettes\/L8xH11\/puce-32883.gif\" alt=\"-\" width=\"8\" height=\"11\" \/> l\u2019origine de la culture et la tradition vietnamienne<br \/>\n<img loading=\"lazy\" decoding=\"async\" src=\"http:\/\/lalocalhost\/local\/cache-vignettes\/L8xH11\/puce-32883.gif\" alt=\"-\" width=\"8\" height=\"11\" \/> les bases du bouddhisme, pour l\u2019\u00e9quilibre de leur vie<br \/>\n<img loading=\"lazy\" decoding=\"async\" src=\"http:\/\/lalocalhost\/local\/cache-vignettes\/L8xH11\/puce-32883.gif\" alt=\"-\" width=\"8\" height=\"11\" \/> la confiance, le respect et la compr\u00e9hension de leur exp\u00e9rience<\/p>\n<p style=\"text-align: justify;\">Pour avoir une image de G.D.P.T., on pourrait repr\u00e9senter le groupe comme le coeur du temple, c\u2019est au-del\u00e0 des liens cr\u00e9\u00e9s par les B\u00e9n\u00e9voles du temple.<\/p>\n<p style=\"text-align: justify;\">Le groupe participe et contribue aux activit\u00e9s li\u00e9es \u00e0 la pagode, \u00e0 celles propre du groupe et \u00e0 celles ext\u00e9rieures au temple.<\/p>\n<p style=\"text-align: justify;\">En voici quelques activit\u00e9s\u00a0:<\/p>\n<p style=\"text-align: justify;\">Li\u00e9es \u00e0 la pagode\u00a0: \u00e9v\u00e9nements culturels et spirituels Nouvel an asiatique (Janvier-F\u00e9vrier) V\u00e9sak (Mai-Juin) Vu Lan (Fin Ao\u00fbt) F\u00eate des enfants ou Trung thu (Mi-Septembre) Repas amical, Exposition des Reliques \/ Grandes c\u00e9r\u00e9monies ou rituels &#8230;<\/p>\n<p style=\"text-align: justify;\">Li\u00e9es au groupe\u00a0: programme mensuel (c\u00e9r\u00e9monie, enseignements, jeux en plein air, sorties etc &#8230;) Au cours de l\u2019an\u00e9ne le groupe organise des programmes sp\u00e9cifiques au groupe pour former les jeunes et leur motiver<\/p>\n<p style=\"text-align: justify;\">Li\u00e9es au extra-pagode\u00a0: \u00e9v\u00e9nements organis\u00e9s hors du temple Aides apport\u00e9s aux autres associations humanitaires ou non, aux autres pagodes, aux \u00e9v\u00e9nements en rapport avec le bouddhisme, au s\u00e9minaire, &#8230;<\/p>\n","protected":false},"excerpt":{"rendered":"<p>Le groupe G.\u0110.P.T. est un groupe compos\u00e9 de majorit\u00e9 de jeunes. Le 1er groupe a \u00e9t\u00e9 cr\u00e9\u00e9 au Vi\u00eatnam, dans les ann\u00e9es 1950. Le groupe \u2026 <a class=\"continue-reading-link\" href=\"https:\/\/www.pagodethienminh.fr\/?page_id=104\">Continue \u00e0 lire <span class=\"meta-nav\">&rarr; <\/span><\/a><\/p>\n","protected":false},"author":1,"featured_media":0,"parent":33,"menu_order":2,"comment_status":"closed","ping_status":"closed","template":"template-onecolumn.php","meta":{"_mc_calendar":[],"footnotes":""},"class_list":["post-104","page","type-page","status-publish","hentry"],"_links":{"self":[{"href":"https:\/\/www.pagodethienminh.fr\/index.php?rest_route=\/wp\/v2\/pages\/104","targetHints":{"allow":["GET"]}}],"collection":[{"href":"https:\/\/www.pagodethienminh.fr\/index.php?rest_route=\/wp\/v2\/pages"}],"about":[{"href":"https:\/\/www.pagodethienminh.fr\/index.php?rest_route=\/wp\/v2\/types\/page"}],"author":[{"embeddable":true,"href":"https:\/\/www.pagodethienminh.fr\/index.php?rest_route=\/wp\/v2\/users\/1"}],"replies":[{"embeddable":true,"href":"https:\/\/www.pagodethienminh.fr\/index.php?rest_route=%2Fwp%2Fv2%2Fcomments&post=104"}],"version-history":[{"count":10,"href":"https:\/\/www.pagodethienminh.fr\/index.php?rest_route=\/wp\/v2\/pages\/104\/revisions"}],"predecessor-version":[{"id":1124,"href":"https:\/\/www.pagodethienminh.fr\/index.php?rest_route=\/wp\/v2\/pages\/104\/revisions\/1124"}],"up":[{"embeddable":true,"href":"https:\/\/www.pagodethienminh.fr\/index.php?rest_route=\/wp\/v2\/pages\/33"}],"wp:attachment":[{"href":"https:\/\/www.pagodethienminh.fr\/index.php?rest_route=%2Fwp%2Fv2%2Fmedia&parent=104"}],"curies":[{"name":"wp","href":"https:\/\/api.w.org\/{rel}","templated":true}]}}

Activités

<p style="text-align: justify;"><a href="https://www.pagodethienminh.fr/?attachment_id=105" rel="attachment wp-att-105"><img loading="lazy" decoding="async" class="aligncenter size-medium wp-image-105" title="Groupe de la jeunesse bouddhiste" src="https://www.pagodethienminh.fr/wp-content/uploads/2011/04/XaLoi0709_01-300x199.jpg" alt="" width="300" height="199" srcset="https://www.pagodethienminh.fr/wp-content/uploads/2011/04/XaLoi0709_01-300x199.jpg 300w, https://www.pagodethienminh.fr/wp-content/uploads/2011/04/XaLoi0709_01-150x99.jpg 150w, https://www.pagodethienminh.fr/wp-content/uploads/2011/04/XaLoi0709_01.jpg 640w" sizes="auto, (max-width: 300px) 100vw, 300px" /></a>Le groupe G.Đ.P.T. est un groupe composé de majorité de jeunes. Le 1er groupe a été créé au Viêtnam, dans les années 1950. Le groupe de la pagode Thiên Minh a été créé en 1992, jusqu’à maintenant. Il est sous la responsabilité du Vénérable Thich Tanh Thiêt, son rattachement avec le temple donne à ce groupe un noyau solide du Bouddhisme.</p>
<p style="text-align: justify;">Basé essentiellement sur les disciplines bouddhistes, les responsables de G.D.P.T de France et de la pagode ont la responsabilité et le devoir de guider les Jeunes vers l’apprentissage et la pratique des actions liées aux préceptes bouddhistes et ce groupe Et ceci leur permettant de partager dans le présent et le futur les états d’harmonie et de bien être avec leur environnement.</p>
<p style="text-align: justify;">Des activités adaptées à la jeunesse d’aujourd’hui et surtout aux générations actuelles sont réfléchies et appliquées pour que les jeunesses retrouvent :<br />
<img loading="lazy" decoding="async" src="http://lalocalhost/local/cache-vignettes/L8xH11/puce-32883.gif" alt="-" width="8" height="11" /> l’origine de la culture et la tradition vietnamienne<br />
<img loading="lazy" decoding="async" src="http://lalocalhost/local/cache-vignettes/L8xH11/puce-32883.gif" alt="-" width="8" height="11" /> les bases du bouddhisme, pour l’équilibre de leur vie<br />
<img loading="lazy" decoding="async" src="http://lalocalhost/local/cache-vignettes/L8xH11/puce-32883.gif" alt="-" width="8" height="11" /> la confiance, le respect et la compréhension de leur expérience</p>
<p style="text-align: justify;">Pour avoir une image de G.D.P.T., on pourrait représenter le groupe comme le coeur du temple, c’est au-delà des liens créés par les Bénévoles du temple.</p>
<p style="text-align: justify;">Le groupe participe et contribue aux activités liées à la pagode, à celles propre du groupe et à celles extérieures au temple.</p>
<p style="text-align: justify;">En voici quelques activités :</p>
<p style="text-align: justify;">Liées à la pagode : événements culturels et spirituels Nouvel an asiatique (Janvier-Février) Vésak (Mai-Juin) Vu Lan (Fin Août) Fête des enfants ou Trung thu (Mi-Septembre) Repas amical, Exposition des Reliques / Grandes cérémonies ou rituels &#8230;</p>
<p style="text-align: justify;">Liées au groupe : programme mensuel (cérémonie, enseignements, jeux en plein air, sorties etc &#8230;) Au cours de l’anéne le groupe organise des programmes spécifiques au groupe pour former les jeunes et leur motiver</p>
<p style="text-align: justify;">Liées au extra-pagode : événements organisés hors du temple Aides apportés aux autres associations humanitaires ou non, aux autres pagodes, aux événements en rapport avec le bouddhisme, au séminaire, &#8230;</p>

<p>Le groupe G.Đ.P.T. est un groupe composé de majorité de jeunes. Le 1er groupe a été créé au Viêtnam, dans les années 1950. Le groupe … <a class="continue-reading-link" href="https://www.pagodethienminh.fr/?page_id=104">Continue à lire <span class="meta-nav">&rarr; </span></a></p>
