{"id":1012,"date":"2011-06-22T15:33:16","date_gmt":"2011-06-22T15:33:16","guid":{"rendered":"http:\/\/www.pagodethienminh.fr\/?page_id=1012"},"modified":"2013-03-14T15:18:13","modified_gmt":"2013-03-14T15:18:13","slug":"3az-ph%e1%ba%adt-tam-ph%e1%ba%adt-t%c6%b0%e1%bb%9bng","status":"publish","type":"page","link":"https:\/\/www.pagodethienminh.fr\/?page_id=1012","title":{"rendered":"PH\u1eacT T\u00c2M PH\u1eacT T\u01af\u1edaNG"},"content":{"rendered":"<div style=\"text-align: center;\"><strong>PH\u1eacT T\u00c2M &#8211; PH\u1eacT T\u01af\u1edaNG<\/strong><\/div>\n<div style=\"text-align: justify;\"><a href=\"https:\/\/www.pagodethienminh.fr\/?attachment_id=1013\" rel=\"attachment wp-att-1013\"><img loading=\"lazy\" decoding=\"async\" class=\"aligncenter size-full wp-image-1013\" title=\"Phat Ngoc\" alt=\"\" src=\"https:\/\/www.pagodethienminh.fr\/wp-content\/uploads\/2011\/06\/200x144-nho.jpg\" width=\"200\" height=\"144\" srcset=\"https:\/\/www.pagodethienminh.fr\/wp-content\/uploads\/2011\/06\/200x144-nho.jpg 200w, https:\/\/www.pagodethienminh.fr\/wp-content\/uploads\/2011\/06\/200x144-nho-150x108.jpg 150w\" sizes=\"auto, (max-width: 200px) 100vw, 200px\" \/><\/a><\/div>\n<div style=\"text-align: justify;\">Trong c\u00e1c sinh ho\u1ea1t hay nghi l\u1ec5 c\u1ee7a Ph\u1eadt gi\u00e1o, c\u00e1c h\u00ecnh t\u01b0\u1ee3ng ch\u01b0 Ph\u1eadt, ch\u01b0 B\u1ed3 T\u00e1t lu\u00f4n lu\u00f4n \u0111\u01b0\u1ee3c t\u00f4n tr\u00ed n\u01a1i trang nghi\u00eam thanh t\u1ecbnh nh\u1ea5t, \u0111\u1ec3\u00a0\u00a0m\u1ecdi ng\u01b0\u1eddi chi\u00eam ng\u01b0\u1ee1ng, l\u1ec5 b\u00e1i, c\u1ea7u nguy\u1ec7n v\u00e0 ph\u00e1t kh\u1edfi t\u00edn t\u00e2m.<\/div>\n<div style=\"text-align: justify;\">C\u00e1c h\u00ecnh t\u01b0\u1ee3ng \u0111\u01b0\u1ee3c l\u00e0m b\u1eb1ng b\u1ea5t c\u1ee9 v\u1eadt li\u1ec7u n\u00e0o, \u0111\u01a1n s\u01a1 nh\u01b0 g\u1ed5, \u0111\u00e1, xi m\u0103ng, th\u1ea1ch cao, hay qu\u00ed gi\u00e1 h\u01a1n nh\u01b0 v\u00e0ng, b\u1ea1c, \u0111\u1ed3ng, ng\u1ecdc th\u1ea1ch, \u0111\u00e1 qu\u00ed, kim c\u01b0\u01a1ng, c\u0169ng ch\u1ec9 c\u00f3 gi\u00e1 tr\u1ecb v\u1eadt ch\u1ea5t, gi\u00fap cho vi\u1ec7c h\u00e0nh l\u1ec5 \u0111\u01b0\u1ee3c long tr\u1ecdng, trang nghi\u00eam, gi\u00fap cho ng\u01b0\u1eddi tu theo Ph\u1eadt t\u0103ng tr\u01b0\u1edfng s\u1ee9c tinh t\u1ea5n tu t\u1eadp theo ch\u00e1nh \u0111\u1ea1o, h\u01b0\u1edbng t\u00edn t\u00e2m ban \u0111\u1ea7u theo ch\u00e1nh t\u00edn v\u00e0 ch\u00e1nh ki\u1ebfn.<\/div>\n<div style=\"text-align: justify;\">Gi\u00e1 tr\u1ecb tinh th\u1ea7n \u0111\u00edch th\u1ef1c ch\u00ednh l\u00e0\u00a0Gi\u00e1o Ph\u00e1p\u00a0c\u1ee7a \u0111\u1ee9c Ph\u1eadt.<\/div>\n<div style=\"text-align: justify;\">Ng\u01b0\u1eddi tu theo Ph\u1eadt n\u01b0\u01a1ng theo h\u00ecnh t\u01b0\u1ee3ng ch\u01b0 Ph\u1eadt, \u0111\u1ec3 l\u1ec5 b\u00e1i, c\u1ea7u nguy\u1ec7n, c\u00fang d\u01b0\u1eddng, ph\u00e1t t\u00edn t\u00e2m t\u00ecm hi\u1ec3u nh\u1eefng l\u1eddi d\u1ea1y c\u1ee7a \u0111\u1ee9c Ph\u1eadt \u0111\u1ec3 tu t\u1eadp v\u00e0 \u00e1p d\u1ee5ng v\u00e0o trong th\u1ef1c t\u1ebf \u0111\u1eddi s\u1ed1ng h\u00e0ng ng\u00e0y.<\/div>\n<div style=\"text-align: justify;\">Nh\u1edd \u0111\u00f3, ng\u01b0\u1eddi tu theo Ph\u1eadt m\u1edbi th\u1ea5y v\u00e0 c\u1ea3m nh\u1eadn \u0111\u01b0\u1ee3c ph\u00e1p v\u1ecb m\u1ea7u nhi\u1ec7m th\u1ef1c t\u1ebf c\u1ee7a ch\u00e1nh ph\u00e1p.\u00a0\u00a0T\u1eeb \u0111\u00f3, ng\u01b0\u1eddi tu theo Ph\u1eadt\u00a0ng\u1ed9 \u0111\u1ea1o, tho\u00e1t kh\u1ecfi c\u1ea3nh v\u00f4 minh, t\u00e0 ki\u1ebfn, m\u00ea t\u00edn, d\u1ecb \u0111oan, kh\u00f4ng c\u00f2n ng\u1ed9 \u0111\u1ed9c nh\u01b0 b\u1ea5y l\u00e2u nay.<\/div>\n<div style=\"text-align: justify;\">Ng\u01b0\u1eddi tu theo Ph\u1eadt khi \u0111\u00e3 khai m\u1edf \u0111\u01b0\u1ee3c tr\u00ed tu\u1ec7 b\u00e1t nh\u00e3, kh\u00e1c v\u1edbi tr\u00ed th\u1ee9c th\u1ebf gian, s\u1ebd th\u1ea5y gi\u00e1o l\u00fd \u0111\u1ea1o Ph\u1eadt r\u1ea5t h\u1eefu \u00edch cho \u0111\u1eddi s\u1ed1ng th\u1ef1c t\u1ebf c\u1ee7a m\u1ecdi ng\u01b0\u1eddi, gi\u00fap con ng\u01b0\u1eddi v\u01b0\u1ee3t qua \u0111\u01b0\u1ee3c nh\u1eefng phi\u1ec1n n\u00e3o v\u00e0 kh\u1ed5 \u0111au, kh\u00f4ng ph\u00e2n bi\u1ec7t l\u00e0 Ph\u1eadt t\u1eed hay kh\u00f4ng l\u00e0 Ph\u1eadt t\u1eed.<\/div>\n<div style=\"text-align: justify;\">N\u00f3i m\u1ed9t c\u00e1ch kh\u00e1c,\u00a0m\u1ed9t ng\u01b0\u1eddi kh\u00f4ng ph\u1ea3i l\u00e0 Ph\u1eadt t\u1eed,\u00a0kh\u00f4ng c\u1ea7n \u0111i \u0111\u1ebfn ch\u00f9a l\u1ec5 b\u00e1i th\u01b0\u1eddng xuy\u00ean, kh\u00f4ng c\u1ea7n ph\u1ea3i th\u1edd l\u1ea1y t\u01b0\u1ee3ng Ph\u1eadt, nh\u01b0ng lu\u00f4n lu\u00f4n th\u1ef1c h\u00e0nh l\u1eddi d\u1ea1y:<\/div>\n<div style=\"text-align: justify;\">1. Kh\u00f4ng l\u00e0m c\u00e1c \u0111i\u1ec1u \u00e1c.<\/div>\n<div style=\"text-align: justify;\">2. Si\u00eang l\u00e0m c\u00e1c \u0111i\u1ec1u thi\u1ec7n.<\/div>\n<div style=\"text-align: justify;\">3. Gi\u1eef t\u00e2m lu\u00f4n thanh t\u1ecbnh.<\/div>\n<div style=\"text-align: justify;\">Ng\u01b0\u1eddi n\u00e0y s\u1ebd s\u1ed1ng \u0111\u1eddi\u00a0an l\u1ea1c v\u00e0 h\u1ea1nh ph\u00fac.\u00a0Ti\u1ebfn th\u00eam b\u01b0\u1edbc n\u1eefa, s\u1ebd \u0111\u01b0\u1ee3cgi\u00e1c ng\u1ed9 v\u00e0 gi\u1ea3i tho\u00e1t.<\/div>\n<div style=\"text-align: justify;\">Cho n\u00ean, ch\u00fang ta c\u1ea7n ghi nh\u1edb: trong \u0111\u1ea1o Ph\u1eadt kh\u00f4ng c\u00f3 h\u00ecnh t\u01b0\u1ee3ng n\u00e0o g\u1ecdi l\u00e0 linh t\u01b0\u1ee3ng, theo ngh\u0129a linh thi\u00eang huy\u1ec1n b\u00ed, c\u1ea7u g\u00ec \u0111\u01b0\u1ee3c n\u1ea5y, c\u0169ng kh\u00f4ng c\u00f3 h\u00ecnh t\u01b0\u1ee3ng n\u00e0o g\u1ecdi l\u00e0 th\u00e1nh t\u01b0\u1ee3ng, theo ngh\u0129a c\u00e1c v\u1ecb th\u00e1nh l\u00e0 b\u1eadc b\u1ec1 tr\u00ean kh\u00f4ng ai \u0111\u1ea1t \u0111\u01b0\u1ee3c, chuy\u00ean ban ph\u01b0\u1edbc gi\u00e1ng h\u1ecda.<\/div>\n<div style=\"text-align: justify;\">Trong \u0111\u1ea1o Ph\u1eadt, ch\u1ec9 c\u00f3 t\u00f4n t\u01b0\u1ee3ng, theo ngh\u0129a h\u00ecnh t\u01b0\u1ee3ng \u0111\u1ec3 t\u00f4n th\u1edd, l\u1ec5 b\u00e1i, noi theo g\u01b0\u01a1ng tu h\u00e0nh v\u00e0 c\u00f4ng h\u1ea1nh cao qu\u00ed, \u0111\u00e1ng t\u00f4n k\u00ednh, \u0111\u1ec3 s\u1ed1ng \u0111\u1eddi v\u00e0 tu t\u1eadp \u0111\u00fang ch\u00e1nh ph\u00e1p, h\u00e0nh \u0111\u00fang ch\u00e1nh \u0111\u1ea1o, cu\u1ed1i c\u00f9ng l\u00e0 tr\u1ecdn th\u00e0nh Ph\u1eadt \u0111\u1ea1o. C\u0169ng c\u00f3 nh\u1eefng h\u00ecnh t\u01b0\u1ee3ng g\u1ecdi l\u00e0 b\u1ea3o t\u01b0\u1ee3ng, theo ngh\u0129a h\u00ecnh t\u01b0\u1ee3ng qu\u00ed b\u00e1u, v\u1eadt ch\u1ea5t v\u00e0 tinh th\u1ea7n, ho\u1eb7c c\u00f3 gi\u00e1 tr\u1ecb theo chi\u1ec1u d\u00e0i l\u1ecbch s\u1eed.<\/div>\n<div style=\"text-align: justify;\">Ch\u00fang ta n\u00ean bi\u1ebft: h\u00ecnh t\u01b0\u1ee3ng l\u00e0m b\u1eb1ng g\u1ed5, b\u1eb1ng th\u1ea1ch cao\u00a0\u00a0kh\u00f4ng ch\u1ecbu \u0111\u01b0\u1ee3c b\u00faa b\u1ed5; h\u00ecnh t\u01b0\u1ee3ng l\u00e0m b\u1eb1ng v\u00e0ng, \u0111\u1ed3ng, kh\u00f4ng ch\u1ecbu \u0111\u01b0\u1ee3c l\u1eeda thi\u00eau \u0111\u1ed1t. C\u00e1c h\u00ecnh t\u01b0\u1ee3ng d\u00f9 b\u1eb1ng v\u1eadt li\u1ec7u n\u00e0o c\u0169ng ch\u1ecbu qui lu\u1eadt v\u00f4 th\u01b0\u1eddng: th\u00e0nh, tr\u1ee5, ho\u1ea1i, di\u1ec7t.<\/div>\n<div style=\"text-align: justify;\">Trong Kinh Kim Cang, \u0111\u1ee9c Ph\u1eadt c\u00f3 d\u1ea1y:<\/div>\n<div style=\"text-align: justify;\">Ph\u00e0m s\u1edf h\u1eefu t\u01b0\u1edbng, giai th\u1ecb h\u01b0 v\u1ecdng.<\/div>\n<div style=\"text-align: justify;\">Ngh\u0129a l\u00e0: Tr\u00ean \u0111\u1eddi n\u00e0y, v\u1eadt g\u00ec c\u00f3 h\u00ecnh t\u01b0\u1edbng \u0111\u1ec1u l\u00e0 h\u01b0 v\u1ecdng, nay hi\u1ec7n h\u1eefu, mai m\u1ea5t \u0111i, kh\u00f4ng t\u1ed3n t\u1ea1i v\u0129nh vi\u1ec5n.<\/div>\n<div style=\"text-align: justify;\">Trong Kinh Kim Cang, \u0111\u1ee9c Ph\u1eadt c\u0169ng d\u1ea1y:<\/div>\n<div style=\"text-align: justify;\">Nh\u01b0\u1ee3c ki\u1ebfn ch\u01b0\u00a0\u00a0t\u01b0\u1edbng\u00a0phi t\u01b0\u1edbng,\u00a0t\u1ee9c ki\u1ebfn Nh\u01b0 Lai.<\/div>\n<div style=\"text-align: justify;\">Ngh\u0129a l\u00e0: Qua h\u00ecnh t\u01b0\u1edbng c\u00e1c t\u00f4n t\u01b0\u1ee3ng ch\u01b0 Ph\u1eadt, nh\u01b0ng kh\u00f4ng ch\u1ea5p t\u01b0\u1edbng Ph\u1eadt Ng\u1ecdc\u00a0\u00a0Ph\u1eadt v\u00e0ng, Ph\u1eadt \u0111\u1ed3ng, hay Ph\u1eadt g\u1ed7, ta m\u1edbi th\u1ea5y \u0111\u01b0\u1ee3c, ng\u1ed9 \u0111\u01b0\u1ee3c Ph\u1eadt T\u00e2m, Ph\u1eadt t\u00e1nh Nh\u01b0 Lai b\u1eb1ng tr\u00ed tu\u1ec7 b\u00e1t nh\u00e3.<\/div>\n<div style=\"text-align: justify;\">B\u1eb1ng nh\u01b0 m\u00ea t\u00edn ch\u1ea5p t\u01b0\u1edbng, d\u00f9 l\u00e0 t\u01b0\u1edbng Ph\u1eadt Ng\u1ecdc gi\u00e1 tr\u1ecb b\u1ea1c tri\u1ec7u, h\u1eadu qu\u1ea3 l\u00e0\u00a0ng\u1ed9 \u0111\u1ed9c\u00a0b\u1edfi hoa m\u1ea1n-\u0111\u00e0-la, hay \u00e1nh s\u00e1ng m\u1ea1n-\u0111\u00e0-la, h\u00e0o quang 5, 7 m\u00e0u, do c\u00e1c t\u00e0 s\u01b0 tuy\u00ean truy\u1ec1n b\u00e1 l\u00e1p, b\u00e1n rao t\u00e0 ph\u00e1p, h\u01b0\u1edfng danh thu l\u1ee3i.<\/div>\n<div style=\"text-align: justify;\">Ch\u00fang ta th\u1eed x\u00e9t qua v\u00e0i tr\u01b0\u1eddng h\u1ee3p sau:<\/div>\n<div style=\"text-align: justify;\">1. C\u00e1c h\u00ecnh t\u01b0\u1ee3ng Ph\u1eadt v\u0129 \u0111\u1ea1i, r\u1ea5t c\u1ed5 x\u01b0a \u1edf x\u1ee9 Afghanistan, \u0111\u01b0\u1ee3c \u0111i\u00eau kh\u1eafc d\u1ef1a theo tri\u1ec1n n\u00fai \u0111\u00e1, \u0111\u00e3 t\u1ed3n t\u1ea1i h\u00e0ng tr\u0103m n\u0103m, ng\u00e0n n\u0103m qua, nh\u01b0ng v\u00e0o n\u0103m 2001 ch\u00e1nh quy\u1ec1n Taliban \u0111\u00e3 d\u00f9ng b\u1ed9c ph\u00e1, \u0111\u1ea1i b\u00e1c ph\u00e1 h\u1ee7y ho\u00e0n to\u00e0n, m\u1eb7c d\u00f9 c\u00f3 l\u1eddi can thi\u1ec7p c\u1ee7a Li\u00ean Hi\u1ec7p Qu\u1ed1c, c\u0169ng nh\u01b0 l\u1eddi ph\u1ea3n kh\u00e1ng m\u1ea1nh m\u1ebd c\u1ee7a c\u00e1c qu\u1ed1c gia tr\u00ean th\u1ebf gi\u1edbi.<\/div>\n<div style=\"text-align: justify;\">2. C\u00e1c h\u00ecnh t\u01b0\u1ee3ng Ph\u1eadt \u0111\u01b0\u1ee3c coi l\u00e0 linh thi\u00eang \u0111\u01b0\u1ee3c th\u1edd trong c\u00e1c ng\u00f4i ch\u00f9a danh ti\u1ebfng c\u1ee7a Ph\u1eadt gi\u00e1o T\u00e2y T\u1ea1ng, \u0111\u01b0\u1ee3c bao nhi\u00eau ch\u1ee9c s\u1eafc, tu s\u0129 ng\u01b0\u1eddi T\u00e2y T\u1ea1ng, c\u0169ng nh\u01b0 kh\u00e1ch th\u1eadp ph\u01b0\u01a1ng, th\u1edd c\u00fang, l\u1ec5 b\u00e1i, nh\u01b0ng v\u1eabn b\u1ecb t\u00e0n ph\u00e1, h\u1ee7y ho\u1ea1i trong tr\u1eadn \u0111\u1ed9ng \u0111\u1ea5t khinh kh\u1ee7ng \u0111\u1ea7u n\u0103m 2010.<\/div>\n<div style=\"text-align: justify;\">3. T\u01b0\u1ee3ng Ph\u1eadt Ng\u1ecdc \u0111\u01b0\u1ee3c \u0111\u1eb7t t\u00ean l\u00e0 h\u00f2a b\u00ecnh th\u1ebf gi\u1edbi, h\u00ecnh th\u00e0nh do ng\u01b0\u1eddi T\u00e2y T\u1ea1ng v\u00e0 \u0111\u1ec7 t\u1eed ng\u01b0\u1eddi \u00dac n\u0103m 2009, \u0111\u01b0\u1ee3c \u0111em tri\u1ec3n l\u00e3m kh\u1eafp c\u00e1c n\u01a1i c\u00f3 ch\u00f9a ng\u01b0\u1eddi Vi\u1ec7t, g\u00e2y \u0111\u01b0\u1ee3c phong tr\u00e0o cung nghinh v\u00e0 chi\u00eam b\u00e1i trong gi\u1edbi Ph\u1eadt t\u1eed ng\u01b0\u1eddi Vi\u1ec7t v\u00e0 m\u1ed9t s\u1ed1 d\u00e2n c\u01b0 \u0111\u1ecba ph\u01b0\u01a1ng n\u01a1i tri\u1ec3n l\u00e3m.<\/div>\n<div style=\"text-align: justify;\">T\u01b0\u1ee3ng Ph\u1eadt Ng\u1ecdc n\u00e0y, tuy c\u00f3 gi\u00e1 tr\u1ecb v\u1eadt ch\u1ea5t h\u00e0ng tri\u1ec7u \u0111\u00f4 la, \u0111em l\u1ea1i t\u00edn t\u00e2m v\u00e0 ni\u1ec1m h\u1ef7 l\u1ea1c cho v\u00f4 s\u1ed1 ng\u01b0\u1eddi \u0111\u1ebfn chi\u00eam b\u00e1i, c\u1ea7u nguy\u1ec7n, nh\u01b0ng v\u1eabn c\u1ea7n s\u1ef1 b\u1ea3o v\u1ec7 c\u1ee7a con ng\u01b0\u1eddi, tr\u00e1nh s\u1ef1 ph\u00e1 ho\u1ea1i c\u1ee7a k\u1ebb gian. B\u1eb1ng c\u1edb l\u00e0 t\u01b0\u1ee3ng Ph\u1eadt Ng\u1ecdc \u0111\u01b0\u1ee3c tri\u1ec3n l\u00e3m n\u01a1i n\u00e0o, ch\u00f9a vi\u1ec7n ng\u01b0\u1eddi Vi\u1ec7t ph\u1ea3i,\u00a0d\u00f9ng ti\u1ec1n quy\u00ean g\u00f3p t\u1eeb Ph\u1eadt t\u1eed,\u00a0k\u00fd giao k\u00e8o thu\u00ea m\u01b0\u1edbn nh\u00e2n vi\u00ean an ninh (security gards) v\u00e0 mua b\u1ea3o hi\u1ec3m.<\/div>\n<div style=\"text-align: justify;\">Con ng\u01b0\u1eddi ph\u1ea3i b\u1ea3o v\u1ec7 t\u01b0\u1ee3ng Ph\u1eadt Ng\u1ecdc nh\u01b0 th\u1ebf, th\u00ec\u00a0t\u01b0\u1ee3ng Ph\u1eadt Ng\u1ecdc ch\u1ec9 c\u00f3 gi\u00e1 tr\u1ecb v\u1eadt ch\u1ea5t, ch\u1ee9 c\u00f3 linh thi\u00eang g\u00ec \u0111\u00e2u, c\u00f3 ai c\u1ea7u g\u00ec \u0111\u01b0\u1ee3c n\u1ea5y \u0111\u00e2u,\u00a0c\u00e1c ch\u00f9a vi\u1ec7n tri\u1ec3n l\u00e3m Ph\u1eadt Ng\u1ecdc c\u00f3 b\u00ecnh an, c\u00f3 kh\u00e1 h\u01a1n ch\u0103ng? &#8211; Hay l\u00e0 sau khi tri\u1ec3n l\u00e3m xong, c\u00e1c ch\u00f9a vi\u1ec7n ph\u1ea3i \u0111\u1ed1i di\u1ec7n v\u1edbi bao nhi\u00eau \u0111i\u1ec1u r\u1eafc r\u1ed1i, b\u1ea5t nh\u01b0 \u00fd, v\u1ec1 t\u00e0i ch\u00e1nh c\u0169ng nh\u01b0 nh\u00e2n s\u1ef1, ph\u1ea3i ng\u01b0ng sinh ho\u1ea1t t\u1ea5t c\u1ea3 c\u00e1c ban ng\u00e0nh, ph\u1ea3i s\u00e1m h\u1ed1i, thay \u0111\u1ed5i th\u1eddi kh\u00f3a bu\u1ed5i l\u1ec5 h\u00e0ng tu\u1ea7n \u0111\u00e3 quen 10 n\u0103m qua?<\/div>\n<div style=\"text-align: justify;\">T\u00f3m l\u1ea1i, ng\u01b0\u1eddi Ph\u1eadt t\u1eed ch\u00e2n ch\u00e1nh n\u00ean s\u1ed1ng v\u1edbi\u00a0Ph\u1eadt T\u00e2m,\u00a0n\u00ean c\u00f3\u00a0t\u00edn t\u00e2m\u00a0v\u00e0 th\u1ef1c h\u00e0nh\u00a0gi\u00e1o l\u00fd\u00a0th\u00e2m s\u00e2u vi di\u1ec7u c\u1ee7a \u0111\u1ea1o Ph\u1eadt trong \u0111\u1eddi s\u1ed1ng h\u00e0ng ng\u00e0y m\u00e0 th\u00f4i.\u00a0<span class=\"Apple-style-span\" style=\"font-size: 14px; line-height: 23px;\">Ngh\u0129a l\u00e0: Tr\u00ean \u0111\u1eddi n\u00e0y, v\u1eadt g\u00ec c\u00f3 h\u00ecnh t\u01b0\u1edbng \u0111\u1ec1u l\u00e0 h\u01b0 v\u1ecdng, nay hi\u1ec7n h\u1eefu, mai m\u1ea5t \u0111i, kh\u00f4ng t\u1ed3n t\u1ea1i v\u0129nh vi\u1ec5n.<\/span><\/div>\n<div style=\"text-align: justify;\">\n<div>\n<p>Trong Kinh Kim Cang, \u0111\u1ee9c Ph\u1eadt c\u0169ng d\u1ea1y:\u00a0<strong>Nh\u01b0\u1ee3c ki\u1ebfn ch\u01b0 t\u01b0\u1edbng phi t\u01b0\u1edbng, t\u1ee9c ki\u1ebfn Nh\u01b0 Lai.\u00a0<\/strong><strong>Ph\u00e0m s\u1edf h\u1eefu t\u01b0\u1edbng, giai th\u1ecb h\u01b0 v\u1ecdng.<\/strong><\/p>\n<\/div>\n<\/div>\n","protected":false},"excerpt":{"rendered":"<p>PH\u1eacT T\u00c2M &#8211; PH\u1eacT T\u01af\u1edaNG Trong c\u00e1c sinh ho\u1ea1t hay nghi l\u1ec5 c\u1ee7a Ph\u1eadt gi\u00e1o, c\u00e1c h\u00ecnh t\u01b0\u1ee3ng ch\u01b0 Ph\u1eadt, ch\u01b0 B\u1ed3 T\u00e1t lu\u00f4n lu\u00f4n \u2026 <a class=\"continue-reading-link\" href=\"https:\/\/www.pagodethienminh.fr\/?page_id=1012\">Continue \u00e0 lire <span class=\"meta-nav\">&rarr; <\/span><\/a><\/p>\n","protected":false},"author":1,"featured_media":0,"parent":1599,"menu_order":26,"comment_status":"closed","ping_status":"closed","template":"template-onecolumn.php","meta":{"_mc_calendar":[],"footnotes":""},"class_list":["post-1012","page","type-page","status-publish","hentry"],"_links":{"self":[{"href":"https:\/\/www.pagodethienminh.fr\/index.php?rest_route=\/wp\/v2\/pages\/1012","targetHints":{"allow":["GET"]}}],"collection":[{"href":"https:\/\/www.pagodethienminh.fr\/index.php?rest_route=\/wp\/v2\/pages"}],"about":[{"href":"https:\/\/www.pagodethienminh.fr\/index.php?rest_route=\/wp\/v2\/types\/page"}],"author":[{"embeddable":true,"href":"https:\/\/www.pagodethienminh.fr\/index.php?rest_route=\/wp\/v2\/users\/1"}],"replies":[{"embeddable":true,"href":"https:\/\/www.pagodethienminh.fr\/index.php?rest_route=%2Fwp%2Fv2%2Fcomments&post=1012"}],"version-history":[{"count":10,"href":"https:\/\/www.pagodethienminh.fr\/index.php?rest_route=\/wp\/v2\/pages\/1012\/revisions"}],"predecessor-version":[{"id":1801,"href":"https:\/\/www.pagodethienminh.fr\/index.php?rest_route=\/wp\/v2\/pages\/1012\/revisions\/1801"}],"up":[{"embeddable":true,"href":"https:\/\/www.pagodethienminh.fr\/index.php?rest_route=\/wp\/v2\/pages\/1599"}],"wp:attachment":[{"href":"https:\/\/www.pagodethienminh.fr\/index.php?rest_route=%2Fwp%2Fv2%2Fmedia&parent=1012"}],"curies":[{"name":"wp","href":"https:\/\/api.w.org\/{rel}","templated":true}]}}